09-16 12:01:16.430 1777 2219 I chatty : uid=1001(radio) /system/bin/rild expire 14 lines
09-16 12:01:16.443 1777 1791 I chatty : uid=1001(radio) /system/bin/rild expire 19 lines
09-16 12:01:16.443 2771 2862 I chatty : uid=1001(radio) RILReceiver1 expire 5 lines
09-16 12:01:16.444 1777 2220 I chatty : uid=1001(radio) /system/bin/rild expire 8 lines
09-16 12:01:16.445 2771 2771 I chatty : uid=1001(radio) com.android.phone expire 70 lines
09-16 12:01:16.447 2089 2732 D TelephonyRegistry: notifySignalStrengthForSubscriber: invalid phoneId=-1
09-16 12:01:16.510 1771 14597 I chatty : uid=1001(radio) /system/bin/rild expire 6 lines
09-16 12:01:16.510 1771 14596 I chatty : uid=1001(radio) /system/bin/rild expire 18 lines
09-16 12:01:16.519 1771 14590 I chatty : uid=1001(radio) /system/bin/rild expire 34 lines
09-16 12:01:16.519 2771 2848 I chatty : uid=1001(radio) RILReceiver0 expire 8 lines
09-16 12:01:16.520 1771 1789 I chatty : uid=1001(radio) /system/bin/rild expire 44 lines
09-16 12:01:16.521 1771 14594 I chatty : uid=1001(radio) /system/bin/rild expire 6 lines
09-16 12:01:16.521 1771 14591 I chatty : uid=1001(radio) /system/bin/rild expire 9 lines
09-16 12:01:16.526 1771 14595 I chatty : uid=1001(radio) /system/bin/rild expire 4 lines
09-16 12:01:16.638 2089 2215 D TelephonyRegistry: notifyCellLocationForSubscriber: subId=1 cellLocation=Bundle[mParcelledData.dataSize=64]
09-16 12:01:18.390 1777 2225 I chatty : uid=1001(radio) /system/bin/rild expire 5 lines
09-16 12:01:18.405 1777 2226 I chatty : uid=1001(radio) /system/bin/rild expire 1 line
09-16 12:01:20.927 2771 9576 I chatty : uid=1001(radio) Binder_9 expire 1 line
09-16 12:01:40.425 2771 26948 I chatty : uid=1001(radio) Binder_8 expire 2 lines
09-16 12:04:58.387 2771 3222 I chatty : uid=1001(radio) Binder_5 expire 1 line
09-16 12:06:25.212 2771 2786 I chatty : uid=1001(radio) Binder_2 expire 5 lines
09-16 12:07:28.396 1771 14590 I chatty : uid=1001(radio) /system/bin/rild expire 18 lines
09-16 12:07:28.397 2771 2848 I chatty : uid=1001(radio) RILReceiver0 expire 10 lines
09-16 12:07:28.397 1777 2226 I chatty : uid=1001(radio) /system/bin/rild expire 4 lines
09-16 12:07:28.397 1777 2225 I chatty : uid=1001(radio) /system/bin/rild expire 5 lines
09-16 12:07:28.397 1777 2219 I chatty : uid=1001(radio) /system/bin/rild expire 14 lines
09-16 12:07:28.397 2771 2862 I chatty : uid=1001(radio) RILReceiver1 expire 5 lines
09-16 12:07:28.400 1771 14591 I chatty : uid=1001(radio) /system/bin/rild expire 4 lines
09-16 12:07:28.404 2771 2771 I chatty : uid=1001(radio) com.android.phone expire 78 lines
09-16 12:07:28.407 1777 1791 I chatty : uid=1001(radio) /system/bin/rild expire 19 lines
09-16 12:07:28.411 1777 2220 I chatty : uid=1001(radio) /system/bin/rild expire 7 lines
09-16 12:07:28.414 2089 2215 D TelephonyRegistry: notifySignalStrengthForSubscriber: invalid phoneId=-1
09-16 12:07:28.462 1771 14595 I chatty : uid=1001(radio) /system/bin/rild expire 5 lines
09-16 12:07:28.495 1771 14594 I chatty : uid=1001(radio) /system/bin/rild expire 6 lines
09-16 12:07:28.505 2089 10262 D TelephonyRegistry: notifyCellLocationForSubscriber: subId=1 cellLocation=Bundle[mParcelledData.dataSize=64]
09-16 12:07:30.320 1771 14597 I chatty : uid=1001(radio) /system/bin/rild expire 14 lines
09-16 12:07:31.824 2089 2378 D TelephonyRegistry: notifySignalStrengthForSubscriber: invalid phoneId=-1
09-16 12:07:32.069 2771 9806 I chatty : uid=1001(radio) Binder_7 expire 7 lines
09-16 12:07:32.324 1771 1789 I chatty : uid=1001(radio) /system/bin/rild expire 29 lines
09-16 12:07:32.510 2089 2757 D SubscriptionManager: getSimStateForSubscriber: simState=5 slotIdx=0
09-16 12:07:32.512 2771 2900 I chatty : uid=1001(radio) DcHandlerThread expire 9 lines
09-16 12:07:32.529 2771 26948 I chatty : uid=1001(radio) Binder_8 expire 6 lines
09-16 12:07:32.533 2771 3107 I chatty : uid=1001(radio) Binder_4 expire 3 lines
09-16 12:07:32.539 2089 2765 D TelephonyRegistry: Notify data connection state changed on sub: 1
09-16 12:07:32.539 2089 2765 D TelephonyRegistry: Notify data connection state changed on sub: 1
09-16 12:07:32.546 2089 2382 D TelephonyRegistry: notifyCellLocationForSubscriber: subId=1 cellLocation=Bundle[mParcelledData.dataSize=64]
09-16 12:07:32.579 2771 2783 I chatty : uid=1001(radio) Binder_1 expire 1 line
09-16 12:07:32.586 2771 3222 I chatty : uid=1001(radio) Binder_5 expire 1 line
09-16 12:07:32.599 2771 9576 I chatty : uid=1001(radio) Binder_9 expire 1 line
09-16 12:07:32.615 2771 3295 I chatty : uid=1001(radio) Binder_6 expire 1 line
09-16 12:07:32.621 2771 3089 I chatty : uid=1001(radio) Binder_3 expire 11 lines
09-16 12:07:32.632 1771 1789 I chatty : uid=1001(radio) /system/bin/rild expire 81 lines
09-16 12:07:32.632 2771 2848 I chatty : uid=1001(radio) RILReceiver0 expire 16 lines
09-16 12:07:32.637 2771 20292 I chatty : uid=1001(radio) Binder_A expire 7 lines
09-16 12:07:32.647 2771 2783 I chatty : uid=1001(radio) Binder_1 expire 11 lines
09-16 12:07:32.652 2771 3222 I chatty : uid=1001(radio) Binder_5 expire 6 lines
09-16 12:07:32.663 2771 2786 I chatty : uid=1001(radio) Binder_2 expire 7 lines
09-16 12:07:32.668 2771 26948 I chatty : uid=1001(radio) Binder_8 expire 12 lines
09-16 12:07:32.674 2771 9576 I chatty : uid=1001(radio) Binder_9 expire 6 lines
09-16 12:07:32.682 2771 4805 I chatty : uid=1001(radio) Binder_B expire 11 lines
09-16 12:07:32.691 2771 9806 I chatty : uid=1001(radio) Binder_7 expire 7 lines
09-16 12:07:32.698 2771 3295 I chatty : uid=1001(radio) Binder_6 expire 10 lines
09-16 12:07:32.714 2771 3107 I chatty : uid=1001(radio) Binder_4 expire 10 lines
09-16 12:07:32.716 1771 14604 I chatty : uid=1001(radio) /system/bin/rild expire 6 lines
09-16 12:07:32.719 1771 14605 I chatty : uid=1001(radio) /system/bin/rild expire 2 lines
09-16 12:07:34.480 1771 14597 I chatty : uid=1001(radio) /system/bin/rild expire 26 lines
09-16 12:07:34.481 2771 2771 I chatty : uid=1001(radio) com.android.phone expire 17 lines
09-16 12:07:46.159 1771 14594 I chatty : uid=1001(radio) /system/bin/rild expire 6 lines
09-16 12:07:46.161 1771 14595 I chatty : uid=1001(radio) /system/bin/rild expire 3 lines
09-16 12:07:46.163 1771 14590 I chatty : uid=1001(radio) /system/bin/rild expire 4 lines
09-16 12:07:46.165 1771 14591 I chatty : uid=1001(radio) /system/bin/rild expire 2 lines
09-16 12:07:57.551 1771 1789 I chatty : uid=1001(radio) /system/bin/rild expire 71 lines
09-16 12:07:57.551 2771 2771 I chatty : uid=1001(radio) com.android.phone expire 40 lines
09-16 12:07:57.552 2771 2848 I chatty : uid=1001(radio) RILReceiver0 expire 15 lines
09-16 12:07:57.554 1771 14590 I chatty : uid=1001(radio) /system/bin/rild expire 4 lines
09-16 12:07:57.555 1771 14595 I chatty : uid=1001(radio) /system/bin/rild expire 3 lines
09-16 12:07:57.659 1771 14594 I chatty : uid=1001(radio) /system/bin/rild expire 2 lines
09-16 12:07:57.680 2089 10262 D SubscriptionManager: getSimStateForSubscriber: simState=5 slotIdx=0
09-16 12:07:57.684 2771 2900 I chatty : uid=1001(radio) DcHandlerThread expire 9 lines
09-16 12:07:57.713 2771 3107 I chatty : uid=1001(radio) Binder_4 expire 17 lines
09-16 12:07:57.718 2771 20292 I chatty : uid=1001(radio) Binder_A expire 8 lines
09-16 12:07:57.726 2089 10262 D TelephonyRegistry: Notify data connection state changed on sub: 1
09-16 12:07:57.726 2089 10262 D TelephonyRegistry: Notify data connection state changed on sub: 1
09-16 12:07:57.730 2771 9806 I chatty : uid=1001(radio) Binder_7 expire 11 lines
09-16 12:07:57.750 2771 2783 I chatty : uid=1001(radio) Binder_1 expire 13 lines
09-16 12:07:57.759 2771 2786 I chatty : uid=1001(radio) Binder_2 expire 7 lines
09-16 12:07:57.763 2771 4805 I chatty : uid=1001(radio) Binder_B expire 7 lines
09-16 12:07:57.772 2771 3089 I chatty : uid=1001(radio) Binder_3 expire 7 lines
09-16 12:07:57.794 2771 3222 I chatty : uid=1001(radio) Binder_5 expire 11 lines
09-16 12:07:57.809 2771 26948 I chatty : uid=1001(radio) Binder_8 expire 7 lines
09-16 12:07:57.849 2771 3295 I chatty : uid=1001(radio) Binder_6 expire 6 lines
09-16 12:07:57.851 1771 14597 I chatty : uid=1001(radio) /system/bin/rild expire 4 lines
09-16 12:07:57.859 2771 9576 I chatty : uid=1001(radio) Binder_9 expire 8 lines
09-16 12:07:57.891 1771 14604 I chatty : uid=1001(radio) /system/bin/rild expire 3 lines
09-16 12:07:57.894 1771 14605 I chatty : uid=1001(radio) /system/bin/rild expire 3 lines
09-16 12:07:57.981 2771 9576 I chatty : uid=1001(radio) Binder_9 expire 13 lines
09-16 12:07:57.991 2771 4805 I chatty : uid=1001(radio) Binder_B expire 13 lines
09-16 12:07:58.002 2771 20292 I chatty : uid=1001(radio) Binder_A expire 8 lines
09-16 12:07:58.012 1771 1789 I chatty : uid=1001(radio) /system/bin/rild expire 72 lines
09-16 12:07:58.012 1771 14604 I chatty : uid=1001(radio) /system/bin/rild expire 6 lines
09-16 12:07:58.012 2771 2786 I chatty : uid=1001(radio) Binder_2 expire 11 lines
09-16 12:07:59.852 2771 2848 I chatty : uid=1001(radio) RILReceiver0 expire 14 lines
09-16 12:07:59.853 2771 2771 I chatty : uid=1001(radio) com.android.phone expire 43 lines
09-16 12:07:59.855 1771 14594 I chatty : uid=1001(radio) /system/bin/rild expire 4 lines
09-16 12:07:59.861 1771 14590 I chatty : uid=1001(radio) /system/bin/rild expire 4 lines
09-16 12:07:59.972 1771 14595 I chatty : uid=1001(radio) /system/bin/rild expire 3 lines
09-16 12:07:59.972 1771 14591 I chatty : uid=1001(radio) /system/bin/rild expire 1 line
09-16 12:08:00.088 2089 2378 D SubscriptionManager: getSimStateForSubscriber: simState=5 slotIdx=0
09-16 12:08:00.089 2771 2900 I chatty : uid=1001(radio) DcHandlerThread expire 9 lines
09-16 12:08:00.115 2089 2382 D TelephonyRegistry: Notify data connection state changed on sub: 1
09-16 12:08:00.116 2089 2382 D TelephonyRegistry: Notify data connection state changed on sub: 1
09-16 12:08:00.120 2771 26948 I chatty : uid=1001(radio) Binder_8 expire 9 lines
09-16 12:08:00.125 2771 9806 I chatty : uid=1001(radio) Binder_7 expire 8 lines
09-16 12:08:00.151 2771 3295 I chatty : uid=1001(radio) Binder_6 expire 7 lines
09-16 12:08:00.155 2771 2783 I chatty : uid=1001(radio) Binder_1 expire 11 lines
09-16 12:08:00.165 2771 3222 I chatty : uid=1001(radio) Binder_5 expire 4 lines
09-16 12:08:00.196 2771 3089 I chatty : uid=1001(radio) Binder_3 expire 7 lines
09-16 12:08:00.213 2771 3107 I chatty : uid=1001(radio) Binder_4 expire 11 lines
09-16 12:08:00.365 1771 1789 I chatty : uid=1001(radio) /system/bin/rild expire 16 lines
09-16 12:08:00.366 2771 2848 I chatty : uid=1001(radio) RILReceiver0 expire 5 lines
09-16 12:08:00.370 2771 26948 I chatty : uid=1001(radio) Binder_8 expire 39 lines
09-16 12:08:00.378 2771 2786 I chatty : uid=1001(radio) Binder_2 expire 6 lines
09-16 12:08:00.383 2771 3089 I chatty : uid=1001(radio) Binder_3 expire 5 lines
09-16 12:08:00.407 2771 4805 I chatty : uid=1001(radio) Binder_B expire 5 lines
09-16 12:08:00.409 1771 14604 I chatty : uid=1001(radio) /system/bin/rild expire 3 lines
09-16 12:08:00.412 1771 14605 I chatty : uid=1001(radio) /system/bin/rild expire 1 line
09-16 12:08:00.430 2771 9806 I chatty : uid=1001(radio) Binder_7 expire 6 lines
09-16 12:08:00.442 2771 3295 I chatty : uid=1001(radio) Binder_6 expire 5 lines
09-16 12:08:00.454 2771 2783 I chatty : uid=1001(radio) Binder_1 expire 5 lines
09-16 12:08:00.769 2771 2771 I chatty : uid=1001(radio) com.android.phone expire 44 lines
09-16 12:08:00.777 1771 14596 I chatty : uid=1001(radio) /system/bin/rild expire 4 lines
09-16 12:08:00.779 1771 14597 I chatty : uid=1001(radio) /system/bin/rild expire 29 lines
09-16 12:08:00.782 1777 1791 I chatty : uid=1001(radio) /system/bin/rild expire 21 lines
09-16 12:08:00.782 2771 2862 I chatty : uid=1001(radio) RILReceiver1 expire 4 lines
09-16 12:08:00.783 1777 2225 I chatty : uid=1001(radio) /system/bin/rild expire 3 lines
09-16 12:08:00.798 1777 2226 I chatty : uid=1001(radio) /system/bin/rild expire 10 lines
09-16 12:11:05.657 2771 9576 I chatty : uid=1001(radio) Binder_9 expire 33 lines
09-16 12:20:34.166 2771 20292 I chatty : uid=1001(radio) Binder_A expire 2 lines
09-16 12:20:34.181 2771 3222 I chatty : uid=1001(radio) Binder_5 expire 2 lines
09-16 12:23:11.156 1777 2219 I chatty : uid=1001(radio) /system/bin/rild expire 20 lines
09-16 12:23:11.157 1777 1791 I chatty : uid=1001(radio) /system/bin/rild expire 23 lines
09-16 12:23:11.162 1777 2220 I chatty : uid=1001(radio) /system/bin/rild expire 12 lines
09-16 12:23:11.165 2771 2862 I chatty : uid=1001(radio) RILReceiver1 expire 7 lines
09-16 12:23:11.165 2771 2771 I chatty : uid=1001(radio) com.android.phone expire 141 lines
09-16 12:23:11.179 2771 9576 I chatty : uid=1001(radio) Binder_9 expire 8 lines
09-16 12:23:11.184 2771 20292 I chatty : uid=1001(radio) Binder_A expire 8 lines
09-16 12:23:11.186 2771 3107 I chatty : uid=1001(radio) Binder_4 expire 4 lines
09-16 12:23:11.196 2089 10262 D SubscriptionManager: getSimStateForSubscriber: simState=5 slotIdx=0
09-16 12:23:11.201 2771 3089 I chatty : uid=1001(radio) Binder_3 expire 5 lines
09-16 12:23:11.202 2324 2324 D SubscriptionManager: getSimStateForSubscriber: simState=5 slotIdx=0
09-16 12:23:11.281 2771 8865 I chatty : uid=1001(radio) com.android.phone expire 4 lines
09-16 12:23:16.152 1777 2226 I chatty : uid=1001(radio) /system/bin/rild expire 9 lines
09-16 12:23:16.231 2089 2788 D SubscriptionManager: getSimStateForSubscriber: simState=5 slotIdx=0
09-16 12:23:16.239 2771 2786 I chatty : uid=1001(radio) Binder_2 expire 1 line
09-16 12:23:16.239 2324 2324 D SubscriptionManager: getSimStateForSubscriber: simState=5 slotIdx=0
09-16 12:23:16.328 2771 8866 I chatty : uid=1001(radio) com.android.phone expire 4 lines
09-16 12:23:44.142 1771 14597 I chatty : uid=1001(radio) /system/bin/rild expire 23 lines
09-16 12:23:44.143 2771 2848 I chatty : uid=1001(radio) RILReceiver0 expire 11 lines
09-16 12:23:44.144 2771 2771 I chatty : uid=1001(radio) com.android.phone expire 120 lines
09-16 12:23:44.146 1771 1789 I chatty : uid=1001(radio) /system/bin/rild expire 36 lines
09-16 12:23:44.148 1771 14590 I chatty : uid=1001(radio) /system/bin/rild expire 29 lines
09-16 12:23:44.152 1771 14591 I chatty : uid=1001(radio) /system/bin/rild expire 5 lines
09-16 12:23:44.196 2771 3107 I chatty : uid=1001(radio) Binder_4 expire 10 lines
09-16 12:23:44.198 2771 3089 I chatty : uid=1001(radio) Binder_3 expire 9 lines
09-16 12:23:44.209 2771 20292 I chatty : uid=1001(radio) Binder_A expire 4 lines
09-16 12:23:44.224 2089 2790 D SubscriptionManager: getSimStateForSubscriber: simState=5 slotIdx=0
09-16 12:23:44.229 2771 2900 I chatty : uid=1001(radio) DcHandlerThread expire 3 lines
09-16 12:23:44.242 2771 4805 I chatty : uid=1001(radio) Binder_B expire 5 lines
09-16 12:23:44.248 2324 2324 D SubscriptionManager: getSimStateForSubscriber: simState=5 slotIdx=0
09-16 12:23:44.255 2771 2786 I chatty : uid=1001(radio) Binder_2 expire 2 lines
09-16 12:23:44.258 2089 2713 D TelephonyRegistry: Notify data connection state changed on sub: 1
09-16 12:23:44.258 2089 2713 D TelephonyRegistry: Notify data connection state changed on sub: 1
09-16 12:23:44.262 2089 10262 D TelephonyRegistry: notifyCellLocationForSubscriber: subId=1 cellLocation=Bundle[mParcelledData.dataSize=64]
09-16 12:23:44.277 2771 2783 I chatty : uid=1001(radio) Binder_1 expire 1 line
09-16 12:23:44.284 2771 9806 I chatty : uid=1001(radio) Binder_7 expire 1 line
09-16 12:23:44.362 2771 9576 I chatty : uid=1001(radio) Binder_9 expire 1 line
09-16 12:23:44.383 2771 26948 I chatty : uid=1001(radio) Binder_8 expire 1 line
09-16 12:23:44.385 2324 3233 D SubscriptionManager: getSimStateForSubscriber: simState=5 slotIdx=0
09-16 12:23:44.391 2771 8873 I chatty : uid=1001(radio) com.android.phone expire 4 lines
09-16 12:23:44.427 2771 2979 I chatty : uid=1001(radio) DcSwitchStateMa expire 1 line
09-16 12:23:44.463 2771 2771 I chatty : uid=1001(radio) com.android.phone expire 22 lines
09-16 12:24:44.581 1771 14591 I chatty : uid=1001(radio) /system/bin/rild expire 4 lines
09-16 12:24:44.581 1771 14589 I chatty : uid=1001(radio) /system/bin/rild expire 4 lines
09-16 12:24:44.581 1771 14597 I chatty : uid=1001(radio) /system/bin/rild expire 4 lines
09-16 12:24:44.583 1771 14593 I chatty : uid=1001(radio) /system/bin/rild expire 4 lines
09-16 12:24:44.583 1771 1852 I chatty : uid=1001(radio) /system/bin/rild expire 44 lines
09-16 12:24:44.583 1771 14595 I chatty : uid=1001(radio) /system/bin/rild expire 4 lines
09-16 12:24:44.583 1771 14601 I chatty : uid=1001(radio) /system/bin/rild expire 1 line
09-16 12:24:44.584 1771 14605 I chatty : uid=1001(radio) /system/bin/rild expire 1 line
09-16 12:24:44.584 1771 14613 I chatty : uid=1001(radio) /system/bin/rild expire 1 line
09-16 12:24:44.584 1771 14615 I chatty : uid=1001(radio) /system/bin/rild expire 1 line
09-16 12:24:44.586 2771 2848 I chatty : uid=1001(radio) RILReceiver0 expire 8 lines
09-16 12:24:44.587 1771 14599 I chatty : uid=1001(radio) /system/bin/rild expire 1 line
09-16 12:24:44.587 1771 14611 I chatty : uid=1001(radio) /system/bin/rild expire 1 line
09-16 12:24:44.587 1771 14603 I chatty : uid=1001(radio) /system/bin/rild expire 1 line
09-16 12:24:44.588 1771 14609 I chatty : uid=1001(radio) /system/bin/rild expire 1 line
09-16 12:24:44.588 1771 14607 I chatty : uid=1001(radio) /system/bin/rild expire 1 line
09-16 12:24:44.588 2771 2900 I chatty : uid=1001(radio) DcHandlerThread expire 16 lines
09-16 12:24:44.590 1771 8876 I chatty : uid=1001(radio) /system/bin/rild expire 33 lines
09-16 12:24:44.591 1771 14590 I chatty : uid=1001(radio) /system/bin/rild expire 2 lines
09-16 12:24:44.591 1771 14596 I chatty : uid=1001(radio) /system/bin/rild expire 2 lines
09-16 12:24:44.591 1771 14604 I chatty : uid=1001(radio) /system/bin/rild expire 2 lines
09-16 12:24:44.592 1771 14594 I chatty : uid=1001(radio) /system/bin/rild expire 2 lines
09-16 12:24:44.592 1771 14606 I chatty : uid=1001(radio) /system/bin/rild expire 2 lines
09-16 12:24:44.592 1771 14600 I chatty : uid=1001(radio) /system/bin/rild expire 2 lines
09-16 12:24:44.593 1771 14598 I chatty : uid=1001(radio) /system/bin/rild expire 2 lines
09-16 12:24:44.593 1771 14592 I chatty : uid=1001(radio) /system/bin/rild expire 2 lines
09-16 12:24:44.593 1771 14588 I chatty : uid=1001(radio) /system/bin/rild expire 2 lines
09-16 12:24:44.593 1771 14614 I chatty : uid=1001(radio) /system/bin/rild expire 2 lines
09-16 12:24:44.593 1771 14612 I chatty : uid=1001(radio) /system/bin/rild expire 2 lines
09-16 12:24:44.594 1771 14602 I chatty : uid=1001(radio) /system/bin/rild expire 2 lines
09-16 12:24:44.594 1771 14608 I chatty : uid=1001(radio) /system/bin/rild expire 2 lines
09-16 12:24:44.594 1771 14610 I chatty : uid=1001(radio) /system/bin/rild expire 2 lines
09-16 12:24:44.602 2089 4319 D SubscriptionManager: getSimStateForSubscriber: simState=5 slotIdx=0
09-16 12:24:44.607 2771 2771 I chatty : uid=1001(radio) com.android.phone expire 50 lines
09-16 12:24:44.612 2771 2786 I chatty : uid=1001(radio) Binder_2 expire 1 line
09-16 12:24:44.619 1771 1789 I chatty : uid=1001(radio) /system/bin/rild expire 6 lines
09-16 12:24:44.621 2771 9576 I chatty : uid=1001(radio) Binder_9 expire 4 lines
09-16 12:24:44.622 2771 26948 I chatty : uid=1001(radio) Binder_8 expire 7 lines
09-16 12:24:44.641 2771 9806 I chatty : uid=1001(radio) Binder_7 expire 1 line
09-16 12:24:44.645 2771 3222 I chatty : uid=1001(radio) Binder_5 expire 2 lines
09-16 12:24:44.653 2771 20292 I chatty : uid=1001(radio) Binder_A expire 2 lines
09-16 12:24:44.664 2771 3107 I chatty : uid=1001(radio) Binder_4 expire 2 lines
09-16 12:24:44.689 1771 8876 I chatty : uid=1001(radio) /system/bin/rild expire 82 lines
09-16 12:24:44.695 2771 2771 I chatty : uid=1001(radio) com.android.phone expire 142 lines
09-16 12:24:44.719 2771 3222 I chatty : uid=1001(radio) Binder_5 expire 1 line
09-16 12:24:44.752 2771 2783 I chatty : uid=1001(radio) Binder_1 expire 4 lines
09-16 12:24:44.753 1771 1789 I chatty : uid=1001(radio) /system/bin/rild expire 18 lines
09-16 12:24:44.754 2771 2848 I chatty : uid=1001(radio) RILReceiver0 expire 3 lines
09-16 12:24:44.793 2771 14627 I chatty : uid=1001(radio) com.android.phone expire 11 lines
09-16 12:24:44.794 2771 2771 I chatty : uid=1001(radio) com.android.phone expire 32 lines
09-16 12:24:48.095 1771 1852 I chatty : uid=1001(radio) /system/bin/rild expire 11 lines
09-16 12:24:48.096 1771 8913 I chatty : uid=1001(radio) /system/bin/rild expire 38 lines
09-16 12:24:48.096 2771 2848 I chatty : uid=1001(radio) RILReceiver0 expire 8 lines
09-16 12:24:48.099 2771 2900 I chatty : uid=1001(radio) DcHandlerThread expire 9 lines
09-16 12:24:48.100 1771 1789 I chatty : uid=1001(radio) /system/bin/rild expire 12 lines
09-16 12:25:06.271 1771 8968 I chatty : uid=1001(radio) /system/bin/rild expire 88 lines
09-16 12:25:06.355 1771 8972 I chatty : uid=1001(radio) /system/bin/rild expire 2 lines
09-16 12:25:06.355 1771 8971 I chatty : uid=1001(radio) /system/bin/rild expire 2 lines
09-16 12:25:06.357 1771 8976 I chatty : uid=1001(radio) /system/bin/rild expire 2 lines
09-16 12:25:06.357 1771 8975 I chatty : uid=1001(radio) /system/bin/rild expire 2 lines
09-16 12:25:06.357 1771 8974 I chatty : uid=1001(radio) /system/bin/rild expire 2 lines
09-16 12:25:06.357 1771 8973 I chatty : uid=1001(radio) /system/bin/rild expire 2 lines
09-16 12:25:06.357 1771 8977 I chatty : uid=1001(radio) /system/bin/rild expire 2 lines
09-16 12:25:06.358 1771 8978 I chatty : uid=1001(radio) /system/bin/rild expire 2 lines
09-16 12:25:06.358 1771 8979 I chatty : uid=1001(radio) /system/bin/rild expire 2 lines
09-16 12:25:06.358 1771 8980 I chatty : uid=1001(radio) /system/bin/rild expire 2 lines
09-16 12:25:06.359 1771 8981 I chatty : uid=1001(radio) /system/bin/rild expire 2 lines
09-16 12:25:06.359 1771 8982 I chatty : uid=1001(radio) /system/bin/rild expire 2 lines
09-16 12:25:06.359 1771 8983 I chatty : uid=1001(radio) /system/bin/rild expire 2 lines
09-16 12:25:06.359 1771 8984 I chatty : uid=1001(radio) /system/bin/rild expire 2 lines
09-16 12:25:06.359 1771 8986 I chatty : uid=1001(radio) /system/bin/rild expire 2 lines
09-16 12:25:06.359 1771 8985 I chatty : uid=1001(radio) /system/bin/rild expire 2 lines
09-16 12:25:06.360 1771 8987 I chatty : uid=1001(radio) /system/bin/rild expire 2 lines
09-16 12:25:06.360 1771 8990 I chatty : uid=1001(radio) /system/bin/rild expire 2 lines
09-16 12:25:06.361 1771 8988 I chatty : uid=1001(radio) /system/bin/rild expire 2 lines
09-16 12:25:06.361 1771 8989 I chatty : uid=1001(radio) /system/bin/rild expire 2 lines
09-16 12:25:06.361 1771 8991 I chatty : uid=1001(radio) /system/bin/rild expire 2 lines
09-16 12:25:06.361 1771 8992 I chatty : uid=1001(radio) /system/bin/rild expire 2 lines
09-16 12:25:06.361 1771 8994 I chatty : uid=1001(radio) /system/bin/rild expire 2 lines
09-16 12:25:06.362 1771 8993 I chatty : uid=1001(radio) /system/bin/rild expire 2 lines
09-16 12:25:06.362 1771 8995 I chatty : uid=1001(radio) /system/bin/rild expire 2 lines
09-16 12:25:06.362 1771 8996 I chatty : uid=1001(radio) /system/bin/rild expire 2 lines
09-16 12:25:06.363 1771 8997 I chatty : uid=1001(radio) /system/bin/rild expire 2 lines
09-16 12:25:06.363 1771 8998 I chatty : uid=1001(radio) /system/bin/rild expire 3 lines
09-16 12:25:06.363 1771 8968 I chatty : uid=1001(radio) /system/bin/rild expire 175 lines
09-16 12:25:06.394 1771 8971 I chatty : uid=1001(radio) /system/bin/rild expire 5 lines
09-16 12:25:06.405 1771 8973 I chatty : uid=1001(radio) /system/bin/rild expire 5 lines
09-16 12:25:06.420 1771 8975 I chatty : uid=1001(radio) /system/bin/rild expire 5 lines
09-16 12:25:06.433 1771 8977 I chatty : uid=1001(radio) /system/bin/rild expire 5 lines
09-16 12:25:06.444 1771 8979 I chatty : uid=1001(radio) /system/bin/rild expire 5 lines
09-16 12:25:06.460 1771 8981 I chatty : uid=1001(radio) /system/bin/rild expire 5 lines
09-16 12:25:06.474 1771 8983 I chatty : uid=1001(radio) /system/bin/rild expire 5 lines
09-16 12:25:06.484 1771 8985 I chatty : uid=1001(radio) /system/bin/rild expire 5 lines
09-16 12:25:06.501 1771 8987 I chatty : uid=1001(radio) /system/bin/rild expire 5 lines
09-16 12:25:06.514 1771 8989 I chatty : uid=1001(radio) /system/bin/rild expire 5 lines
09-16 12:25:06.525 1771 8991 I chatty : uid=1001(radio) /system/bin/rild expire 5 lines
09-16 12:25:06.542 1771 8993 I chatty : uid=1001(radio) /system/bin/rild expire 5 lines
09-16 12:25:06.555 1771 8995 I chatty : uid=1001(radio) /system/bin/rild expire 2 lines
09-16 12:25:06.556 1771 8972 I chatty : uid=1001(radio) /system/bin/rild expire 1 line
09-16 12:25:06.557 1771 8976 I chatty : uid=1001(radio) /system/bin/rild expire 1 line
09-16 12:25:06.557 1771 8974 I chatty : uid=1001(radio) /system/bin/rild expire 1 line
09-16 12:25:06.558 1771 8978 I chatty : uid=1001(radio) /system/bin/rild expire 1 line
09-16 12:25:06.559 1771 8980 I chatty : uid=1001(radio) /system/bin/rild expire 1 line
09-16 12:25:06.559 1771 8982 I chatty : uid=1001(radio) /system/bin/rild expire 1 line
09-16 12:25:06.559 1771 8984 I chatty : uid=1001(radio) /system/bin/rild expire 1 line
09-16 12:25:06.560 1771 8986 I chatty : uid=1001(radio) /system/bin/rild expire 1 line
09-16 12:25:06.561 1771 8990 I chatty : uid=1001(radio) /system/bin/rild expire 1 line
09-16 12:25:06.561 1771 8988 I chatty : uid=1001(radio) /system/bin/rild expire 1 line
09-16 12:25:06.561 1771 8992 I chatty : uid=1001(radio) /system/bin/rild expire 1 line
09-16 12:25:06.562 1771 8994 I chatty : uid=1001(radio) /system/bin/rild expire 3 lines
09-16 12:25:06.566 1771 8968 I chatty : uid=1001(radio) /system/bin/rild expire 3 lines
09-16 12:25:06.566 1771 8997 I chatty : uid=1001(radio) /system/bin/rild expire 10 lines
09-16 12:25:06.572 1771 8996 I chatty : uid=1001(radio) /system/bin/rild expire 3 lines
09-16 12:25:06.572 1771 8972 I chatty : uid=1001(radio) /system/bin/rild expire 5 lines
09-16 12:25:06.572 1771 8974 I chatty : uid=1001(radio) /system/bin/rild expire 2 lines
09-16 12:25:06.572 1771 8978 I chatty : uid=1001(radio) /system/bin/rild expire 2 lines
09-16 12:25:06.572 1771 8976 I chatty : uid=1001(radio) /system/bin/rild expire 3 lines
09-16 12:25:06.572 1771 8980 I chatty : uid=1001(radio) /system/bin/rild expire 28 lines
09-16 12:25:06.572 1771 8995 I chatty : uid=1001(radio) /system/bin/rild expire 8 lines
09-16 12:25:06.572 1771 8984 I chatty : uid=1001(radio) /system/bin/rild expire 2 lines
09-16 12:25:06.572 1771 8990 I chatty : uid=1001(radio) /system/bin/rild expire 4 lines
09-16 12:25:06.572 1771 8986 I chatty : uid=1001(radio) /system/bin/rild expire 2 lines
09-16 12:25:06.572 1771 8988 I chatty : uid=1001(radio) /system/bin/rild expire 3 lines
09-16 12:25:06.573 1771 8982 I chatty : uid=1001(radio) /system/bin/rild expire 2 lines
09-16 12:25:06.573 1771 8992 I chatty : uid=1001(radio) /system/bin/rild expire 2 lines
09-16 12:25:06.573 1771 8985 I chatty : uid=1001(radio) /system/bin/rild expire 5 lines
09-16 12:25:06.573 1771 8973 I chatty : uid=1001(radio) /system/bin/rild expire 5 lines
09-16 12:25:06.573 1771 8971 I chatty : uid=1001(radio) /system/bin/rild expire 14 lines
09-16 12:25:06.573 1771 8991 I chatty : uid=1001(radio) /system/bin/rild expire 5 lines
09-16 12:25:06.573 1771 8987 I chatty : uid=1001(radio) /system/bin/rild expire 8 lines
09-16 12:25:06.573 1771 8981 I chatty : uid=1001(radio) /system/bin/rild expire 5 lines
09-16 12:25:06.573 1771 8975 I chatty : uid=1001(radio) /system/bin/rild expire 8 lines
09-16 12:25:06.573 1771 8998 I chatty : uid=1001(radio) /system/bin/rild expire 3 lines
09-16 12:25:06.573 1771 8989 I chatty : uid=1001(radio) /system/bin/rild expire 14 lines
09-16 12:25:06.573 1771 8977 I chatty : uid=1001(radio) /system/bin/rild expire 7 lines
09-16 12:25:06.573 1771 8979 I chatty : uid=1001(radio) /system/bin/rild expire 69 lines
09-16 12:25:06.573 1771 8993 I chatty : uid=1001(radio) /system/bin/rild expire 5 lines
09-16 12:25:06.573 1771 8983 I chatty : uid=1001(radio) /system/bin/rild expire 5 lines
09-16 12:25:06.657 2771 2848 I chatty : uid=1001(radio) RILReceiver0 expire 1 line
09-16 12:25:06.658 2771 2771 I chatty : uid=1001(radio) com.android.phone expire 12 lines
09-16 12:25:06.660 1771 1789 I chatty : uid=1001(radio) /system/bin/rild expire 85 lines
09-16 12:25:06.660 1771 8971 I chatty : uid=1001(radio) /system/bin/rild expire 27 lines
09-16 12:25:06.663 1771 8978 I chatty : uid=1001(radio) /system/bin/rild expire 1 line
09-16 12:25:06.663 1771 8972 I chatty : uid=1001(radio) /system/bin/rild expire 3 lines
09-16 12:25:06.663 2771 2771 I chatty : uid=1001(radio) com.android.phone expire 43 lines
09-16 12:25:06.663 1771 8977 I chatty : uid=1001(radio) /system/bin/rild expire 3 lines
09-16 12:25:06.664 1771 8979 I chatty : uid=1001(radio) /system/bin/rild expire 20 lines
09-16 12:25:06.667 1771 8980 I chatty : uid=1001(radio) /system/bin/rild expire 4 lines
09-16 12:25:06.668 2771 2848 I chatty : uid=1001(radio) RILReceiver0 expire 13 lines
09-16 12:25:06.669 1771 8999 I chatty : uid=1001(radio) /system/bin/rild expire 15 lines
09-16 12:25:06.669 1771 8983 I chatty : uid=1001(radio) /system/bin/rild expire 2 lines
09-16 12:25:06.702 2771 9576 I chatty : uid=1001(radio) Binder_9 expire 4 lines
09-16 12:25:06.704 2771 2783 I chatty : uid=1001(radio) Binder_1 expire 4 lines
09-16 12:25:06.717 2771 26948 I chatty : uid=1001(radio) Binder_8 expire 2 lines
09-16 12:25:06.723 2089 2100 D SubscriptionManager: getSimStateForSubscriber: simState=6 slotIdx=0
09-16 12:25:06.728 2771 2900 I chatty : uid=1001(radio) DcHandlerThread expire 3 lines
09-16 12:25:06.730 2771 3089 I chatty : uid=1001(radio) Binder_3 expire 1 line
09-16 12:25:06.730 2324 2324 D SubscriptionManager: getSimStateForSubscriber: simState=6 slotIdx=0
09-16 12:25:06.731 1771 8973 I chatty : uid=1001(radio) /system/bin/rild expire 24 lines
09-16 12:25:06.732 2771 9806 I chatty : uid=1001(radio) Binder_7 expire 2 lines
09-16 12:25:06.734 1771 8974 I chatty : uid=1001(radio) /system/bin/rild expire 12 lines
09-16 12:25:06.748 1771 8971 I chatty : uid=1001(radio) /system/bin/rild expire 2 lines
09-16 12:25:06.748 1771 8973 I chatty : uid=1001(radio) /system/bin/rild expire 26 lines
09-16 12:25:06.749 2771 2848 I chatty : uid=1001(radio) RILReceiver0 expire 10 lines
09-16 12:25:06.750 2771 3107 I chatty : uid=1001(radio) Binder_4 expire 1 line
09-16 12:25:06.752 2771 9576 I chatty : uid=1001(radio) Binder_9 expire 1 line
09-16 12:25:06.754 2771 9806 I chatty : uid=1001(radio) Binder_7 expire 6 lines
09-16 12:25:06.758 1771 8999 I chatty : uid=1001(radio) /system/bin/rild expire 15 lines
09-16 12:25:06.759 2771 2771 I chatty : uid=1001(radio) com.android.phone expire 140 lines
09-16 12:25:06.760 2771 26948 I chatty : uid=1001(radio) Binder_8 expire 3 lines
09-16 12:25:06.766 1771 1789 I chatty : uid=1001(radio) /system/bin/rild expire 31 lines
09-16 12:25:06.777 2771 4805 I chatty : uid=1001(radio) Binder_B expire 1 line
09-16 12:25:06.780 2771 3295 I chatty : uid=1001(radio) Binder_6 expire 1 line
09-16 12:25:06.837 2771 9000 I chatty : uid=1001(radio) com.android.phone expire 4 lines
09-16 12:25:06.908 2771 3222 I chatty : uid=1001(radio) Binder_5 expire 4 lines
09-16 12:25:06.918 2771 2786 I chatty : uid=1001(radio) Binder_2 expire 2 lines
09-16 12:25:06.930 2324 2324 D SubscriptionManager: getSimStateForSubscriber: simState=6 slotIdx=0
09-16 12:25:06.931 2089 2714 D SubscriptionManager: getSimStateForSubscriber: simState=6 slotIdx=0
09-16 12:25:06.935 2771 2900 I chatty : uid=1001(radio) DcHandlerThread expire 3 lines
09-16 12:25:06.936 2771 2771 I chatty : uid=1001(radio) com.android.phone expire 150 lines
09-16 12:25:06.937 2771 9806 I chatty : uid=1001(radio) Binder_7 expire 1 line
09-16 12:25:06.939 2771 2783 I chatty : uid=1001(radio) Binder_1 expire 6 lines
09-16 12:25:06.940 2771 26948 I chatty : uid=1001(radio) Binder_8 expire 1 line
09-16 12:25:06.940 2771 2786 I chatty : uid=1001(radio) Binder_2 expire 2 lines
09-16 12:25:06.945 2771 3107 I chatty : uid=1001(radio) Binder_4 expire 1 line
09-16 12:25:06.960 2771 4805 I chatty : uid=1001(radio) Binder_B expire 1 line
09-16 12:25:07.058 2771 9001 I chatty : uid=1001(radio) com.android.phone expire 4 lines
09-16 12:25:09.390 1771 8980 I chatty : uid=1001(radio) /system/bin/rild expire 32 lines
09-16 12:25:09.393 1771 1789 I chatty : uid=1001(radio) /system/bin/rild expire 9 lines
09-16 12:25:09.420 1771 8978 I chatty : uid=1001(radio) /system/bin/rild expire 6 lines
09-16 12:25:09.420 1771 8977 I chatty : uid=1001(radio) /system/bin/rild expire 39 lines
09-16 12:25:09.471 2771 2848 I chatty : uid=1001(radio) RILReceiver0 expire 11 lines
09-16 12:25:09.524 2771 2771 I chatty : uid=1001(radio) com.android.phone expire 67 lines
09-16 12:25:09.526 1771 1789 I chatty : uid=1001(radio) /system/bin/rild expire 86 lines
09-16 12:25:09.572 1771 8980 I chatty : uid=1001(radio) /system/bin/rild expire 35 lines
09-16 12:25:10.080 1771 8978 I chatty : uid=1001(radio) /system/bin/rild expire 6 lines
09-16 12:25:10.080 1771 8977 I chatty : uid=1001(radio) /system/bin/rild expire 37 lines
09-16 12:25:10.353 1771 8979 I chatty : uid=1001(radio) /system/bin/rild expire 3 lines
09-16 12:25:10.360 1771 8975 I chatty : uid=1001(radio) /system/bin/rild expire 11 lines
09-16 12:25:10.374 1771 8976 I chatty : uid=1001(radio) /system/bin/rild expire 2 lines
09-16 12:25:10.384 1771 1789 I chatty : uid=1001(radio) /system/bin/rild expire 55 lines
09-16 12:25:10.385 2771 2771 I chatty : uid=1001(radio) com.android.phone expire 103 lines
09-16 12:25:10.389 2771 2848 I chatty : uid=1001(radio) RILReceiver0 expire 10 lines
09-16 12:25:10.391 1771 8973 I chatty : uid=1001(radio) /system/bin/rild expire 21 lines
09-16 12:25:10.394 1771 8974 I chatty : uid=1001(radio) /system/bin/rild expire 5 lines
09-16 12:25:10.402 2771 20292 I chatty : uid=1001(radio) Binder_A expire 4 lines
09-16 12:25:10.422 1771 8977 I chatty : uid=1001(radio) /system/bin/rild expire 46 lines
09-16 12:25:10.448 1771 8978 I chatty : uid=1001(radio) /system/bin/rild expire 7 lines
09-16 12:25:10.486 2771 3089 I chatty : uid=1001(radio) Binder_3 expire 4 lines
09-16 12:25:10.575 1771 8977 I chatty : uid=1001(radio) /system/bin/rild expire 71 lines
09-16 12:25:10.575 2771 2848 I chatty : uid=1001(radio) RILReceiver0 expire 20 lines
09-16 12:25:10.576 2771 2771 I chatty : uid=1001(radio) com.android.phone expire 35 lines
09-16 12:25:10.578 1771 1789 I chatty : uid=1001(radio) /system/bin/rild expire 50 lines
09-16 12:25:10.593 1771 8978 I chatty : uid=1001(radio) /system/bin/rild expire 9 lines
09-16 12:25:10.782 1771 8984 I chatty : uid=1001(radio) /system/bin/rild expire 3 lines
09-16 12:25:10.782 1771 8980 I chatty : uid=1001(radio) /system/bin/rild expire 29 lines
09-16 12:25:10.783 1771 8983 I chatty : uid=1001(radio) /system/bin/rild expire 2 lines
09-16 12:25:10.784 1771 8999 I chatty : uid=1001(radio) /system/bin/rild expire 5 lines
09-16 12:25:10.786 2771 2900 I chatty : uid=1001(radio) DcHandlerThread expire 5 lines
09-16 12:25:10.789 1771 8973 I chatty : uid=1001(radio) /system/bin/rild expire 21 lines
09-16 12:25:10.791 1771 8974 I chatty : uid=1001(radio) /system/bin/rild expire 6 lines
09-16 12:25:10.838 1771 8999 I chatty : uid=1001(radio) /system/bin/rild expire 40 lines
09-16 12:25:10.838 1771 8975 I chatty : uid=1001(radio) /system/bin/rild expire 4 lines
09-16 12:25:10.841 2771 9806 I chatty : uid=1001(radio) Binder_7 expire 4 lines
09-16 12:25:10.842 1771 8976 I chatty : uid=1001(radio) /system/bin/rild expire 1 line
09-16 12:25:10.846 2771 20292 I chatty : uid=1001(radio) Binder_A expire 5 lines
09-16 12:25:10.847 2771 2771 I chatty : uid=1001(radio) com.android.phone expire 103 lines
09-16 12:25:10.854 2771 3222 I chatty : uid=1001(radio) Binder_5 expire 4 lines
09-16 12:25:10.862 2771 4805 I chatty : uid=1001(radio) Binder_B expire 2 lines
09-16 12:25:10.863 2324 2324 D SubscriptionManager: getSimStateForSubscriber: simState=5 slotIdx=0
09-16 12:25:10.863 2089 2215 D SubscriptionManager: getSimStateForSubscriber: simState=5 slotIdx=0
09-16 12:25:10.868 2771 3295 I chatty : uid=1001(radio) Binder_6 expire 5 lines
09-16 12:25:10.874 1771 8979 I chatty : uid=1001(radio) /system/bin/rild expire 19 lines
09-16 12:25:10.877 1771 8980 I chatty : uid=1001(radio) /system/bin/rild expire 6 lines
09-16 12:25:10.886 1771 1789 I chatty : uid=1001(radio) /system/bin/rild expire 11 lines
09-16 12:25:10.886 2771 2848 I chatty : uid=1001(radio) RILReceiver0 expire 5 lines
09-16 12:25:10.887 1771 8973 I chatty : uid=1001(radio) /system/bin/rild expire 4 lines
09-16 12:25:10.889 2771 26948 I chatty : uid=1001(radio) Binder_8 expire 1 line
09-16 12:25:10.889 1771 8978 I chatty : uid=1001(radio) /system/bin/rild expire 3 lines
09-16 12:25:10.890 1771 8977 I chatty : uid=1001(radio) /system/bin/rild expire 18 lines
09-16 12:25:10.893 2771 2786 I chatty : uid=1001(radio) Binder_2 expire 2 lines
09-16 12:25:10.913 2324 3233 D SubscriptionManager: getSimStateForSubscriber: simState=5 slotIdx=0
09-16 12:25:10.920 1771 8987 I chatty : uid=1001(radio) /system/bin/rild expire 7 lines
09-16 12:25:10.926 1771 8988 I chatty : uid=1001(radio) /system/bin/rild expire 2 lines
09-16 12:25:10.954 2771 9007 I chatty : uid=1001(radio) com.android.phone expire 8 lines
09-16 12:25:10.966 2771 2771 I chatty : uid=1001(radio) com.android.phone expire 134 lines
09-16 12:25:10.973 1771 8999 I chatty : uid=1001(radio) /system/bin/rild expire 26 lines
09-16 12:25:10.980 1771 8978 I chatty : uid=1001(radio) /system/bin/rild expire 7 lines
09-16 12:25:10.980 1771 8977 I chatty : uid=1001(radio) /system/bin/rild expire 47 lines
09-16 12:25:10.980 2771 2848 I chatty : uid=1001(radio) RILReceiver0 expire 6 lines
09-16 12:25:10.992 2771 3107 I chatty : uid=1001(radio) Binder_4 expire 4 lines
09-16 12:25:10.999 2771 3222 I chatty : uid=1001(radio) Binder_5 expire 4 lines
09-16 12:25:11.000 1771 1789 I chatty : uid=1001(radio) /system/bin/rild expire 10 lines
09-16 12:25:11.009 2771 2786 I chatty : uid=1001(radio) Binder_2 expire 1 line
09-16 12:25:11.009 2324 2324 D SubscriptionManager: getSimStateForSubscriber: simState=5 slotIdx=0
09-16 12:25:11.020 2771 2783 I chatty : uid=1001(radio) Binder_1 expire 1 line
09-16 12:25:11.020 2771 3295 I chatty : uid=1001(radio) Binder_6 expire 4 lines
09-16 12:25:11.022 2771 4805 I chatty : uid=1001(radio) Binder_B expire 1 line
09-16 12:25:11.074 1771 8987 I chatty : uid=1001(radio) /system/bin/rild expire 3 lines
09-16 12:25:11.076 1771 8988 I chatty : uid=1001(radio) /system/bin/rild expire 1 line
09-16 12:25:11.086 2771 9008 I chatty : uid=1001(radio) com.android.phone expire 4 lines
09-16 12:25:11.115 1771 8979 I chatty : uid=1001(radio) /system/bin/rild expire 3 lines
09-16 12:25:11.116 2771 2771 I chatty : uid=1001(radio) com.android.phone expire 85 lines
09-16 12:25:11.116 1771 8999 I chatty : uid=1001(radio) /system/bin/rild expire 6 lines
09-16 12:25:11.118 1771 1789 I chatty : uid=1001(radio) /system/bin/rild expire 17 lines
09-16 12:25:11.127 1771 8980 I chatty : uid=1001(radio) /system/bin/rild expire 18 lines
09-16 12:25:11.144 1771 8978 I chatty : uid=1001(radio) /system/bin/rild expire 15 lines
09-16 12:25:11.144 1771 8977 I chatty : uid=1001(radio) /system/bin/rild expire 90 lines
09-16 12:25:11.145 2771 2848 I chatty : uid=1001(radio) RILReceiver0 expire 17 lines
09-16 12:25:11.186 2771 9005 I chatty : uid=1001(radio) RilMessageDecod expire 1 line
09-16 12:25:11.301 2771 9009 I chatty : uid=1001(radio) Stk App Service expire 15 lines
09-16 12:25:11.645 1771 1789 I chatty : uid=1001(radio) /system/bin/rild expire 15 lines
09-16 12:25:11.646 1771 8977 I chatty : uid=1001(radio) /system/bin/rild expire 10 lines
09-16 12:25:11.651 1771 8980 I chatty : uid=1001(radio) /system/bin/rild expire 22 lines
09-16 12:25:11.653 2771 2848 I chatty : uid=1001(radio) RILReceiver0 expire 5 lines
09-16 12:25:11.653 2771 2771 I chatty : uid=1001(radio) com.android.phone expire 135 lines
09-16 12:25:11.654 2771 9005 I chatty : uid=1001(radio) RilMessageDecod expire 1 line
09-16 12:25:11.686 1771 8978 I chatty : uid=1001(radio) /system/bin/rild expire 2 lines
09-16 12:25:11.745 2771 20292 I chatty : uid=1001(radio) Binder_A expire 12 lines
09-16 12:25:11.747 2771 3295 I chatty : uid=1001(radio) Binder_6 expire 4 lines
09-16 12:25:11.769 2771 3222 I chatty : uid=1001(radio) Binder_5 expire 9 lines
09-16 12:25:11.771 2771 4805 I chatty : uid=1001(radio) Binder_B expire 5 lines
09-16 12:25:11.773 2324 2324 D SubscriptionManager: getSimStateForSubscriber: simState=5 slotIdx=0
09-16 12:25:11.776 2771 9806 I chatty : uid=1001(radio) Binder_7 expire 7 lines
09-16 12:25:11.851 2771 9010 I chatty : uid=1001(radio) com.android.phone expire 4 lines
09-16 12:25:11.924 2771 9576 I chatty : uid=1001(radio) Binder_9 expire 6 lines
09-16 12:25:11.924 2324 3233 D SubscriptionManager: getSimStateForSubscriber: simState=5 slotIdx=0
09-16 12:25:11.978 2324 2324 D SubscriptionManager: getSimStateForSubscriber: simState=5 slotIdx=0
09-16 12:25:11.982 2771 3107 I chatty : uid=1001(radio) Binder_4 expire 1 line
09-16 12:25:11.998 2771 26948 I chatty : uid=1001(radio) Binder_8 expire 1 line
09-16 12:25:12.009 2771 3089 I chatty : uid=1001(radio) Binder_3 expire 1 line
09-16 12:25:12.051 2771 2786 I chatty : uid=1001(radio) Binder_2 expire 1 line
09-16 12:25:12.085 2771 9012 I chatty : uid=1001(radio) com.android.phone expire 4 lines
09-16 12:25:12.101 2771 2771 I chatty : uid=1001(radio) com.android.phone expire 159 lines
09-16 12:25:12.108 2771 3107 I chatty : uid=1001(radio) Binder_4 expire 11 lines
09-16 12:25:12.115 2771 2783 I chatty : uid=1001(radio) Binder_1 expire 1 line
09-16 12:25:12.115 1771 1789 I chatty : uid=1001(radio) /system/bin/rild expire 24 lines
09-16 12:25:12.116 2771 2848 I chatty : uid=1001(radio) RILReceiver0 expire 4 lines
09-16 12:25:12.152 1771 8987 I chatty : uid=1001(radio) /system/bin/rild expire 6 lines
09-16 12:25:12.156 1771 8988 I chatty : uid=1001(radio) /system/bin/rild expire 2 lines
09-16 12:25:12.186 2771 26948 I chatty : uid=1001(radio) Binder_8 expire 5 lines
09-16 12:25:12.187 2771 3295 I chatty : uid=1001(radio) Binder_6 expire 4 lines
09-16 12:25:12.210 2771 9806 I chatty : uid=1001(radio) Binder_7 expire 6 lines
09-16 12:25:12.210 2324 2324 D SubscriptionManager: getSimStateForSubscriber: simState=5 slotIdx=0
09-16 12:25:12.211 2771 20292 I chatty : uid=1001(radio) Binder_A expire 2 lines
09-16 12:25:12.219 2771 9009 I chatty : uid=1001(radio) Stk App Service expire 7 lines
09-16 12:25:12.220 2771 2786 I chatty : uid=1001(radio) Binder_2 expire 4 lines
09-16 12:25:12.225 2771 4805 I chatty : uid=1001(radio) Binder_B expire 5 lines
09-16 12:25:12.309 2771 9013 I chatty : uid=1001(radio) com.android.phone expire 4 lines
09-16 12:25:12.364 2771 3089 I chatty : uid=1001(radio) Binder_3 expire 5 lines
09-16 12:25:12.403 1777 1791 I chatty : uid=1001(radio) /system/bin/rild expire 5 lines
09-16 12:25:12.404 2771 2862 I chatty : uid=1001(radio) RILReceiver1 expire 1 line
09-16 12:25:12.426 2771 2771 I chatty : uid=1001(radio) com.android.phone expire 119 lines
09-16 12:25:12.428 2771 3089 I chatty : uid=1001(radio) Binder_3 expire 10 lines
09-16 12:25:12.429 1771 1789 I chatty : uid=1001(radio) /system/bin/rild expire 35 lines
09-16 12:25:12.429 2771 2848 I chatty : uid=1001(radio) RILReceiver0 expire 7 lines
09-16 12:25:12.432 2771 26948 I chatty : uid=1001(radio) Binder_8 expire 11 lines
09-16 12:25:12.439 2771 3107 I chatty : uid=1001(radio) Binder_4 expire 7 lines
09-16 12:25:12.443 2771 3295 I chatty : uid=1001(radio) Binder_6 expire 10 lines
09-16 12:25:12.450 2771 4805 I chatty : uid=1001(radio) Binder_B expire 6 lines
09-16 12:25:12.455 2771 2783 I chatty : uid=1001(radio) Binder_1 expire 11 lines
09-16 12:25:12.463 2771 2786 I chatty : uid=1001(radio) Binder_2 expire 3 lines
09-16 12:25:12.467 2771 9576 I chatty : uid=1001(radio) Binder_9 expire 11 lines
09-16 12:25:12.478 2771 3222 I chatty : uid=1001(radio) Binder_5 expire 5 lines
09-16 12:25:12.486 2771 20292 I chatty : uid=1001(radio) Binder_A expire 5 lines
09-16 12:25:12.496 2771 9806 I chatty : uid=1001(radio) Binder_7 expire 11 lines
09-16 12:25:12.529 1771 8987 I chatty : uid=1001(radio) /system/bin/rild expire 3 lines
09-16 12:25:12.533 1771 8988 I chatty : uid=1001(radio) /system/bin/rild expire 3 lines
09-16 12:25:12.971 2324 2324 D SubscriptionManager: getSimStateForSubscriber: simState=5 slotIdx=0
09-16 12:25:13.054 2771 2771 I chatty : uid=1001(radio) com.android.phone expire 54 lines
09-16 12:25:13.055 2771 9016 I chatty : uid=1001(radio) com.android.phone expire 4 lines
09-16 12:25:31.440 1771 8976 I chatty : uid=1001(radio) /system/bin/rild expire 2 lines
09-16 12:25:31.441 1771 8972 I chatty : uid=1001(radio) /system/bin/rild expire 2 lines
09-16 12:25:31.441 1771 8982 I chatty : uid=1001(radio) /system/bin/rild expire 3 lines
09-16 12:25:31.441 1771 8978 I chatty : uid=1001(radio) /system/bin/rild expire 2 lines
09-16 12:25:31.441 1771 8974 I chatty : uid=1001(radio) /system/bin/rild expire 7 lines
09-16 12:25:31.441 1771 8980 I chatty : uid=1001(radio) /system/bin/rild expire 10 lines
09-16 12:25:31.441 1771 8984 I chatty : uid=1001(radio) /system/bin/rild expire 2 lines
09-16 12:25:31.441 1771 8990 I chatty : uid=1001(radio) /system/bin/rild expire 2 lines
09-16 12:25:31.441 1771 8996 I chatty : uid=1001(radio) /system/bin/rild expire 2 lines
09-16 12:25:31.441 1771 8998 I chatty : uid=1001(radio) /system/bin/rild expire 2 lines
09-16 12:25:31.442 1771 8994 I chatty : uid=1001(radio) /system/bin/rild expire 2 lines
09-16 12:25:31.442 1771 8992 I chatty : uid=1001(radio) /system/bin/rild expire 2 lines
09-16 12:25:31.445 1771 8986 I chatty : uid=1001(radio) /system/bin/rild expire 2 lines
09-16 12:25:31.454 1771 8981 I chatty : uid=1001(radio) /system/bin/rild expire 3 lines
09-16 12:28:12.144 2771 2848 I chatty : uid=1001(radio) RILReceiver0 expire 5 lines
09-16 12:50:33.473 2771 3222 I chatty : uid=1001(radio) Binder_5 expire 4 lines
09-16 12:50:33.482 2771 4805 I chatty : uid=1001(radio) Binder_B expire 4 lines
09-16 12:53:04.381 2771 26948 I chatty : uid=1001(radio) Binder_8 expire 3 lines
09-16 12:53:04.401 2771 9806 I chatty : uid=1001(radio) Binder_7 expire 5 lines
09-16 12:53:04.402 2771 3089 I chatty : uid=1001(radio) Binder_3 expire 1 line
09-16 12:53:04.403 2324 3233 D SubscriptionManager: getSimStateForSubscriber: simState=5 slotIdx=0
09-16 12:53:04.404 2771 2786 I chatty : uid=1001(radio) Binder_2 expire 4 lines
09-16 12:53:04.411 2324 3233 D SubscriptionManager: getSimStateForSubscriber: simState=5 slotIdx=0
09-16 12:53:04.450 2771 9576 I chatty : uid=1001(radio) Binder_9 expire 3 lines
09-16 12:53:04.592 2771 2771 I chatty : uid=1001(radio) com.android.phone expire 44 lines
09-16 12:53:04.655 2771 3107 I chatty : uid=1001(radio) Binder_4 expire 1 line
09-16 12:53:04.656 2324 3233 D SubscriptionManager: getSimStateForSubscriber: simState=5 slotIdx=0
09-16 12:54:20.378 1771 1789 I chatty : uid=1001(radio) /system/bin/rild expire 24 lines
09-16 12:54:20.378 1771 8979 I chatty : uid=1001(radio) /system/bin/rild expire 8 lines
09-16 12:54:20.382 1771 8980 I chatty : uid=1001(radio) /system/bin/rild expire 2 lines
09-16 12:54:20.385 1777 1791 I chatty : uid=1001(radio) /system/bin/rild expire 12 lines
09-16 12:54:20.385 1777 2225 I chatty : uid=1001(radio) /system/bin/rild expire 7 lines
09-16 12:54:20.385 2771 2862 I chatty : uid=1001(radio) RILReceiver1 expire 2 lines
09-16 12:54:20.385 1771 8973 I chatty : uid=1001(radio) /system/bin/rild expire 20 lines
09-16 12:54:20.399 1777 2226 I chatty : uid=1001(radio) /system/bin/rild expire 1 line
09-16 12:54:20.400 1777 2219 I chatty : uid=1001(radio) /system/bin/rild expire 18 lines
09-16 12:54:20.401 1771 8973 I chatty : uid=1001(radio) /system/bin/rild expire 16 lines
09-16 12:54:20.402 2771 2862 I chatty : uid=1001(radio) RILReceiver1 expire 9 lines
09-16 12:54:20.402 2771 2771 I chatty : uid=1001(radio) com.android.phone expire 87 lines
09-16 12:54:20.402 2771 2848 I chatty : uid=1001(radio) RILReceiver0 expire 7 lines
09-16 12:54:20.402 1777 1791 I chatty : uid=1001(radio) /system/bin/rild expire 33 lines
09-16 12:54:20.404 1771 8974 I chatty : uid=1001(radio) /system/bin/rild expire 4 lines
09-16 12:54:20.413 1777 2220 I chatty : uid=1001(radio) /system/bin/rild expire 10 lines
09-16 12:54:20.416 2089 2714 D TelephonyRegistry: notifySignalStrengthForSubscriber: invalid phoneId=-1
09-16 12:54:20.466 2771 3222 I chatty : uid=1001(radio) Binder_5 expire 1 line
09-16 12:54:20.466 2324 3233 D SubscriptionManager: getSimStateForSubscriber: simState=5 slotIdx=0
09-16 12:54:20.470 2771 9806 I chatty : uid=1001(radio) Binder_7 expire 1 line
09-16 12:54:20.470 2324 3233 D SubscriptionManager: getSimStateForSubscriber: simState=5 slotIdx=0
09-16 12:54:22.319 2771 3089 I chatty : uid=1001(radio) Binder_3 expire 1 line
09-16 12:54:22.320 2324 3233 D SubscriptionManager: getSimStateForSubscriber: simState=5 slotIdx=0
09-16 12:54:23.357 2771 26948 I chatty : uid=1001(radio) Binder_8 expire 5 lines
09-16 12:54:23.357 2324 3233 D SubscriptionManager: getSimStateForSubscriber: simState=5 slotIdx=0
09-16 12:54:23.491 1771 8980 I chatty : uid=1001(radio) /system/bin/rild expire 19 lines
09-16 12:54:23.502 1777 2226 I chatty : uid=1001(radio) /system/bin/rild expire 12 lines
09-16 12:54:23.503 2089 4319 D TelephonyRegistry: notifySignalStrengthForSubscriber: invalid phoneId=-1
09-16 12:54:23.603 1771 1789 I chatty : uid=1001(radio) /system/bin/rild expire 21 lines
09-16 12:54:26.339 2771 20292 I chatty : uid=1001(radio) Binder_A expire 2 lines
09-16 12:54:26.339 2324 3233 D SubscriptionManager: getSimStateForSubscriber: simState=5 slotIdx=0
09-16 12:54:26.382 2771 2783 I chatty : uid=1001(radio) Binder_1 expire 1 line
09-16 12:54:26.382 2324 3233 D SubscriptionManager: getSimStateForSubscriber: simState=5 slotIdx=0
09-16 12:54:28.956 2771 3107 I chatty : uid=1001(radio) Binder_4 expire 5 lines
