09-16 12:59:57.316 2771 3295 D RILJ : [4950]> RIL_REQUEST_CDMA_SET_BROADCAST_CONFIG with 1 configs : [SUB0]
09-16 12:59:57.316 2771 3295 D RILJ : CdmaSmsBroadcastConfigInfo: Id [4099, 4099] ENABLED [SUB0]
09-16 12:59:57.317 1771 1789 I RILR : onRequest() - id=93 token: 0xf69c4920
09-16 12:59:57.317 1771 1789 I RILR : CTE::HandleRequest() - id=93 token: 0xf69c4920
09-16 12:59:57.317 1771 1789 D RILC : [31302]< CDMA_SET_BROADCAST_SMS_CONFIG fails by E_REQUEST_NOT_SUPPORTED
09-16 12:59:57.317 1771 1789 I RILR : After OnRequestComplete(): token=0xf69c4920, eErrNo=6, pResponse=[0x00000000], len=[0]
09-16 12:59:57.317 2771 2848 D RilRequest: [4950]< RIL_REQUEST_CDMA_SET_BROADCAST_CONFIG error: com.android.internal.telephony.CommandException: REQUEST_NOT_SUPPORTED ret=
09-16 12:59:57.324 2771 4805 D PhoneFactory: SMS Prompt option:false
09-16 12:59:57.325 2771 4805 D SubscriptionController: [getActiveSubInfoList]+
09-16 12:59:57.325 2771 4805 D SubscriptionController: selection:sim_id>=0 null
09-16 12:59:57.330 2771 4805 D SubscriptionController: [getSubInfoRecord] id:1 iccid:894921004XXXXXXXXXXX simSlotIndex:0 displayName:MEDIONmobile nameSource:2 iconTint:-16746133 dataRoaming:0 mcc:262 mnc:3 countIso:de userNwMode:9
09-16 12:59:57.335 2771 4805 D SubscriptionController: [getActiveSubInfoList]- 1 infos return
09-16 12:59:57.338 2771 2783 D RILJ : [4951]> RIL_REQUEST_GSM_BROADCAST_ACTIVATION [SUB0]
09-16 12:59:57.340 1771 1789 D RILC : [31303]> RIL_REQUEST_GSM_SMS_BROADCAST_ACTIVATION (0)
09-16 12:59:57.340 1771 1789 I RILR : onRequest() - id=91 token: 0xf69c48a0
09-16 12:59:57.340 1771 1789 I RILR : CTE::HandleRequest() - id=91 token: 0xf69c48a0
09-16 12:59:57.340 1771 1789 I RILR : Calling gs_pRilEnv->RequestTimedCallback() sec=[0] usec=[100000]
09-16 12:59:57.340 1771 1789 D RILC : [31303]< RIL_REQUEST_GSM_SMS_BROADCAST_ACTIVATION
09-16 12:59:57.340 1771 1789 I RILR : After OnRequestComplete(): token=0xf69c48a0, eErrNo=0, pResponse=[0x00000000], len=[0]
09-16 12:59:57.341 2771 2848 D RILJ : [4951]< RIL_REQUEST_GSM_BROADCAST_ACTIVATION [SUB0]
09-16 12:59:57.349 2771 26948 D PhoneFactory: SMS Prompt option:false
09-16 12:59:57.349 2771 26948 D SubscriptionController: [getActiveSubInfoList]+
09-16 12:59:57.351 2771 26948 D SubscriptionController: selection:sim_id>=0 null
09-16 12:59:57.358 2771 26948 D SubscriptionController: [getSubInfoRecord] id:1 iccid:894921004XXXXXXXXXXX simSlotIndex:0 displayName:MEDIONmobile nameSource:2 iconTint:-16746133 dataRoaming:0 mcc:262 mnc:3 countIso:de userNwMode:9
09-16 12:59:57.365 2771 26948 D SubscriptionController: [getActiveSubInfoList]- 1 infos return
09-16 12:59:57.368 2771 9576 D RILJ : [4952]> RIL_REQUEST_CDMA_SET_BROADCAST_CONFIG with 1 configs : [SUB0]
09-16 12:59:57.368 2771 9576 D RILJ : CdmaSmsBroadcastConfigInfo: Id [4096, 4096] ENABLED [SUB0]
09-16 12:59:57.370 1771 1789 I RILR : onRequest() - id=93 token: 0xf69c4920
09-16 12:59:57.370 1771 1789 I RILR : CTE::HandleRequest() - id=93 token: 0xf69c4920
09-16 12:59:57.370 1771 1789 D RILC : [31304]< CDMA_SET_BROADCAST_SMS_CONFIG fails by E_REQUEST_NOT_SUPPORTED
09-16 12:59:57.370 1771 1789 I RILR : After OnRequestComplete(): token=0xf69c4920, eErrNo=6, pResponse=[0x00000000], len=[0]
09-16 12:59:57.370 2771 2848 D RilRequest: [4952]< RIL_REQUEST_CDMA_SET_BROADCAST_CONFIG error: com.android.internal.telephony.CommandException: REQUEST_NOT_SUPPORTED ret=
09-16 12:59:57.378 2771 9806 D PhoneFactory: SMS Prompt option:false
09-16 12:59:57.379 2771 9806 D SubscriptionController: [getActiveSubInfoList]+
09-16 12:59:57.380 2771 9806 D SubscriptionController: selection:sim_id>=0 null
09-16 12:59:57.385 2771 9806 D SubscriptionController: [getSubInfoRecord] id:1 iccid:894921004XXXXXXXXXXX simSlotIndex:0 displayName:MEDIONmobile nameSource:2 iconTint:-16746133 dataRoaming:0 mcc:262 mnc:3 countIso:de userNwMode:9
09-16 12:59:57.389 2771 9806 D SubscriptionController: [getActiveSubInfoList]- 1 infos return
09-16 12:59:57.391 2771 3089 D RILJ : [4953]> RIL_REQUEST_GSM_BROADCAST_ACTIVATION [SUB0]
09-16 12:59:57.392 1771 1789 D RILC : [31305]> RIL_REQUEST_GSM_SMS_BROADCAST_ACTIVATION (0)
09-16 12:59:57.393 1771 1789 I RILR : onRequest() - id=91 token: 0xf69c48a0
09-16 12:59:57.393 1771 1789 I RILR : CTE::HandleRequest() - id=91 token: 0xf69c48a0
09-16 12:59:57.393 1771 1789 D RILC : [31305]< RIL_REQUEST_GSM_SMS_BROADCAST_ACTIVATION
09-16 12:59:57.393 1771 1789 I RILR : After OnRequestComplete(): token=0xf69c48a0, eErrNo=0, pResponse=[0x00000000], len=[0]
09-16 12:59:57.393 2771 2848 D RILJ : [4953]< RIL_REQUEST_GSM_BROADCAST_ACTIVATION [SUB0]
09-16 12:59:57.399 2771 3107 D PhoneFactory: SMS Prompt option:false
09-16 12:59:57.400 2771 3107 D SubscriptionController: [getActiveSubInfoList]+
09-16 12:59:57.401 2771 3107 D SubscriptionController: selection:sim_id>=0 null
09-16 12:59:57.404 2771 3107 D SubscriptionController: [getSubInfoRecord] id:1 iccid:894921004XXXXXXXXXXX simSlotIndex:0 displayName:MEDIONmobile nameSource:2 iconTint:-16746133 dataRoaming:0 mcc:262 mnc:3 countIso:de userNwMode:9
09-16 12:59:57.408 2771 3107 D SubscriptionController: [getActiveSubInfoList]- 1 infos return
09-16 12:59:57.415 2771 2786 D PhoneFactory: SMS Prompt option:false
09-16 12:59:57.415 2771 2786 D SubscriptionController: [getActiveSubInfoList]+
09-16 12:59:57.416 2771 2786 D SubscriptionController: selection:sim_id>=0 null
09-16 12:59:57.420 2771 2786 D SubscriptionController: [getSubInfoRecord] id:1 iccid:894921004XXXXXXXXXXX simSlotIndex:0 displayName:MEDIONmobile nameSource:2 iconTint:-16746133 dataRoaming:0 mcc:262 mnc:3 countIso:de userNwMode:9
09-16 12:59:57.425 2771 2786 D SubscriptionController: [getActiveSubInfoList]- 1 infos return
09-16 12:59:57.440 2771 26948 D PhoneFactory: SMS Prompt option:false
09-16 12:59:57.440 1771 1789 I RILR : CTE_XMM7160::CoreGsmSmsBroadcastActivation() - fBcActivate=[0]
09-16 12:59:57.441 1771 1789 I RILR : CRequestInfoTable::GetRequestInfo() - RequestID 91: Timeout [10000]
09-16 12:59:57.441 1771 8987 I RILR : CChannel::SendCommand() - chnl=[8] RILReqID=[91] retries=[1] Timeout=[10000] cmd1=[AT+CSCB=0,"4370-4379,4383","0-255,0-255"] cmd2=[NULL]
09-16 12:59:57.441 2771 26948 D SubscriptionController: [getActiveSubInfoList]+
09-16 12:59:57.441 1771 8987 I RILR : CChannelBase::WriteToPort() - INFO: chnl=[8] TX [AT+CSCB=0,"4370-4379,4383","0-255,0-255"]
09-16 12:59:57.441 2771 26948 D SubscriptionController: selection:sim_id>=0 null
09-16 12:59:57.443 1771 8988 I RILR : CChannel::ProcessModemData() - INFO: chnl=[8] size=[6] RX [OK]
09-16 12:59:57.444 1771 8987 I RILR : CTE::PostCmdHandlerCompleteRequest() RilToken NULL - May be internal request, RequestID: 91
09-16 12:59:57.446 2771 26948 D SubscriptionController: [getSubInfoRecord] id:1 iccid:894921004XXXXXXXXXXX simSlotIndex:0 displayName:MEDIONmobile nameSource:2 iconTint:-16746133 dataRoaming:0 mcc:262 mnc:3 countIso:de userNwMode:9
09-16 12:59:57.450 2771 26948 D SubscriptionController: [getActiveSubInfoList]- 1 infos return
09-16 12:59:57.460 2771 9806 D PhoneFactory: SMS Prompt option:false
09-16 12:59:57.461 2771 9806 D SubscriptionController: [getActiveSubInfoList]+
09-16 12:59:57.463 2771 9806 D SubscriptionController: selection:sim_id>=0 null
09-16 12:59:57.470 2771 9806 D SubscriptionController: [getSubInfoRecord] id:1 iccid:894921004XXXXXXXXXXX simSlotIndex:0 displayName:MEDIONmobile nameSource:2 iconTint:-16746133 dataRoaming:0 mcc:262 mnc:3 countIso:de userNwMode:9
09-16 12:59:57.476 2771 9806 D SubscriptionController: [getActiveSubInfoList]- 1 infos return
09-16 12:59:57.485 2771 3107 D PhoneFactory: SMS Prompt option:false
09-16 12:59:57.486 2771 3107 D SubscriptionController: [getActiveSubInfoList]+
09-16 12:59:57.487 2771 3107 D SubscriptionController: selection:sim_id>=0 null
09-16 12:59:57.491 2771 3107 D SubscriptionController: [getSubInfoRecord] id:1 iccid:894921004XXXXXXXXXXX simSlotIndex:0 displayName:MEDIONmobile nameSource:2 iconTint:-16746133 dataRoaming:0 mcc:262 mnc:3 countIso:de userNwMode:9
09-16 12:59:57.497 2771 3107 D SubscriptionController: [getActiveSubInfoList]- 1 infos return
09-16 12:59:57.509 2771 2786 D PhoneFactory: SMS Prompt option:false
09-16 12:59:57.510 2771 2786 D SubscriptionController: [getActiveSubInfoList]+
09-16 12:59:57.511 2771 2786 D SubscriptionController: selection:sim_id>=0 null
09-16 12:59:57.516 2771 2786 D SubscriptionController: [getSubInfoRecord] id:1 iccid:894921004XXXXXXXXXXX simSlotIndex:0 displayName:MEDIONmobile nameSource:2 iconTint:-16746133 dataRoaming:0 mcc:262 mnc:3 countIso:de userNwMode:9
09-16 12:59:57.520 2771 2786 D SubscriptionController: [getActiveSubInfoList]- 1 infos return
09-16 12:59:57.530 2771 9482 D PhoneFactory: SMS Prompt option:false
09-16 12:59:57.531 2771 9482 D SubscriptionController: [getActiveSubInfoList]+
09-16 12:59:57.532 2771 9482 D SubscriptionController: selection:sim_id>=0 null
09-16 12:59:57.538 2771 9482 D SubscriptionController: [getSubInfoRecord] id:1 iccid:894921004XXXXXXXXXXX simSlotIndex:0 displayName:MEDIONmobile nameSource:2 iconTint:-16746133 dataRoaming:0 mcc:262 mnc:3 countIso:de userNwMode:9
09-16 12:59:57.541 2771 9482 D SubscriptionController: [getActiveSubInfoList]- 1 infos return
09-16 12:59:57.801 1771 1789 I RILR : RIL_onUnsolicitedResponse() - RIL_UNSOL_RESPONSE_VOICE_NETWORK_STATE_CHANGED
09-16 12:59:57.801 1771 1789 I RILR : RIL_onUnsolicitedResponse() - pData is NULL! id=1002
09-16 12:59:57.801 1771 1789 D RILC : [UNSL]< UNSOL_RESPONSE_VOICE_NETWORK_STATE_CHANGED
09-16 12:59:57.802 2771 2848 D RILJ : [UNSL]< UNSOL_RESPONSE_VOICE_NETWORK_STATE_CHANGED [SUB0]
09-16 12:59:57.802 2771 2771 D RILJ : [4954]> OPERATOR [SUB0]
09-16 12:59:57.804 2771 2771 D RILJ : [4955]> DATA_REGISTRATION_STATE [SUB0]
09-16 12:59:57.805 1771 1789 D RILC : [31306]> OPERATOR
09-16 12:59:57.805 1771 1789 I RILR : onRequest() - id=22 token: 0xf69c48a0
09-16 12:59:57.805 1771 1789 I RILR : CTE::HandleRequest() - id=22 token: 0xf69c48a0
09-16 12:59:57.805 1771 1789 I RILR : CRequestInfoTable::GetRequestInfo() - RequestID 22: Timeout [100000]
09-16 12:59:57.805 1771 8977 I RILR : CChannel::SendCommand() - chnl=[3] RILReqID=[22] retries=[0] Timeout=[100000] cmd1=[AT+XCOPS=12;+XCOPS=11;+XCOPS=13;+XCOPS=9;+XCOPS=8] cmd2=[NULL]
09-16 12:59:57.805 1771 8977 I RILR : CChannelBase::WriteToPort() - INFO: chnl=[3] TX [AT+XCOPS=12;+XCOPS=11;+XCOPS=13;+XCOPS=9;+XCOPS=8]
09-16 12:59:57.806 2771 2771 D RILJ : [4956]> VOICE_REGISTRATION_STATE [SUB0]
09-16 12:59:57.806 1771 1789 D RILC : [31307]> DATA_REGISTRATION_STATE
09-16 12:59:57.806 1771 1789 I RILR : onRequest() - id=21 token: 0xf69c4920
09-16 12:59:57.806 1771 1789 I RILR : CTE::HandleRequest() - id=21 token: 0xf69c4920
09-16 12:59:57.806 1771 1789 I RILR : IsLTENetworkType() networkType=0(0)
09-16 12:59:57.807 1771 1789 I RILR : CTE::CopyCachedRegistrationInfo() - Copy XREG data
09-16 12:59:57.807 1771 1789 D RILC : [31307]< DATA_REGISTRATION_STATE {4,,,0,-1,5,0}
09-16 12:59:57.807 2771 2771 D RILJ : [4957]> QUERY_NETWORK_SELECTION_MODE [SUB0]
09-16 12:59:57.807 1771 1789 I RILR : After OnRequestComplete(): token=0xf69c4920, eErrNo=0, pResponse=[0xf6cf5dc0], len=[28]
09-16 12:59:57.807 1771 1789 D RILC : [31308]> VOICE_REGISTRATION_STATE
09-16 12:59:57.807 1771 1789 I RILR : onRequest() - id=20 token: 0xf69c4920
09-16 12:59:57.807 1771 1789 I RILR : CTE::HandleRequest() - id=20 token: 0xf69c4920
09-16 12:59:57.807 1771 1789 D RILC : [31308]< VOICE_REGISTRATION_STATE {1,c6fe,4c85,16,(null),(null),(null),(null),(null),(null),(null),(null),(null),0,(null),(null)}
09-16 12:59:57.807 2771 2848 D RILJ : [4955]< DATA_REGISTRATION_STATE {4, , , 0, -1, 5, 0} [SUB0]
09-16 12:59:57.807 1771 1789 I RILR : After OnRequestComplete(): token=0xf69c4920, eErrNo=0, pResponse=[0xf6cf5dc0], len=[64]
09-16 12:59:57.808 2771 2771 D PHONE : [ServiceState] setDataRegState=1
09-16 12:59:57.808 1771 8978 I RILR : CChannel::ProcessModemData() - INFO: chnl=[3] size=[70] RX [+XCOPS: 12,"o2 - de"+XCOPS: 11,"o2 - de"+XCOPS: 13,"26207"]
09-16 12:59:57.808 2771 2848 D RILJ : [4956]< VOICE_REGISTRATION_STATE {1, c6fe, 4c85, 16, null, null, null, null, null, null, null, null, null, 0, null, null} [SUB0]
09-16 12:59:57.808 1771 1789 D RILC : [31309]> QUERY_NETWORK_SELECTION_MODE
09-16 12:59:57.808 2771 2771 D PHONE : [ServiceState] setDataRadioTechnology=0
09-16 12:59:57.809 1771 1789 I RILR : onRequest() - id=45 token: 0xf69c4920
09-16 12:59:57.809 2771 2771 D GsmSST : [GsmSST] handlPollStateResultMessage: GsmSST setDataRegState=1 regState=4 dataRadioTechnology=0
09-16 12:59:57.809 1771 1789 I RILR : CTE::HandleRequest() - id=45 token: 0xf69c4920
09-16 12:59:57.809 2771 2771 D PHONE : [ServiceState] setVoiceRegState=0
09-16 12:59:57.809 1771 1789 I RILR : CRequestInfoTable::GetRequestInfo() - RequestID 45: Timeout [100000]
09-16 12:59:57.809 2771 2771 E PHONE : [ServiceState] setState deprecated use setVoiceRegState()
09-16 12:59:57.809 1771 8973 I RILR : CChannel::SendCommand() - chnl=[1] RILReqID=[45] retries=[0] Timeout=[100000] cmd1=[AT+COPS?] cmd2=[NULL]
09-16 12:59:57.809 1771 8973 I RILR : CChannelBase::WriteToPort() - INFO: chnl=[1] TX [AT+COPS?]
09-16 12:59:57.811 1771 8974 I RILR : CChannel::ProcessModemData() - INFO: chnl=[1] size=[32] RX [+COPS: 0,0,"o2 - de",0OK]
09-16 12:59:57.811 1771 8973 D RILC : [31309]< QUERY_NETWORK_SELECTION_MODE {0}
09-16 12:59:57.812 1771 8973 I RILR : After OnRequestComplete(): token=0xf69c4920, eErrNo=0, pResponse=[0xf730e5b0], len=[4]
09-16 12:59:57.812 2771 2848 D RILJ : [4957]< QUERY_NETWORK_SELECTION_MODE {0} [SUB0]
09-16 12:59:58.079 1771 8978 I RILR : CChannel::ProcessModemData() - INFO: chnl=[3] size=[28] RX [+XCOPS: 9,"MEDIONmobile"]
09-16 12:59:58.130 1771 8978 I RILR : CChannel::ProcessModemData() - INFO: chnl=[3] size=[29] RX [+XCOPS: 8,"o2 - de"OK]
09-16 12:59:58.130 1771 8977 D RILC : [31306]< OPERATOR {MEDIONmobile,o2 - de,26207}
09-16 12:59:58.131 1771 8977 I RILR : After OnRequestComplete(): token=0xf69c48a0, eErrNo=0, pResponse=[0xf69dda00], len=[12]
09-16 12:59:58.131 2771 2848 D RILJ : [4954]< OPERATOR {MEDIONmobile, o2 - de, 26207} [SUB0]
09-16 12:59:58.135 2771 2771 D GsmSST : [GsmSST] Poll ServiceState done: oldSS=[0 1 voice home data home MEDIONmobile o2 - de 26207 MEDIONmobile o2 - de 26207 GSM Unknown CSS not supported -1 -1 RoamInd=-1 DefRoamInd=-1 EmergOnly=false IsDataRoamingFromRegistration=false] newSS=[0 1 voice home data home MEDIONmobile o2 - de 26207 MEDIONmobile o2 - de 26207 GSM Unknown CSS not supported -1 -1 RoamInd=-1 DefRoamInd=-1 EmergOnly=false IsDataRoamingFromRegistration=false] oldMaxDataCalls=5 mNewMaxDataCalls=5 oldReasonDataDenied=-1 mNewReasonDataDenied=-1
09-16 12:59:58.135 2771 2771 D PHONE : [ServiceState] setNullState=1
09-16 12:59:58.444 2771 2783 D SubscriptionController: [getActiveSubIdList] simInfoSet=[0=1]
09-16 12:59:58.445 2771 2783 D SubscriptionController: [getActiveSubIdList] X subIdArr.length=1
09-16 12:59:58.448 2771 9576 D SubscriptionController: [getActiveSubIdList] simInfoSet=[0=1]
09-16 12:59:58.448 2771 9576 D SubscriptionController: [getActiveSubIdList] X subIdArr.length=1
09-16 12:59:58.460 2771 3107 D SubscriptionController: [getActiveSubIdList] simInfoSet=[0=1]
09-16 12:59:58.460 2771 3107 D SubscriptionController: [getActiveSubIdList] X subIdArr.length=1
09-16 12:59:58.462 2771 2786 D SubscriptionController: [getActiveSubIdList] simInfoSet=[0=1]
09-16 12:59:58.462 2771 2786 D SubscriptionController: [getActiveSubIdList] X subIdArr.length=1
09-16 12:59:58.624 1771 8980 I RILR : CChannel::ProcessModemData() - INFO: chnl=[4] size=[92] RX [+XREG: 1,3,900,"C6FE","00004C85","0C",1,17+XREG: 1,3,900,"C6FE","00004C85","0C",1,17]
09-16 12:59:58.624 1771 8980 I RILR : CSilo_Network::ParseRegistrationStatus() - XREG paramcount=8 fUnsolicited=1
09-16 12:59:58.626 1771 8980 I RILR : [RIL STATE] GPRS REG STATUS = REGISTERED, HOME NETWORK RAT = RADIO_TECH_EDGE
09-16 12:59:58.626 1771 8980 I RILR : Calling gs_pRilEnv->RequestTimedCallback() sec=[1] usec=[0]
09-16 12:59:58.626 1771 8980 I RILR : CSilo_Network::ParseRegistrationStatus() - XREG paramcount=8 fUnsolicited=1
09-16 12:59:58.628 1771 8980 I RILR : CChannel::ProcessResponse : chnl=[4] Ignoring +XREG: 1,3,900,"C6FE","00004C85","0C",1,17
09-16 12:59:59.628 1771 1789 I RILR : RIL_onUnsolicitedResponse() - RIL_UNSOL_RESPONSE_VOICE_NETWORK_STATE_CHANGED
09-16 12:59:59.628 1771 1789 I RILR : RIL_onUnsolicitedResponse() - pData is NULL! id=1002
09-16 12:59:59.628 1771 1789 D RILC : [UNSL]< UNSOL_RESPONSE_VOICE_NETWORK_STATE_CHANGED
09-16 12:59:59.628 2771 2848 D RILJ : [UNSL]< UNSOL_RESPONSE_VOICE_NETWORK_STATE_CHANGED [SUB0]
09-16 12:59:59.629 2771 2771 D RILJ : [4958]> OPERATOR [SUB0]
09-16 12:59:59.630 2771 2771 D RILJ : [4959]> DATA_REGISTRATION_STATE [SUB0]
09-16 12:59:59.631 1771 1789 D RILC : [31310]> OPERATOR
09-16 12:59:59.631 1771 1789 I RILR : onRequest() - id=22 token: 0xf69c40e0
09-16 12:59:59.631 1771 1789 I RILR : CTE::HandleRequest() - id=22 token: 0xf69c40e0
09-16 12:59:59.631 1771 1789 I RILR : CRequestInfoTable::GetRequestInfo() - RequestID 22: Timeout [100000]
09-16 12:59:59.632 2771 2771 D RILJ : [4960]> VOICE_REGISTRATION_STATE [SUB0]
09-16 12:59:59.632 1771 8977 I RILR : CChannel::SendCommand() - chnl=[3] RILReqID=[22] retries=[0] Timeout=[100000] cmd1=[AT+XCOPS=12;+XCOPS=11;+XCOPS=13;+XCOPS=9;+XCOPS=8] cmd2=[NULL]
09-16 12:59:59.632 1771 8977 I RILR : CChannelBase::WriteToPort() - INFO: chnl=[3] TX [AT+XCOPS=12;+XCOPS=11;+XCOPS=13;+XCOPS=9;+XCOPS=8]
09-16 12:59:59.632 1771 1789 D RILC : [31311]> DATA_REGISTRATION_STATE
09-16 12:59:59.632 1771 1789 I RILR : onRequest() - id=21 token: 0xf69c4940
09-16 12:59:59.632 1771 1789 I RILR : CTE::HandleRequest() - id=21 token: 0xf69c4940
09-16 12:59:59.632 1771 1789 I RILR : IsLTENetworkType() networkType=2(2)
09-16 12:59:59.632 1771 1789 I RILR : CTE::CopyCachedRegistrationInfo() - Copy XREG data
09-16 12:59:59.633 1771 1789 D RILC : [31311]< DATA_REGISTRATION_STATE {1,c6fe,4c85,2,0,5,0}
09-16 12:59:59.633 1771 1789 I RILR : After OnRequestComplete(): token=0xf69c4940, eErrNo=0, pResponse=[0xf6cf5dc0], len=[28]
09-16 12:59:59.633 2771 2848 D RILJ : [4959]< DATA_REGISTRATION_STATE {1, c6fe, 4c85, 2, 0, 5, 0} [SUB0]
09-16 12:59:59.633 2771 2771 D RILJ : [4961]> QUERY_NETWORK_SELECTION_MODE [SUB0]
09-16 12:59:59.634 1771 1789 D RILC : [31312]> VOICE_REGISTRATION_STATE
09-16 12:59:59.634 1771 1789 I RILR : onRequest() - id=20 token: 0xf69c4940
09-16 12:59:59.634 1771 1789 I RILR : CTE::HandleRequest() - id=20 token: 0xf69c4940
09-16 12:59:59.634 1771 1789 D RILC : [31312]< VOICE_REGISTRATION_STATE {1,c6fe,4c85,16,(null),(null),(null),(null),(null),(null),(null),(null),(null),0,(null),(null)}
09-16 12:59:59.634 1771 1789 I RILR : After OnRequestComplete(): token=0xf69c4940, eErrNo=0, pResponse=[0xf6cf5dc0], len=[64]
09-16 12:59:59.634 2771 2771 D PHONE : [ServiceState] setDataRegState=0
09-16 12:59:59.634 2771 2848 D RILJ : [4960]< VOICE_REGISTRATION_STATE {1, c6fe, 4c85, 16, null, null, null, null, null, null, null, null, null, 0, null, null} [SUB0]
09-16 12:59:59.634 2771 2771 D PHONE : [ServiceState] setDataRadioTechnology=2
09-16 12:59:59.634 2771 2771 D GsmSST : [GsmSST] handlPollStateResultMessage: GsmSST setDataRegState=0 regState=1 dataRadioTechnology=2
09-16 12:59:59.635 2771 2771 D PHONE : [ServiceState] setVoiceRegState=0
09-16 12:59:59.635 2771 2771 E PHONE : [ServiceState] setState deprecated use setVoiceRegState()
09-16 12:59:59.635 1771 1789 D RILC : [31313]> QUERY_NETWORK_SELECTION_MODE
09-16 12:59:59.635 1771 1789 I RILR : onRequest() - id=45 token: 0xf69c4940
09-16 12:59:59.635 1771 1789 I RILR : CTE::HandleRequest() - id=45 token: 0xf69c4940
09-16 12:59:59.635 1771 1789 I RILR : CRequestInfoTable::GetRequestInfo() - RequestID 45: Timeout [100000]
09-16 12:59:59.636 1771 8973 I RILR : CChannel::SendCommand() - chnl=[1] RILReqID=[45] retries=[0] Timeout=[100000] cmd1=[AT+COPS?] cmd2=[NULL]
09-16 12:59:59.636 1771 8973 I RILR : CChannelBase::WriteToPort() - INFO: chnl=[1] TX [AT+COPS?]
09-16 12:59:59.713 1771 8974 I RILR : CChannel::ProcessModemData() - INFO: chnl=[1] size=[32] RX [+COPS: 0,0,"o2 - de",0OK]
09-16 12:59:59.713 1771 8978 I RILR : CChannel::ProcessModemData() - INFO: chnl=[3] size=[70] RX [+XCOPS: 12,"o2 - de"+XCOPS: 11,"o2 - de"+XCOPS: 13,"26207"]
09-16 12:59:59.713 1771 8973 D RILC : [31313]< QUERY_NETWORK_SELECTION_MODE {0}
09-16 12:59:59.713 1771 8973 I RILR : After OnRequestComplete(): token=0xf69c4940, eErrNo=0, pResponse=[0xf730e5b0], len=[4]
09-16 12:59:59.714 2771 2848 D RILJ : [4961]< QUERY_NETWORK_SELECTION_MODE {0} [SUB0]
09-16 12:59:59.764 1771 8978 I RILR : CChannel::ProcessModemData() - INFO: chnl=[3] size=[28] RX [+XCOPS: 9,"MEDIONmobile"]
09-16 12:59:59.815 1771 8978 I RILR : CChannel::ProcessModemData() - INFO: chnl=[3] size=[29] RX [+XCOPS: 8,"o2 - de"OK]
09-16 12:59:59.815 1771 8977 D RILC : [31310]< OPERATOR {MEDIONmobile,o2 - de,26207}
09-16 12:59:59.816 1771 8977 I RILR : After OnRequestComplete(): token=0xf69c40e0, eErrNo=0, pResponse=[0xf69dda00], len=[12]
09-16 12:59:59.816 2771 2848 D RILJ : [4958]< OPERATOR {MEDIONmobile, o2 - de, 26207} [SUB0]
09-16 12:59:59.819 2771 2771 D GsmSST : [GsmSST] Poll ServiceState done: oldSS=[0 1 voice home data home MEDIONmobile o2 - de 26207 MEDIONmobile o2 - de 26207 GSM Unknown CSS not supported -1 -1 RoamInd=-1 DefRoamInd=-1 EmergOnly=false IsDataRoamingFromRegistration=false] newSS=[0 0 voice home data home MEDIONmobile o2 - de 26207 MEDIONmobile o2 - de 26207 GSM EDGE CSS not supported -1 -1 RoamInd=-1 DefRoamInd=-1 EmergOnly=false IsDataRoamingFromRegistration=false] oldMaxDataCalls=5 mNewMaxDataCalls=5 oldReasonDataDenied=-1 mNewReasonDataDenied=-1
09-16 12:59:59.819 2771 2771 D PHONE : [ServiceState] setNullState=1
09-16 12:59:59.820 2771 2771 D TelephonyManager: setTelephonyProperty: success phoneId=0 property=gsm.network.type value: GSM propVal=GSM,Unknown
09-16 12:59:59.821 2771 2771 D SIMRecords: [SIMRecords] getServiceProviderName: no brandOverride
09-16 12:59:59.821 2771 2771 D SIMRecords: [SIMRecords] getServiceProviderName: providerName=MEDIONmobile
09-16 12:59:59.821 2771 2771 D SIMRecords: [SIMRecords] getServiceProviderName: no brandOverride
09-16 12:59:59.821 2771 2771 D SIMRecords: [SIMRecords] getServiceProviderName: providerName=MEDIONmobile
09-16 12:59:59.824 2771 2771 D TelephonyManager: setTelephonyProperty: success phoneId=0 property=gsm.operator.alpha value: MEDIONmobile propVal=MEDIONmobile
09-16 12:59:59.825 2771 2771 D TelephonyManager: setTelephonyProperty: success phoneId=0 property=gsm.operator.numeric value: 26207 propVal=26207
09-16 12:59:59.827 2771 2771 D TelephonyManager: setTelephonyProperty: success phoneId=0 property=gsm.operator.iso-country value: de propVal=de
09-16 12:59:59.828 2771 2771 D GsmSST : [GsmSST] pollStateDone: no nitz but one TZ for iso-cc=de with zone.getID=Europe/Berlin testOneUniqueOffsetPath=false
09-16 12:59:59.828 2771 2771 D GsmSST : [GsmSST] setAndBroadcastNetworkSetTimeZone: setTimeZone=Europe/Berlin
09-16 12:59:59.832 2771 2771 D GsmSST : [GsmSST] setAndBroadcastNetworkSetTimeZone: call alarm.setTimeZone and broadcast zoneId=Europe/Berlin
09-16 12:59:59.833 2771 2771 D GsmSST : [GsmSST] shouldFixTimeZoneNow: retVal=false iccCardExist=true operatorNumeric=26207 mcc=262 prevOperatorNumeric=26207 prevMcc=262 needToFixTimeZone=false ltod=09-16 12:59:59.832
09-16 12:59:59.833 2771 2771 D TelephonyManager: setTelephonyProperty: success phoneId=0 property=gsm.operator.isroaming value: false propVal=false,false
09-16 12:59:59.834 2771 2771 D GsmSST : [GsmSST] Broadcasting ServiceState : 0 0 voice home data home MEDIONmobile o2 - de 26207 MEDIONmobile o2 - de 26207 GSM EDGE CSS not supported -1 -1 RoamInd=-1 DefRoamInd=-1 EmergOnly=false IsDataRoamingFromRegistration=false
09-16 12:59:59.835 2771 2771 D DefaultPhoneNotifier: nofityServiceState: mRegistry=com.android.internal.telephony.ITelephonyRegistry$Stub$Proxy@e7e294a ss=0 0 voice home data home MEDIONmobile o2 - de 26207 MEDIONmobile o2 - de 26207 GSM EDGE CSS not supported -1 -1 RoamInd=-1 DefRoamInd=-1 EmergOnly=false IsDataRoamingFromRegistration=false sender=Handler (com.android.internal.telephony.gsm.GSMPhone) {79c0554} phondId=0 subId=1
09-16 12:59:59.839 2771 2771 D SubscriptionController: getSimStateForSlotIdx: simState=READY ordinal=5
09-16 12:59:59.839 2089 2790 D SubscriptionManager: getSimStateForSubscriber: simState=5 slotIdx=0
09-16 12:59:59.840 2771 2771 D GsmSST : [GsmSST] notifyDataRegStateRilRadioTechnologyChanged: drs=0 rat=2
09-16 12:59:59.840 2771 2771 D TelephonyManager: setTelephonyProperty: success phoneId=0 property=gsm.network.type value: EDGE propVal=EDGE,Unknown
09-16 12:59:59.840 2771 2771 D DCT : [0]get all active apn types
09-16 12:59:59.840 2771 2771 D SubscriptionController: [getSubId]- numSubIds == 0, return DummySubIds slotIdx=1
09-16 12:59:59.840 2771 2771 D DctController: [TNF -3]Cellular releasing Network for NetworkRequest [ id=1, legacyType=-1, [ Capabilities: INTERNET&NOT_RESTRICTED&TRUSTED&NOT_VPN] ]
09-16 12:59:59.841 2771 2771 D SubscriptionController: [getSubId]- numSubIds == 0, return DummySubIds slotIdx=1
09-16 12:59:59.841 2771 2771 D DctController: [TNF -3]Sub Info has not been ready, remove request.
09-16 12:59:59.841 2771 2771 D DctController: [TNF 1]Cellular releasing Network for NetworkRequest [ id=1, legacyType=-1, [ Capabilities: INTERNET&NOT_RESTRICTED&TRUSTED&NOT_VPN] ]
09-16 12:59:59.841 2771 2771 D DctController: releaseNetwork request=NetworkRequest [ id=1, legacyType=-1, [ Capabilities: INTERNET&NOT_RESTRICTED&TRUSTED&NOT_VPN] ], requestInfo=[ request=NetworkRequest [ id=1, legacyType=-1, [ Capabilities: INTERNET&NOT_RESTRICTED&TRUSTED&NOT_VPN] ], executedPhoneId=-1, priority=0]
09-16 12:59:59.841 2771 2771 D DctController: releaseRequest, request= [ request=NetworkRequest [ id=1, legacyType=-1, [ Capabilities: INTERNET&NOT_RESTRICTED&TRUSTED&NOT_VPN] ], executedPhoneId=-1, priority=0]
09-16 12:59:59.841 2771 2771 D DctController: processRequests
09-16 12:59:59.841 2771 2900 D DC-1 : DcInactiveState nothandled msg.what=EVENT_DATA_CONNECTION_DRS_OR_RAT_CHANGED
09-16 12:59:59.841 2771 2771 D DCT : [0]handleMessage msg={ when=-1ms what=270377 obj=android.os.AsyncResult@4558d71 target=com.android.internal.telephony.dataconnection.DcTracker }
09-16 12:59:59.841 2771 2900 D DC-1 : DcDefault msg=EVENT_DATA_CONNECTION_DRS_OR_RAT_CHANGED RefCount=0
09-16 12:59:59.841 2771 2771 D DCT : [0]onUpdateIcc: newIccRecords com.android.internal.telephony.uicc.SIMRecords
09-16 12:59:59.841 2771 2771 D DCT : [0]Removing stale icc objects. com.android.internal.telephony.uicc.SIMRecords
09-16 12:59:59.841 2771 2771 D DCT : [0]New records found.
09-16 12:59:59.841 2771 2900 D DC-1 : DcDefaultState: EVENT_DATA_CONNECTION_DRS_OR_RAT_CHANGED drs=0 mRilRat=2
09-16 12:59:59.841 2771 2771 D DCT : [0]onUpdateIcc: tryRestartDataConnections nwTypeChanged
09-16 12:59:59.841 2771 2771 D DCT : [0]overall state is IDLE
09-16 12:59:59.842 2771 2771 D GSMPhone: [GSMPhone] updateCurrentCarrierInProvider: mSubId = 1 currentDds = 1 operatorNumeric = 26203
09-16 12:59:59.846 2771 20292 D SubscriptionController: [getActiveSubInfoList]+
09-16 12:59:59.847 2771 20292 D SubscriptionController: selection:sim_id>=0 null
09-16 12:59:59.882 2771 2771 D DCT : [0]tryRestartDataConnections: createAllApnList and cleanUpAllConnections
09-16 12:59:59.882 2771 2771 D DCT : [0]getOperatorNumberic - returning from card: 26203
09-16 12:59:59.882 2771 2771 D DCT : [0]createAllApnList: selection=numeric = '26203'
09-16 12:59:59.886 2771 20292 D SubscriptionController: [getSubInfoRecord] id:1 iccid:894921004XXXXXXXXXXX simSlotIndex:0 displayName:MEDIONmobile nameSource:2 iconTint:-16746133 dataRoaming:0 mcc:262 mnc:3 countIso:de userNwMode:9
09-16 12:59:59.888 2771 2771 D SIMRecords: [SIMRecords] getServiceProviderName: no brandOverride
09-16 12:59:59.888 2771 20292 D SubscriptionController: [getActiveSubInfoList]- 1 infos return
09-16 12:59:59.888 2771 2771 D SIMRecords: [SIMRecords] getServiceProviderName: providerName=MEDIONmobile
09-16 12:59:59.888 2771 2771 D SIMRecords: [SIMRecords] getServiceProviderName: no brandOverride
09-16 12:59:59.888 2771 2771 D SIMRecords: [SIMRecords] getServiceProviderName: providerName=MEDIONmobile
09-16 12:59:59.888 2771 2771 D SIMRecords: [SIMRecords] getServiceProviderName: no brandOverride
09-16 12:59:59.888 2771 2771 D SIMRecords: [SIMRecords] getServiceProviderName: providerName=MEDIONmobile
09-16 12:59:59.888 2771 20292 D SubscriptionController: [getActiveSubInfoForSubscriber]+ subId=1 subInfo={id=1, iccId=894921004XXXXXXXXXXX simSlotIndex=0 displayName=MEDIONmobile carrierName=MEDIONmobile nameSource=2 iconTint=-16746133 dataRoaming=0 iconBitmap=android.graphics.Bitmap@58b13d7 mcc 262 mnc 3 mUserNwMode=9}
09-16 12:59:59.888 2771 2771 D SIMRecords: [SIMRecords] getServiceProviderName: no brandOverride
09-16 12:59:59.888 2771 2771 D SIMRecords: [SIMRecords] getServiceProviderName: providerName=MEDIONmobile
09-16 12:59:59.889 2771 2771 D SIMRecords: [SIMRecords] getServiceProviderName: no brandOverride
09-16 12:59:59.889 2771 2771 D SIMRecords: [SIMRecords] getServiceProviderName: providerName=MEDIONmobile
09-16 12:59:59.889 2771 2771 D SIMRecords: [SIMRecords] getServiceProviderName: no brandOverride
09-16 12:59:59.889 2771 2771 D SIMRecords: [SIMRecords] getServiceProviderName: providerName=MEDIONmobile
09-16 12:59:59.889 2771 2771 D SIMRecords: [SIMRecords] getServiceProviderName: no brandOverride
09-16 12:59:59.889 2771 2771 D SIMRecords: [SIMRecords] getServiceProviderName: providerName=MEDIONmobile
09-16 12:59:59.889 2771 2771 D SIMRecords: [SIMRecords] getServiceProviderName: no brandOverride
09-16 12:59:59.889 2771 2771 D SIMRecords: [SIMRecords] getServiceProviderName: providerName=MEDIONmobile
09-16 12:59:59.889 2771 2771 D SIMRecords: [SIMRecords] getServiceProviderName: no brandOverride
09-16 12:59:59.889 2771 2771 D SIMRecords: [SIMRecords] getServiceProviderName: providerName=MEDIONmobile
09-16 12:59:59.889 2771 2771 D SIMRecords: [SIMRecords] getServiceProviderName: no brandOverride
09-16 12:59:59.889 2771 2771 D SIMRecords: [SIMRecords] getServiceProviderName: providerName=MEDIONmobile
09-16 12:59:59.889 2771 2771 D DCT : [0]createApnList: X result=[[ApnSettingV3] E-Plus Internet, 955, 26203, internet.eplus.de, , , , , , 3, default | supl, IP, IP, true, 0, 0, 0, false, 0, 0, 0, 0, , , [ApnSettingV3] Open Market: E-Plus WAP, 956, 26203, wap.eplus.de, 212.23.97.9, , , , 8080, 3, default | supl, IP, IP, true, 0, 0, 0, false, 0, 0, 0, 0, , , [ApnSettingV3] E-Plus MMS, 957, 26203, mms.eplus.de, , http://mms/eplus/, 212.23.97.153, 5080, , 3, mms, IP, IP, true, 0, 0, 0, false, 0, 0, 0, 0, , , [ApnSettingV3] blau DE MMS, 958, 26203, mms.eplus.de, , http://mms/eplus, 212.23.97.153, 5080, , 0, mms, IP, IP, true, 0, 0, 0, false, 0, 0, 0, 0, , , [ApnSettingV3] Sipgate, 959, 26203, sipgate, , , , , , 2, default | supl | mms, IP, IP, true, 0, 0, 0, false, 0, 0, 0, 0, , ]
09-16 12:59:59.894 2771 2771 D DCT : [0]getPreferredApn: mRequestedApnType=default cursor=android.content.ContentResolver$CursorWrapperInner@b8d24c4 cursor.count=1
09-16 12:59:59.894 2771 2771 D DCT : [0]getPreferredApn: apnSetting=[ApnSettingV3] E-Plus Internet, 955, 26203, internet.eplus.de, , , , , , 3, default | supl, IP, IP, true, 0, 0, 0, false, 0, 0, 0, 0, ,
09-16 12:59:59.894 2771 2771 D DCT : [0]getPreferredApn: X found apnSetting[ApnSettingV3] E-Plus Internet, 955, 26203, internet.eplus.de, , , , , , 3, default | supl, IP, IP, true, 0, 0, 0, false, 0, 0, 0, 0, ,
09-16 12:59:59.894 2771 2771 D DCT : [0]createAllApnList: mPreferredApn=[ApnSettingV3] E-Plus Internet, 955, 26203, internet.eplus.de, , , , , , 3, default | supl, IP, IP, true, 0, 0, 0, false, 0, 0, 0, 0, ,
09-16 12:59:59.894 2771 2771 D DCT : [0]createAllApnList: X mAllApnSettings=[[ApnSettingV3] E-Plus Internet, 955, 26203, internet.eplus.de, , , , , , 3, default | supl, IP, IP, true, 0, 0, 0, false, 0, 0, 0, 0, , , [ApnSettingV3] Open Market: E-Plus WAP, 956, 26203, wap.eplus.de, 212.23.97.9, , , , 8080, 3, default | supl, IP, IP, true, 0, 0, 0, false, 0, 0, 0, 0, , , [ApnSettingV3] E-Plus MMS, 957, 26203, mms.eplus.de, , http://mms/eplus/, 212.23.97.153, 5080, , 3, mms, IP, IP, true, 0, 0, 0, false, 0, 0, 0, 0, , , [ApnSettingV3] blau DE MMS, 958, 26203, mms.eplus.de, , http://mms/eplus, 212.23.97.153, 5080, , 0, mms, IP, IP, true, 0, 0, 0, false, 0, 0, 0, 0, , , [ApnSettingV3] Sipgate, 959, 26203, sipgate, , , , , , 2, default | supl | mms, IP, IP, true, 0, 0, 0, false, 0, 0, 0, 0, , ]
09-16 12:59:59.895 2771 2771 D DCT : [0]setDataProfilesAsNeeded
09-16 12:59:59.895 2771 2771 D DCT : [0]setInitialApn: E preferredApn=[ApnSettingV3] E-Plus Internet, 955, 26203, internet.eplus.de, , , , , , 3, default | supl, IP, IP, true, 0, 0, 0, false, 0, 0, 0, 0, ,
09-16 12:59:59.895 2771 2771 D DCT : [0]setInitialApn: firstApnSetting=[ApnSettingV3] E-Plus Internet, 955, 26203, internet.eplus.de, , , , , , 3, default | supl, IP, IP, true, 0, 0, 0, false, 0, 0, 0, 0, ,
09-16 12:59:59.895 2771 2771 D DCT : [0]setInitialApn: defaultApnSetting=[ApnSettingV3] E-Plus Internet, 955, 26203, internet.eplus.de, , , , , , 3, default | supl, IP, IP, true, 0, 0, 0, false, 0, 0, 0, 0, ,
09-16 12:59:59.895 2771 2771 D DCT : [0]setInitialAttachApn: using preferredApn
09-16 12:59:59.895 2771 2771 D DCT : [0]setInitialAttachApn: X selected Apn=[ApnSettingV3] E-Plus Internet, 955, 26203, internet.eplus.de, , , , , , 3, default | supl, IP, IP, true, 0, 0, 0, false, 0, 0, 0, 0, ,
09-16 12:59:59.895 2771 2771 D RILJ : Set RIL_REQUEST_SET_INITIAL_ATTACH_APN [SUB0]
09-16 12:59:59.895 2771 2771 D RILJ : [4962]> RIL_REQUEST_SET_INITIAL_ATTACH_APN, apn:internet.eplus.de, protocol:IP, authType:3, username:eplus, password:internet [SUB0]
09-16 12:59:59.896 2771 2771 D DCT : [0]cleanUpAllConnections: tearDown=false reason=nwTypeChanged
09-16 12:59:59.896 2771 2771 D DCT : [0]cleanUpConnection: tearDown=false reason=nwTypeChanged apnContext={mApnType=default mState=IDLE mWaitingApns={[[ApnSettingV3] E-Plus Internet, 955, 26203, internet.eplus.de, , , , , , 3, default | supl, IP, IP, true, 0, 0, 0, false, 0, 0, 0, 0, , ]} mWaitingApnsPermanentFailureCountDown=1 mApnSetting={null} mReason=nwTypeChanged mDataEnabled=false mDependencyMet=true}
09-16 12:59:59.896 1771 1789 D RILC : [31314]> RIL_REQUEST_SET_INITIAL_ATTACH_APN (apn=internet.eplus.de, protocol=IP, authtype=3, username=eplus, password=internet)
09-16 12:59:59.896 1771 1789 I RILR : onRequest() - id=111 token: 0xf69c4980
09-16 12:59:59.896 1771 1789 I RILR : CTE::HandleRequest() - id=111 token: 0xf69c4980
09-16 12:59:59.896 1771 1789 I RILR : CoreSetInitialAttachApn gsm.network.mode=0,szSelectMode=auto,szKey=gsm.network.mode0
09-16 12:59:59.897 1771 1789 I RILR : CRequestInfoTable::GetRequestInfo() - RequestID 111: Timeout [300000]
09-16 12:59:59.897 1771 8983 I RILR : CChannel::SendCommand() - chnl=[6] RILReqID=[111] retries=[0] Timeout=[300000] cmd1=[AT+CGDCONT=1,"IP","internet.eplus.de",,,,,,0,0;+XGAUTH=1,1,"eplus","internet";+XDNS=1,1] cmd2=[NULL]
09-16 12:59:59.897 1771 8983 I RILR : CChannelBase::WriteToPort() - INFO: chnl=[6] TX [AT+CGDCONT=1,"IP","internet.eplus.de",,,,,,0,0;+XGAUTH=1,1,"eplus","internet";+XDNS=1,1]
09-16 12:59:59.897 2771 2771 D DCT : [0]isDataAllowed: not allowed due to - Attached= false
09-16 12:59:59.900 2771 3222 D SubscriptionController: getSubscriptionProperty Query value = 1
09-16 12:59:59.900 2089 2101 D TelephonyRegistry: Notify data connection state changed on sub: 1
09-16 12:59:59.900 2089 2101 D TelephonyRegistry: Notify data connection state changed on sub: 1
09-16 12:59:59.900 1771 8984 I RILR : CChannel::ProcessModemData() - INFO: chnl=[6] size=[6] RX [OK]
09-16 12:59:59.900 1771 8983 I RILR : CTE::PostSetInitialAttachApnCmdHandler() - size=92,mode=auto
09-16 12:59:59.900 1771 8983 I RILR : CTE::PostSetInitialAttachApnCmdHandler() - state=[0]
09-16 12:59:59.900 1771 8983 I RILR : E_NETWORK_SELECTION_MODE_AUTOMATIC init attach set auto
09-16 12:59:59.900 1771 8983 E RILR : m_NetworkSelectionModeParams.mode=0,m_bSIMRemoved=0
09-16 12:59:59.900 1771 8983 I RILR : CRequestInfoTable::GetRequestInfo() - RequestID 46: Timeout [300000]
09-16 12:59:59.900 1771 8983 D RILC : [31314]< RIL_REQUEST_SET_INITIAL_ATTACH_APN
09-16 12:59:59.901 1771 8983 I RILR : After OnRequestComplete(): token=0xf69c4980, eErrNo=0, pResponse=[0x00000000], len=[0]
09-16 12:59:59.901 1771 8983 I RILR : CChannel::SendCommand() - chnl=[6] RILReqID=[46] retries=[0] Timeout=[300000] cmd1=[AT+COPS=0] cmd2=[NULL]
09-16 12:59:59.901 1771 8983 I RILR : CChannelBase::WriteToPort() - INFO: chnl=[6] TX [AT+COPS=0]
09-16 12:59:59.901 2771 2848 D RILJ : [4962]< RIL_REQUEST_SET_INITIAL_ATTACH_APN [SUB0]
09-16 12:59:59.901 2771 2771 D DCT : [0]setupDataForSinglePdn: reason = nwTypeChanged isDisconnected = true
09-16 12:59:59.901 2771 2771 D DCT : [0]isOnlySingleDcAllowed(2): false
09-16 12:59:59.901 2771 2771 D DCT : [0]cleanUpConnection: X tearDown=false reason=nwTypeChanged apnContext={mApnType=default mState=IDLE mWaitingApns={[[ApnSettingV3] E-Plus Internet, 955, 26203, internet.eplus.de, , , , , , 3, default | supl, IP, IP, true, 0, 0, 0, false, 0, 0, 0, 0, , ]} mWaitingApnsPermanentFailureCountDown=1 mApnSetting={null} mReason=nwTypeChanged mDataEnabled=false mDependencyMet=true} dcac=null
09-16 12:59:59.901 2771 2771 D DCT : [0]cleanUpConnection: tearDown=false reason=nwTypeChanged apnContext={mApnType=mms mState=IDLE mWaitingApns={null} mWaitingApnsPermanentFailureCountDown=0 mApnSetting={null} mReason=nwTypeChanged mDataEnabled=false mDependencyMet=true}
09-16 12:59:59.902 2771 2771 D DCT : [0]isDataAllowed: not allowed due to - Attached= false
09-16 12:59:59.904 2771 2771 D DCT : [0]setupDataForSinglePdn: reason = nwTypeChanged isDisconnected = true
09-16 12:59:59.904 2771 2771 D DCT : [0]isOnlySingleDcAllowed(2): false
09-16 12:59:59.904 2771 2771 D DCT : [0]cleanUpConnection: X tearDown=false reason=nwTypeChanged apnContext={mApnType=mms mState=IDLE mWaitingApns={null} mWaitingApnsPermanentFailureCountDown=0 mApnSetting={null} mReason=nwTypeChanged mDataEnabled=false mDependencyMet=true} dcac=null
09-16 12:59:59.904 2771 2771 D DCT : [0]cleanUpConnection: tearDown=false reason=nwTypeChanged apnContext={mApnType=cbs mState=IDLE mWaitingApns={null} mWaitingApnsPermanentFailureCountDown=0 mApnSetting={null} mReason=nwTypeChanged mDataEnabled=false mDependencyMet=true}
09-16 12:59:59.905 2771 2771 D DCT : [0]isDataAllowed: not allowed due to - Attached= false
09-16 12:59:59.907 2771 2771 D DCT : [0]setupDataForSinglePdn: reason = nwTypeChanged isDisconnected = true
09-16 12:59:59.908 2771 2771 D DCT : [0]isOnlySingleDcAllowed(2): false
09-16 12:59:59.908 2771 2771 D DCT : [0]cleanUpConnection: X tearDown=false reason=nwTypeChanged apnContext={mApnType=cbs mState=IDLE mWaitingApns={null} mWaitingApnsPermanentFailureCountDown=0 mApnSetting={null} mReason=nwTypeChanged mDataEnabled=false mDependencyMet=true} dcac=null
09-16 12:59:59.908 2771 2771 D DCT : [0]cleanUpConnection: tearDown=false reason=nwTypeChanged apnContext={mApnType=fota mState=IDLE mWaitingApns={null} mWaitingApnsPermanentFailureCountDown=0 mApnSetting={null} mReason=nwTypeChanged mDataEnabled=false mDependencyMet=true}
09-16 12:59:59.909 2771 2771 D DCT : [0]isDataAllowed: not allowed due to - Attached= false
09-16 12:59:59.910 2771 2783 D SubscriptionController: getSubscriptionProperty Query value = 0
09-16 12:59:59.911 2771 2771 D DCT : [0]setupDataForSinglePdn: reason = nwTypeChanged isDisconnected = true
09-16 12:59:59.911 2771 2771 D DCT : [0]isOnlySingleDcAllowed(2): false
09-16 12:59:59.911 2771 2771 D DCT : [0]cleanUpConnection: X tearDown=false reason=nwTypeChanged apnContext={mApnType=fota mState=IDLE mWaitingApns={null} mWaitingApnsPermanentFailureCountDown=0 mApnSetting={null} mReason=nwTypeChanged mDataEnabled=false mDependencyMet=true} dcac=null
09-16 12:59:59.911 2771 2771 D DCT : [0]cleanUpConnection: tearDown=false reason=nwTypeChanged apnContext={mApnType=supl mState=IDLE mWaitingApns={null} mWaitingApnsPermanentFailureCountDown=0 mApnSetting={null} mReason=nwTypeChanged mDataEnabled=false mDependencyMet=true}
09-16 12:59:59.912 2771 2771 D DCT : [0]isDataAllowed: not allowed due to - Attached= false
09-16 12:59:59.914 2771 3222 D SubscriptionController: getSubscriptionProperty Query value = 1
09-16 12:59:59.915 2771 2771 D DCT : [0]setupDataForSinglePdn: reason = nwTypeChanged isDisconnected = true
09-16 12:59:59.915 2771 2771 D DCT : [0]isOnlySingleDcAllowed(2): false
09-16 12:59:59.915 2771 2771 D DCT : [0]cleanUpConnection: X tearDown=false reason=nwTypeChanged apnContext={mApnType=supl mState=IDLE mWaitingApns={null} mWaitingApnsPermanentFailureCountDown=0 mApnSetting={null} mReason=nwTypeChanged mDataEnabled=false mDependencyMet=true} dcac=null
09-16 12:59:59.915 2771 2771 D DCT : [0]cleanUpConnection: tearDown=false reason=nwTypeChanged apnContext={mApnType=ia mState=IDLE mWaitingApns={null} mWaitingApnsPermanentFailureCountDown=0 mApnSetting={null} mReason=nwTypeChanged mDataEnabled=false mDependencyMet=true}
09-16 12:59:59.916 2771 2771 D DCT : [0]isDataAllowed: not allowed due to - Attached= false
09-16 12:59:59.919 2771 2771 D DCT : [0]setupDataForSinglePdn: reason = nwTypeChanged isDisconnected = true
09-16 12:59:59.919 2771 2771 D DCT : [0]isOnlySingleDcAllowed(2): false
09-16 12:59:59.919 2771 2771 D DCT : [0]cleanUpConnection: X tearDown=false reason=nwTypeChanged apnContext={mApnType=ia mState=IDLE mWaitingApns={null} mWaitingApnsPermanentFailureCountDown=0 mApnSetting={null} mReason=nwTypeChanged mDataEnabled=false mDependencyMet=true} dcac=null
09-16 12:59:59.919 2771 2771 D DCT : [0]cleanUpConnection: tearDown=false reason=nwTypeChanged apnContext={mApnType=emergency mState=IDLE mWaitingApns={null} mWaitingApnsPermanentFailureCountDown=0 mApnSetting={null} mReason=nwTypeChanged mDataEnabled=false mDependencyMet=true}
09-16 12:59:59.920 2771 3089 D SubscriptionController: getSubscriptionProperty Query value = 1
09-16 12:59:59.922 2771 2771 D DCT : [0]setupDataForSinglePdn: reason = nwTypeChanged isDisconnected = true
09-16 12:59:59.922 2771 2771 D DCT : [0]isOnlySingleDcAllowed(2): false
09-16 12:59:59.922 2771 2771 D DCT : [0]cleanUpConnection: X tearDown=false reason=nwTypeChanged apnContext={mApnType=emergency mState=IDLE mWaitingApns={null} mWaitingApnsPermanentFailureCountDown=0 mApnSetting={null} mReason=nwTypeChanged mDataEnabled=false mDependencyMet=true} dcac=null
09-16 12:59:59.922 2771 2771 D DCT : [0]cleanUpConnection: tearDown=false reason=nwTypeChanged apnContext={mApnType=dun mState=IDLE mWaitingApns={null} mWaitingApnsPermanentFailureCountDown=0 mApnSetting={null} mReason=nwTypeChanged mDataEnabled=false mDependencyMet=true}
09-16 12:59:59.925 2771 2771 D DCT : [0]isDataAllowed: not allowed due to - Attached= false
09-16 12:59:59.925 2771 9482 D SubscriptionController: getSubscriptionProperty Query value = 1
09-16 12:59:59.927 2771 2771 D DCT : [0]setupDataForSinglePdn: reason = nwTypeChanged isDisconnected = true
09-16 12:59:59.928 2771 2771 D DCT : [0]isOnlySingleDcAllowed(2): false
09-16 12:59:59.928 2771 2771 D DCT : [0]cleanUpConnection: X tearDown=false reason=nwTypeChanged apnContext={mApnType=dun mState=IDLE mWaitingApns={null} mWaitingApnsPermanentFailureCountDown=0 mApnSetting={null} mReason=nwTypeChanged mDataEnabled=false mDependencyMet=true} dcac=null
09-16 12:59:59.928 2771 2771 D DCT : [0]cleanUpConnection: tearDown=false reason=nwTypeChanged apnContext={mApnType=hipri mState=IDLE mWaitingApns={null} mWaitingApnsPermanentFailureCountDown=0 mApnSetting={null} mReason=nwTypeChanged mDataEnabled=false mDependencyMet=true}
09-16 12:59:59.929 2771 2771 D DCT : [0]isDataAllowed: not allowed due to - Attached= false
09-16 12:59:59.931 2771 9576 D SubscriptionController: getSubscriptionProperty Query value = 0
09-16 12:59:59.932 2771 2771 D DCT : [0]setupDataForSinglePdn: reason = nwTypeChanged isDisconnected = true
09-16 12:59:59.932 2771 2771 D DCT : [0]isOnlySingleDcAllowed(2): false
09-16 12:59:59.933 2771 2771 D DCT : [0]cleanUpConnection: X tearDown=false reason=nwTypeChanged apnContext={mApnType=hipri mState=IDLE mWaitingApns={null} mWaitingApnsPermanentFailureCountDown=0 mApnSetting={null} mReason=nwTypeChanged mDataEnabled=false mDependencyMet=true} dcac=null
09-16 12:59:59.933 2771 2771 D DCT : [0]cleanUpConnection: tearDown=false reason=nwTypeChanged apnContext={mApnType=ims mState=IDLE mWaitingApns={null} mWaitingApnsPermanentFailureCountDown=0 mApnSetting={null} mReason=nwTypeChanged mDataEnabled=false mDependencyMet=true}
09-16 12:59:59.933 2771 2771 D DCT : [0]isDataAllowed: not allowed due to - Attached= false
09-16 12:59:59.937 2771 2771 D DCT : [0]setupDataForSinglePdn: reason = nwTypeChanged isDisconnected = true
09-16 12:59:59.937 2771 2771 D DCT : [0]isOnlySingleDcAllowed(2): false
09-16 12:59:59.937 2771 9806 D PhoneFactory: SMS Prompt option:false
09-16 12:59:59.937 2771 2771 D DCT : [0]cleanUpConnection: X tearDown=false reason=nwTypeChanged apnContext={mApnType=ims mState=IDLE mWaitingApns={null} mWaitingApnsPermanentFailureCountDown=0 mApnSetting={null} mReason=nwTypeChanged mDataEnabled=false mDependencyMet=true} dcac=null
09-16 12:59:59.937 2771 2771 D DCT : [0]stopNetStatPoll
09-16 12:59:59.938 2771 9806 D SubscriptionController: [getActiveSubInfoList]+
09-16 12:59:59.938 2771 9806 D SubscriptionController: selection:sim_id>=0 null
09-16 12:59:59.939 2771 2771 D DCT : [0]cleanUpConnection: mDisconnectPendingCount = 0
09-16 12:59:59.939 2771 2771 D DCT : [0]setupDataOnConnectableApns: nwTypeChanged
09-16 12:59:59.939 2771 2771 D DCT : [0]setupDataOnConnectableApns: apnContext {mApnType=dun mState=IDLE mWaitingApns={null} mWaitingApnsPermanentFailureCountDown=0 mApnSetting={null} mReason=nwTypeChanged mDataEnabled=false mDependencyMet=true}
09-16 12:59:59.939 2771 2771 D DCT : [0]setupDataOnConnectableApns: apnContext {mApnType=hipri mState=IDLE mWaitingApns={null} mWaitingApnsPermanentFailureCountDown=0 mApnSetting={null} mReason=nwTypeChanged mDataEnabled=false mDependencyMet=true}
09-16 12:59:59.939 2771 2771 D DCT : [0]setupDataOnConnectableApns: apnContext {mApnType=supl mState=IDLE mWaitingApns={null} mWaitingApnsPermanentFailureCountDown=0 mApnSetting={null} mReason=nwTypeChanged mDataEnabled=false mDependencyMet=true}
09-16 12:59:59.939 2771 2771 D DCT : [0]setupDataOnConnectableApns: apnContext {mApnType=cbs mState=IDLE mWaitingApns={null} mWaitingApnsPermanentFailureCountDown=0 mApnSetting={null} mReason=nwTypeChanged mDataEnabled=false mDependencyMet=true}
09-16 12:59:59.939 2771 2771 D DCT : [0]setupDataOnConnectableApns: apnContext {mApnType=mms mState=IDLE mWaitingApns={null} mWaitingApnsPermanentFailureCountDown=0 mApnSetting={null} mReason=nwTypeChanged mDataEnabled=false mDependencyMet=true}
09-16 12:59:59.939 2771 2771 D DCT : [0]setupDataOnConnectableApns: apnContext {mApnType=fota mState=IDLE mWaitingApns={null} mWaitingApnsPermanentFailureCountDown=0 mApnSetting={null} mReason=nwTypeChanged mDataEnabled=false mDependencyMet=true}
09-16 12:59:59.939 2771 2771 D DCT : [0]setupDataOnConnectableApns: apnContext {mApnType=ims mState=IDLE mWaitingApns={null} mWaitingApnsPermanentFailureCountDown=0 mApnSetting={null} mReason=nwTypeChanged mDataEnabled=false mDependencyMet=true}
09-16 12:59:59.939 2771 2771 D DCT : [0]setupDataOnConnectableApns: apnContext {mApnType=default mState=IDLE mWaitingApns={[[ApnSettingV3] E-Plus Internet, 955, 26203, internet.eplus.de, , , , , , 3, default | supl, IP, IP, true, 0, 0, 0, false, 0, 0, 0, 0, , ]} mWaitingApnsPermanentFailureCountDown=1 mApnSetting={null} mReason=nwTypeChanged mDataEnabled=false mDependencyMet=true}
09-16 12:59:59.939 2771 2771 D DCT : [0]setupDataOnConnectableApns: apnContext {mApnType=ia mState=IDLE mWaitingApns={null} mWaitingApnsPermanentFailureCountDown=0 mApnSetting={null} mReason=nwTypeChanged mDataEnabled=false mDependencyMet=true}
09-16 12:59:59.939 2771 2771 D DCT : [0]setupDataOnConnectableApns: apnContext {mApnType=emergency mState=IDLE mWaitingApns={null} mWaitingApnsPermanentFailureCountDown=0 mApnSetting={null} mReason=nwTypeChanged mDataEnabled=false mDependencyMet=true}
09-16 12:59:59.940 2771 2771 D DCT : [0]handleMessage msg={ when=-99ms what=270352 obj=android.os.AsyncResult@fe48fad target=com.android.internal.telephony.dataconnection.DcTracker }
09-16 12:59:59.940 2771 2771 D DCT : [0]onDataConnectionAttached
09-16 12:59:59.940 2771 2771 D DCT : [0]overall state is IDLE
09-16 12:59:59.942 2771 9806 D SubscriptionController: [getSubInfoRecord] id:1 iccid:894921004XXXXXXXXXXX simSlotIndex:0 displayName:MEDIONmobile nameSource:2 iconTint:-16746133 dataRoaming:0 mcc:262 mnc:3 countIso:de userNwMode:9
09-16 12:59:59.945 2771 9806 D SubscriptionController: [getActiveSubInfoList]- 1 infos return
09-16 12:59:59.946 2771 3089 D RILJ : [4963]> RIL_REQUEST_GSM_BROADCAST_ACTIVATION [SUB0]
09-16 12:59:59.947 1771 1789 D RILC : [31315]> RIL_REQUEST_GSM_SMS_BROADCAST_ACTIVATION (0)
09-16 12:59:59.948 1771 1789 I RILR : onRequest() - id=91 token: 0xf69c49c0
09-16 12:59:59.948 1771 1789 I RILR : CTE::HandleRequest() - id=91 token: 0xf69c49c0
09-16 12:59:59.948 1771 1789 I RILR : Calling gs_pRilEnv->RequestTimedCallback() sec=[0] usec=[100000]
09-16 12:59:59.948 1771 1789 D RILC : [31315]< RIL_REQUEST_GSM_SMS_BROADCAST_ACTIVATION
09-16 12:59:59.948 1771 1789 I RILR : After OnRequestComplete(): token=0xf69c49c0, eErrNo=0, pResponse=[0x00000000], len=[0]
09-16 12:59:59.948 2771 2848 D RILJ : [4963]< RIL_REQUEST_GSM_BROADCAST_ACTIVATION [SUB0]
09-16 12:59:59.968 2771 2771 D DCT : [0]setupDataOnConnectableApns: dataAttached
