09-16 12:54:28.964 2771 9576 I chatty : uid=1001(radio) Binder_9 expire 4 lines
09-16 12:54:28.964 2089 2101 D SubscriptionManager: getSimStateForSubscriber: simState=5 slotIdx=0
09-16 12:54:28.984 2771 4805 I chatty : uid=1001(radio) Binder_B expire 7 lines
09-16 12:54:28.984 2324 2324 D SubscriptionManager: getSimStateForSubscriber: simState=5 slotIdx=0
09-16 12:54:29.057 2771 2771 I chatty : uid=1001(radio) com.android.phone expire 79 lines
09-16 12:54:29.059 2771 9163 I chatty : uid=1001(radio) com.android.phone expire 4 lines
09-16 12:54:29.491 1771 8980 I chatty : uid=1001(radio) /system/bin/rild expire 31 lines
09-16 12:54:29.512 1777 2226 I chatty : uid=1001(radio) /system/bin/rild expire 15 lines
09-16 12:54:29.514 2089 2713 D TelephonyRegistry: notifySignalStrengthForSubscriber: invalid phoneId=-1
09-16 12:54:31.157 2771 9806 I chatty : uid=1001(radio) Binder_7 expire 3 lines
09-16 12:54:31.157 2324 3233 D SubscriptionManager: getSimStateForSubscriber: simState=5 slotIdx=0
09-16 12:54:31.173 2771 3089 I chatty : uid=1001(radio) Binder_3 expire 3 lines
09-16 12:54:32.328 2324 3233 D SubscriptionManager: getSimStateForSubscriber: simState=5 slotIdx=0
09-16 12:54:32.338 2771 26948 I chatty : uid=1001(radio) Binder_8 expire 2 lines
09-16 12:54:32.361 2771 20292 I chatty : uid=1001(radio) Binder_A expire 1 line
09-16 12:54:32.362 2324 3233 D SubscriptionManager: getSimStateForSubscriber: simState=5 slotIdx=0
09-16 12:54:32.399 2771 3107 I chatty : uid=1001(radio) Binder_4 expire 1 line
09-16 12:54:32.400 2324 3233 D SubscriptionManager: getSimStateForSubscriber: simState=5 slotIdx=0
09-16 12:54:32.406 2324 3233 D SubscriptionManager: getSimStateForSubscriber: simState=5 slotIdx=0
09-16 12:54:32.410 2771 3222 I chatty : uid=1001(radio) Binder_5 expire 1 line
09-16 12:54:32.411 2324 3233 D SubscriptionManager: getSimStateForSubscriber: simState=5 slotIdx=0
09-16 12:54:32.414 2324 3233 D SubscriptionManager: getSimStateForSubscriber: simState=5 slotIdx=0
09-16 12:54:34.322 2771 9576 I chatty : uid=1001(radio) Binder_9 expire 1 line
09-16 12:54:34.323 2324 3233 D SubscriptionManager: getSimStateForSubscriber: simState=5 slotIdx=0
09-16 12:54:34.569 2771 2862 I chatty : uid=1001(radio) RILReceiver1 expire 5 lines
09-16 12:54:34.573 1777 1791 I chatty : uid=1001(radio) /system/bin/rild expire 19 lines
09-16 12:54:34.575 1777 2219 I chatty : uid=1001(radio) /system/bin/rild expire 10 lines
09-16 12:54:34.581 1777 2220 I chatty : uid=1001(radio) /system/bin/rild expire 6 lines
09-16 12:54:34.607 2771 2786 I chatty : uid=1001(radio) Binder_2 expire 4 lines
09-16 12:54:34.609 2771 3295 I chatty : uid=1001(radio) Binder_6 expire 4 lines
09-16 12:54:34.631 2089 2692 D SubscriptionManager: getSimStateForSubscriber: simState=5 slotIdx=0
09-16 12:54:34.633 2324 2324 D SubscriptionManager: getSimStateForSubscriber: simState=5 slotIdx=0
09-16 12:54:34.745 2771 9183 I chatty : uid=1001(radio) com.android.phone expire 4 lines
09-16 12:54:35.420 2324 3233 D SubscriptionManager: getSimStateForSubscriber: simState=5 slotIdx=0
09-16 12:55:23.672 2089 2790 D TelephonyRegistry: notifySignalStrengthForSubscriber: invalid phoneId=-1
09-16 12:55:26.602 2771 2771 I chatty : uid=1001(radio) com.android.phone expire 15 lines
09-16 12:55:33.193 2771 2848 I chatty : uid=1001(radio) RILReceiver0 expire 5 lines
09-16 12:55:33.195 1771 1789 I chatty : uid=1001(radio) /system/bin/rild expire 22 lines
09-16 12:55:33.199 1771 8973 I chatty : uid=1001(radio) /system/bin/rild expire 11 lines
09-16 12:55:33.203 1771 8974 I chatty : uid=1001(radio) /system/bin/rild expire 9 lines
09-16 12:56:06.226 1771 1789 I chatty : uid=1001(radio) /system/bin/rild expire 11 lines
09-16 12:56:06.226 2771 2848 I chatty : uid=1001(radio) RILReceiver0 expire 10 lines
09-16 12:56:06.227 1771 8979 I chatty : uid=1001(radio) /system/bin/rild expire 12 lines
09-16 12:56:06.228 2771 2771 I chatty : uid=1001(radio) com.android.phone expire 24 lines
09-16 12:56:06.231 1777 1791 I chatty : uid=1001(radio) /system/bin/rild expire 31 lines
09-16 12:56:06.231 2771 2862 I chatty : uid=1001(radio) RILReceiver1 expire 7 lines
09-16 12:56:06.231 1777 2225 I chatty : uid=1001(radio) /system/bin/rild expire 10 lines
09-16 12:56:06.246 1777 2226 I chatty : uid=1001(radio) /system/bin/rild expire 2 lines
09-16 12:56:06.325 1771 8980 I chatty : uid=1001(radio) /system/bin/rild expire 20 lines
09-16 12:56:12.201 2771 20292 I chatty : uid=1001(radio) Binder_A expire 3 lines
09-16 12:56:12.251 2771 3295 I chatty : uid=1001(radio) Binder_6 expire 2 lines
09-16 12:56:12.264 2324 3233 D SubscriptionManager: getSimStateForSubscriber: simState=5 slotIdx=0
09-16 12:56:12.272 2771 9576 I chatty : uid=1001(radio) Binder_9 expire 2 lines
09-16 12:56:12.289 2771 26948 I chatty : uid=1001(radio) Binder_8 expire 2 lines
09-16 12:56:12.289 2324 3233 D SubscriptionManager: getSimStateForSubscriber: simState=5 slotIdx=0
09-16 12:56:12.299 2771 2783 I chatty : uid=1001(radio) Binder_1 expire 2 lines
09-16 12:56:12.335 2324 3233 D SubscriptionManager: getSimStateForSubscriber: simState=5 slotIdx=0
09-16 12:56:12.337 2324 3233 D SubscriptionManager: getSimStateForSubscriber: simState=5 slotIdx=0
09-16 12:56:12.341 2324 3233 D SubscriptionManager: getSimStateForSubscriber: simState=5 slotIdx=0
09-16 12:56:12.344 2771 4805 I chatty : uid=1001(radio) Binder_B expire 2 lines
09-16 12:56:12.344 2324 3233 D SubscriptionManager: getSimStateForSubscriber: simState=5 slotIdx=0
09-16 12:56:21.892 2771 9806 I chatty : uid=1001(radio) Binder_7 expire 1 line
09-16 12:56:21.892 2324 3233 D SubscriptionManager: getSimStateForSubscriber: simState=5 slotIdx=0
09-16 12:56:21.991 1777 2219 I chatty : uid=1001(radio) /system/bin/rild expire 14 lines
09-16 12:56:22.002 2324 3233 D SubscriptionManager: getSimStateForSubscriber: simState=5 slotIdx=0
09-16 12:56:22.005 1777 2220 I chatty : uid=1001(radio) /system/bin/rild expire 7 lines
09-16 12:56:22.008 2771 2771 I chatty : uid=1001(radio) com.android.phone expire 27 lines
09-16 12:56:22.008 2089 2790 D TelephonyRegistry: notifySignalStrengthForSubscriber: invalid phoneId=-1
09-16 12:56:22.053 1771 8973 I chatty : uid=1001(radio) /system/bin/rild expire 25 lines
09-16 12:56:22.055 1771 1789 I chatty : uid=1001(radio) /system/bin/rild expire 39 lines
09-16 12:56:26.430 2324 3233 D SubscriptionManager: getSimStateForSubscriber: simState=5 slotIdx=0
09-16 12:56:27.860 1771 8973 I chatty : uid=1001(radio) /system/bin/rild expire 11 lines
09-16 12:56:27.863 1771 8974 I chatty : uid=1001(radio) /system/bin/rild expire 3 lines
09-16 12:56:27.865 2771 2848 I chatty : uid=1001(radio) RILReceiver0 expire 2 lines
09-16 12:56:27.865 2771 2771 I chatty : uid=1001(radio) com.android.phone expire 36 lines
09-16 12:56:28.049 1771 8980 I chatty : uid=1001(radio) /system/bin/rild expire 12 lines
09-16 12:56:28.098 1777 2226 I chatty : uid=1001(radio) /system/bin/rild expire 12 lines
09-16 12:56:28.100 2089 2788 D TelephonyRegistry: notifySignalStrengthForSubscriber: invalid phoneId=-1
09-16 12:57:16.887 2771 2862 I chatty : uid=1001(radio) RILReceiver1 expire 10 lines
09-16 12:57:16.889 1777 1791 I chatty : uid=1001(radio) /system/bin/rild expire 39 lines
09-16 12:57:16.894 1777 2219 I chatty : uid=1001(radio) /system/bin/rild expire 14 lines
09-16 12:57:16.899 1777 2220 I chatty : uid=1001(radio) /system/bin/rild expire 8 lines
09-16 12:57:16.913 2771 3295 I chatty : uid=1001(radio) Binder_6 expire 4 lines
09-16 12:57:16.917 2771 9806 I chatty : uid=1001(radio) Binder_7 expire 5 lines
09-16 12:57:16.933 2771 20292 I chatty : uid=1001(radio) Binder_A expire 4 lines
09-16 12:57:16.934 2089 2757 D SubscriptionManager: getSimStateForSubscriber: simState=5 slotIdx=0
09-16 12:57:16.937 2771 2771 I chatty : uid=1001(radio) com.android.phone expire 69 lines
09-16 12:57:16.944 2771 9576 I chatty : uid=1001(radio) Binder_9 expire 4 lines
09-16 12:57:16.945 2324 2324 D SubscriptionManager: getSimStateForSubscriber: simState=5 slotIdx=0
09-16 12:57:16.952 2771 3222 I chatty : uid=1001(radio) Binder_5 expire 5 lines
09-16 12:57:17.019 2771 9414 I chatty : uid=1001(radio) com.android.phone expire 4 lines
09-16 12:57:23.501 1777 2226 I chatty : uid=1001(radio) /system/bin/rild expire 18 lines
09-16 12:57:23.554 2089 2790 D SubscriptionManager: getSimStateForSubscriber: simState=5 slotIdx=0
09-16 12:57:23.558 2771 9576 I chatty : uid=1001(radio) Binder_9 expire 7 lines
09-16 12:57:23.560 2771 4805 I chatty : uid=1001(radio) Binder_B expire 1 line
09-16 12:57:23.561 2324 2324 D SubscriptionManager: getSimStateForSubscriber: simState=5 slotIdx=0
09-16 12:57:23.562 2771 2771 I chatty : uid=1001(radio) com.android.phone expire 62 lines
09-16 12:57:23.563 2771 9806 I chatty : uid=1001(radio) Binder_7 expire 3 lines
09-16 12:57:23.564 2771 3222 I chatty : uid=1001(radio) Binder_5 expire 5 lines
09-16 12:57:23.656 2771 9420 I chatty : uid=1001(radio) com.android.phone expire 4 lines
09-16 12:57:46.300 1771 8980 I chatty : uid=1001(radio) /system/bin/rild expire 6 lines
09-16 12:58:02.572 2771 2862 I chatty : uid=1001(radio) RILReceiver1 expire 10 lines
09-16 12:58:02.574 1777 1791 I chatty : uid=1001(radio) /system/bin/rild expire 39 lines
09-16 12:58:02.579 1777 2219 I chatty : uid=1001(radio) /system/bin/rild expire 14 lines
09-16 12:58:02.585 1777 2220 I chatty : uid=1001(radio) /system/bin/rild expire 8 lines
09-16 12:58:02.604 2771 3107 I chatty : uid=1001(radio) Binder_4 expire 4 lines
09-16 12:58:02.632 2089 2378 D SubscriptionManager: getSimStateForSubscriber: simState=5 slotIdx=0
09-16 12:58:02.638 2771 2771 I chatty : uid=1001(radio) com.android.phone expire 65 lines
09-16 12:58:02.646 2771 3295 I chatty : uid=1001(radio) Binder_6 expire 1 line
09-16 12:58:02.647 2324 2324 D SubscriptionManager: getSimStateForSubscriber: simState=5 slotIdx=0
09-16 12:58:02.653 2771 26948 I chatty : uid=1001(radio) Binder_8 expire 1 line
09-16 12:58:02.741 2771 9447 I chatty : uid=1001(radio) com.android.phone expire 4 lines
09-16 12:58:07.792 1777 2226 I chatty : uid=1001(radio) /system/bin/rild expire 9 lines
09-16 12:58:07.826 2771 3089 I chatty : uid=1001(radio) Binder_3 expire 2 lines
09-16 12:58:07.837 2771 20292 I chatty : uid=1001(radio) Binder_A expire 5 lines
09-16 12:58:07.839 2771 3089 I chatty : uid=1001(radio) Binder_3 expire 2 lines
09-16 12:58:07.841 2771 9576 I chatty : uid=1001(radio) Binder_9 expire 3 lines
09-16 12:58:07.843 2771 2771 I chatty : uid=1001(radio) com.android.phone expire 43 lines
09-16 12:58:07.844 2089 2790 D SubscriptionManager: getSimStateForSubscriber: simState=5 slotIdx=0
09-16 12:58:07.858 2771 4805 I chatty : uid=1001(radio) Binder_B expire 1 line
09-16 12:58:07.859 2324 2324 D SubscriptionManager: getSimStateForSubscriber: simState=5 slotIdx=0
09-16 12:58:07.860 2771 2783 I chatty : uid=1001(radio) Binder_1 expire 3 lines
09-16 12:58:07.933 2771 9450 I chatty : uid=1001(radio) com.android.phone expire 4 lines
09-16 12:58:46.420 1771 8980 I chatty : uid=1001(radio) /system/bin/rild expire 7 lines
09-16 12:58:52.457 1777 2226 I chatty : uid=1001(radio) /system/bin/rild expire 8 lines
09-16 12:58:52.458 2089 2732 D TelephonyRegistry: notifySignalStrengthForSubscriber: invalid phoneId=-1
09-16 12:59:07.497 2771 2771 I chatty : uid=1001(radio) com.android.phone expire 18 lines
09-16 12:59:07.498 2089 2378 D TelephonyRegistry: notifySignalStrengthForSubscriber: invalid phoneId=-1
09-16 12:59:10.233 1771 1789 I chatty : uid=1001(radio) /system/bin/rild expire 30 lines
09-16 12:59:10.233 1771 8979 I chatty : uid=1001(radio) /system/bin/rild expire 12 lines
09-16 12:59:10.233 2771 2848 I chatty : uid=1001(radio) RILReceiver0 expire 7 lines
09-16 12:59:10.237 1777 1791 I chatty : uid=1001(radio) /system/bin/rild expire 31 lines
09-16 12:59:10.237 1777 2225 I chatty : uid=1001(radio) /system/bin/rild expire 10 lines
09-16 12:59:10.237 2771 2862 I chatty : uid=1001(radio) RILReceiver1 expire 5 lines
09-16 12:59:15.206 2771 3107 I chatty : uid=1001(radio) Binder_4 expire 1 line
09-16 12:59:15.288 2324 3233 D SubscriptionManager: getSimStateForSubscriber: simState=5 slotIdx=0
09-16 12:59:15.307 2771 3295 I chatty : uid=1001(radio) Binder_6 expire 1 line
09-16 12:59:15.307 2324 3233 D SubscriptionManager: getSimStateForSubscriber: simState=5 slotIdx=0
09-16 12:59:15.313 2771 9482 I chatty : uid=1001(radio) Binder_C expire 2 lines
09-16 12:59:15.394 2771 26948 I chatty : uid=1001(radio) Binder_8 expire 1 line
09-16 12:59:15.394 2324 3233 D SubscriptionManager: getSimStateForSubscriber: simState=5 slotIdx=0
09-16 12:59:15.399 2324 3233 D SubscriptionManager: getSimStateForSubscriber: simState=5 slotIdx=0
09-16 12:59:15.404 2771 3222 I chatty : uid=1001(radio) Binder_5 expire 2 lines
09-16 12:59:15.404 2324 3233 D SubscriptionManager: getSimStateForSubscriber: simState=5 slotIdx=0
09-16 12:59:15.407 2324 3233 D SubscriptionManager: getSimStateForSubscriber: simState=5 slotIdx=0
09-16 12:59:39.314 2324 3233 D SubscriptionManager: getSimStateForSubscriber: simState=5 slotIdx=0
09-16 12:59:39.314 2771 2771 I chatty : uid=1001(radio) com.android.phone expire 21 lines
09-16 12:59:39.320 2324 3233 D SubscriptionManager: getSimStateForSubscriber: simState=5 slotIdx=0
09-16 12:59:39.391 1771 8973 I chatty : uid=1001(radio) /system/bin/rild expire 25 lines
09-16 12:59:39.394 1771 8974 I chatty : uid=1001(radio) /system/bin/rild expire 6 lines
09-16 12:59:39.400 1777 2219 I chatty : uid=1001(radio) /system/bin/rild expire 6 lines
09-16 12:59:39.414 1777 2220 I chatty : uid=1001(radio) /system/bin/rild expire 14 lines
09-16 12:59:39.416 2771 2771 I chatty : uid=1001(radio) com.android.phone expire 74 lines
09-16 12:59:39.417 2089 4319 D TelephonyRegistry: notifySignalStrengthForSubscriber: invalid phoneId=-1
09-16 12:59:39.432 1777 2219 I chatty : uid=1001(radio) /system/bin/rild expire 22 lines
09-16 12:59:39.432 2771 2862 I chatty : uid=1001(radio) RILReceiver1 expire 9 lines
09-16 12:59:40.743 1771 1789 I chatty : uid=1001(radio) /system/bin/rild expire 36 lines
09-16 12:59:40.743 1771 8979 I chatty : uid=1001(radio) /system/bin/rild expire 12 lines
09-16 12:59:40.743 2771 2848 I chatty : uid=1001(radio) RILReceiver0 expire 7 lines
09-16 12:59:40.746 1777 1791 I chatty : uid=1001(radio) /system/bin/rild expire 33 lines
09-16 12:59:40.746 1777 2225 I chatty : uid=1001(radio) /system/bin/rild expire 10 lines
09-16 12:59:40.761 1777 2226 I chatty : uid=1001(radio) /system/bin/rild expire 2 lines
09-16 12:59:40.854 1771 8980 I chatty : uid=1001(radio) /system/bin/rild expire 4 lines
09-16 12:59:44.513 1771 8973 I chatty : uid=1001(radio) /system/bin/rild expire 25 lines
09-16 12:59:44.518 1771 8974 I chatty : uid=1001(radio) /system/bin/rild expire 6 lines
09-16 12:59:44.543 2089 2788 D TelephonyRegistry: notifySignalStrengthForSubscriber: invalid phoneId=-1
09-16 12:59:46.430 2771 9576 I chatty : uid=1001(radio) Binder_9 expire 1 line
09-16 12:59:46.431 2324 3233 D SubscriptionManager: getSimStateForSubscriber: simState=5 slotIdx=0
09-16 12:59:46.625 1771 8971 I chatty : uid=1001(radio) /system/bin/rild expire 5 lines
09-16 12:59:46.639 1777 1791 I chatty : uid=1001(radio) /system/bin/rild expire 33 lines
09-16 12:59:46.639 2771 2771 I chatty : uid=1001(radio) com.android.phone expire 140 lines
09-16 12:59:46.640 1777 2217 I chatty : uid=1001(radio) /system/bin/rild expire 5 lines
09-16 12:59:46.668 1777 2226 I chatty : uid=1001(radio) /system/bin/rild expire 7 lines
09-16 12:59:46.670 1777 2218 I chatty : uid=1001(radio) /system/bin/rild expire 1 line
09-16 12:59:46.670 1777 2225 I chatty : uid=1001(radio) /system/bin/rild expire 8 lines
09-16 12:59:46.671 2771 2862 I chatty : uid=1001(radio) RILReceiver1 expire 8 lines
09-16 12:59:46.672 2771 9482 I chatty : uid=1001(radio) Binder_C expire 1 line
09-16 12:59:46.709 2771 2783 I chatty : uid=1001(radio) Binder_1 expire 2 lines
09-16 12:59:46.755 2771 3089 I chatty : uid=1001(radio) Binder_3 expire 1 line
09-16 12:59:46.770 2771 9576 I chatty : uid=1001(radio) Binder_9 expire 4 lines
09-16 12:59:46.775 1771 8980 I chatty : uid=1001(radio) /system/bin/rild expire 12 lines
09-16 12:59:46.775 1771 8972 I chatty : uid=1001(radio) /system/bin/rild expire 1 line
09-16 12:59:46.775 1771 8979 I chatty : uid=1001(radio) /system/bin/rild expire 10 lines
09-16 12:59:46.779 1771 1789 I chatty : uid=1001(radio) /system/bin/rild expire 5 lines
09-16 12:59:46.779 2771 2848 I chatty : uid=1001(radio) RILReceiver0 expire 4 lines
09-16 12:59:46.790 2771 26948 I chatty : uid=1001(radio) Binder_8 expire 4 lines
09-16 12:59:46.793 2771 2786 I chatty : uid=1001(radio) Binder_2 expire 2 lines
09-16 12:59:46.824 2089 2100 D SubscriptionManager: getSimStateForSubscriber: simState=5 slotIdx=0
09-16 12:59:46.825 2771 9806 I chatty : uid=1001(radio) Binder_7 expire 2 lines
09-16 12:59:46.877 2771 20292 I chatty : uid=1001(radio) Binder_A expire 9 lines
09-16 12:59:46.913 2771 2771 I chatty : uid=1001(radio) com.android.phone expire 200 lines
09-16 12:59:46.920 2771 2783 I chatty : uid=1001(radio) Binder_1 expire 7 lines
09-16 12:59:46.964 2324 2324 D SubscriptionManager: getSimStateForSubscriber: simState=5 slotIdx=0
09-16 12:59:46.977 2771 9806 I chatty : uid=1001(radio) Binder_7 expire 2 lines
09-16 12:59:47.207 2771 3295 I chatty : uid=1001(radio) Binder_6 expire 1 line
09-16 12:59:47.221 2324 3233 D SubscriptionManager: getSimStateForSubscriber: simState=5 slotIdx=0
09-16 12:59:47.244 2771 3222 I chatty : uid=1001(radio) Binder_5 expire 3 lines
09-16 12:59:47.245 2324 3233 D SubscriptionManager: getSimStateForSubscriber: simState=5 slotIdx=0
09-16 12:59:47.255 2771 2786 I chatty : uid=1001(radio) Binder_2 expire 4 lines
09-16 12:59:47.262 2089 2790 D SubscriptionManager: getSimStateForSubscriber: simState=5 slotIdx=0
09-16 12:59:47.262 2324 3233 D SubscriptionManager: getSimStateForSubscriber: simState=5 slotIdx=0
09-16 12:59:47.265 2771 2900 I chatty : uid=1001(radio) DcHandlerThread expire 3 lines
09-16 12:59:47.266 1771 1789 I chatty : uid=1001(radio) /system/bin/rild expire 24 lines
09-16 12:59:47.266 2771 2848 I chatty : uid=1001(radio) RILReceiver0 expire 5 lines
09-16 12:59:47.304 2771 2771 I chatty : uid=1001(radio) com.android.phone expire 213 lines
09-16 12:59:47.311 2771 26948 I chatty : uid=1001(radio) Binder_8 expire 2 lines
09-16 12:59:47.316 2771 2783 I chatty : uid=1001(radio) Binder_1 expire 3 lines
09-16 12:59:47.318 2771 9806 I chatty : uid=1001(radio) Binder_7 expire 4 lines
09-16 12:59:47.324 2771 3222 I chatty : uid=1001(radio) Binder_5 expire 1 line
09-16 12:59:47.337 2771 9576 I chatty : uid=1001(radio) Binder_9 expire 2 lines
09-16 12:59:47.338 2324 2324 D SubscriptionManager: getSimStateForSubscriber: simState=5 slotIdx=0
09-16 12:59:47.349 2771 3107 I chatty : uid=1001(radio) Binder_4 expire 1 line
09-16 12:59:47.361 2771 9482 I chatty : uid=1001(radio) Binder_C expire 5 lines
09-16 12:59:47.363 2771 3295 I chatty : uid=1001(radio) Binder_6 expire 2 lines
09-16 12:59:47.428 2771 3089 I chatty : uid=1001(radio) Binder_3 expire 1 line
09-16 12:59:47.436 2324 3233 D SubscriptionManager: getSimStateForSubscriber: simState=5 slotIdx=0
09-16 12:59:47.453 2771 2786 I chatty : uid=1001(radio) Binder_2 expire 2 lines
09-16 12:59:47.454 2324 3233 D SubscriptionManager: getSimStateForSubscriber: simState=5 slotIdx=0
09-16 12:59:47.460 2771 4805 I chatty : uid=1001(radio) Binder_B expire 1 line
09-16 12:59:47.460 2324 3233 D SubscriptionManager: getSimStateForSubscriber: simState=5 slotIdx=0
09-16 12:59:47.466 2324 3233 D SubscriptionManager: getSimStateForSubscriber: simState=5 slotIdx=0
09-16 12:59:47.472 2324 3233 D SubscriptionManager: getSimStateForSubscriber: simState=5 slotIdx=0
09-16 12:59:47.477 2324 3233 D SubscriptionManager: getSimStateForSubscriber: simState=5 slotIdx=0
09-16 12:59:47.519 2771 2979 I chatty : uid=1001(radio) DcSwitchStateMa expire 3 lines
09-16 12:59:47.520 1771 1789 I chatty : uid=1001(radio) /system/bin/rild expire 6 lines
09-16 12:59:47.521 2771 9537 I chatty : uid=1001(radio) com.android.phone expire 4 lines
09-16 12:59:47.622 2771 9555 I chatty : uid=1001(radio) com.android.phone expire 4 lines
09-16 12:59:47.691 2771 2771 D DctController: [TNF -3]Cellular needs Network for NetworkRequest [ id=1, legacyType=-1, [ Capabilities: INTERNET&NOT_RESTRICTED&TRUSTED&NOT_VPN] ]
09-16 12:59:47.691 2771 2771 D SubscriptionController: [getSubId]- numSubIds == 0, return DummySubIds slotIdx=1
09-16 12:59:47.691 2771 2771 D SubscriptionController: [getSubId]- numSubIds == 0, return DummySubIds slotIdx=1
09-16 12:59:47.691 2771 2771 D DctController: [TNF -3]Request not useable, pending request.
09-16 12:59:47.691 2771 2771 D DctController: processRequests
09-16 12:59:47.691 2771 2979 D DcSwitchSM: [DcSwitchStateMachine-0] AttachingState: REQ_CONNECT, apnRequest=[ request=NetworkRequest [ id=1, legacyType=-1, [ Capabilities: INTERNET&NOT_RESTRICTED&TRUSTED&NOT_VPN] ], executedPhoneId=-1, priority=0]
09-16 12:59:47.717 2771 2771 D DctController: handleMessage msg={ when=-25ms what=100 target=com.android.internal.telephony.dataconnection.DctController }
09-16 12:59:47.717 2771 2771 D DcSwitchAsyncChannel: [DcSwitchAsyncChannel-0]: rspIsIdle=false
09-16 12:59:47.717 2771 2771 D DctController: getTopPriorityRequestPhoneId requestInfo=[ request=NetworkRequest [ id=1, legacyType=-1, [ Capabilities: INTERNET&NOT_RESTRICTED&TRUSTED&NOT_VPN] ], executedPhoneId=-1, priority=0]
09-16 12:59:47.717 2771 2771 D DcSwitchAsyncChannel: [DcSwitchAsyncChannel-0]: rspIsIdle=false
09-16 12:59:47.717 2771 2771 D DctController: onProcessRequest requestedPhoneId=0, activePhoneId=0
09-16 12:59:47.718 2771 2979 D DcSwitchSM: [DcSwitchStateMachine-0] AttachingState: REQ_CONNECT, apnRequest=[ request=NetworkRequest [ id=1, legacyType=-1, [ Capabilities: INTERNET&NOT_RESTRICTED&TRUSTED&NOT_VPN] ], executedPhoneId=-1, priority=0]
09-16 12:59:49.605 2771 2771 D GsmSST : [GsmSST] mDeviceShuttingDown = false
09-16 12:59:49.605 2771 2771 D GsmSST : [GsmSST] mDesiredPowerState = true
09-16 12:59:49.605 2771 2771 D GsmSST : [GsmSST] getRadioState = RADIO_OFF
09-16 12:59:49.605 2771 2771 D GsmSST : [GsmSST] mPowerOffDelayNeed = true
09-16 12:59:49.605 2771 2771 D GsmSST : [GsmSST] mAlarmSwitch = false
09-16 12:59:49.605 2771 2771 D RILJ : [4909]> RADIO_POWER on [SUB0]
09-16 12:59:49.606 2771 2771 D GsmSST : [GsmSST] mDeviceShuttingDown = false
09-16 12:59:49.606 2771 2771 D GsmSST : [GsmSST] mDesiredPowerState = true
09-16 12:59:49.607 2771 2771 D GsmSST : [GsmSST] getRadioState = RADIO_OFF
09-16 12:59:49.607 2771 2771 D GsmSST : [GsmSST] mPowerOffDelayNeed = true
09-16 12:59:49.607 2771 2771 D GsmSST : [GsmSST] mAlarmSwitch = false
09-16 12:59:49.607 2771 2771 D RILJ : [4910]> RADIO_POWER on [SUB1]
09-16 12:59:49.607 1771 1789 D RILC : [31261]> RADIO_POWER (1)
09-16 12:59:49.607 1771 1789 I RILR : onRequest() - id=23 token: 0xf69c48c0
09-16 12:59:49.607 1771 1789 I RILR : CTE::HandleRequest() - id=23 token: 0xf69c48c0
09-16 12:59:49.607 1771 1789 I RILR : CTE::RequestRadioPower() - Turn Radio ON
09-16 12:59:49.607 1771 1789 I RILR : CSystemManager::GetModem() - ENTER
09-16 12:59:49.607 1771 1789 I RILR : CSystemManager::GetModem() - Modem resource already acquired
09-16 12:59:49.607 1771 1789 I RILR : CRequestInfoTable::GetRequestInfo() - RequestID 23: Timeout [120000]
09-16 12:59:49.607 1771 1789 E RILR : CTEBase::CoreRadioPower() - Waiting for radio state changed event
09-16 12:59:49.607 1771 8971 I RILR : CChannel::SendCommand() - chnl=[0] RILReqID=[23] retries=[0] Timeout=[120000] cmd1=[AT+CFUN=1] cmd2=[NULL]
09-16 12:59:49.607 1771 8971 I RILR : CChannelBase::WriteToPort() - INFO: chnl=[0] TX [AT+CFUN=1]
09-16 12:59:49.607 1777 1791 D RILC : [31262]> RADIO_POWER (1)
09-16 12:59:49.607 1777 1791 I RILR1 : onRequest() - id=23 token: 0xf6944180
09-16 12:59:49.607 1777 1791 I RILR1 : CTE::HandleRequest() - id=23 token: 0xf6944180
09-16 12:59:49.607 1777 1791 I RILR1 : CTE::RequestRadioPower() - Turn Radio ON
09-16 12:59:49.607 1777 1791 I RILR1 : CSystemManager::GetModem() - ENTER
09-16 12:59:49.607 1777 1791 I RILR1 : CSystemManager::GetModem() - Modem resource already acquired
09-16 12:59:49.607 1777 1791 I RILR1 : CRequestInfoTable::GetRequestInfo() - RequestID 23: Timeout [240000]
09-16 12:59:49.607 1777 1791 E RILR1 : CTEBase::CoreRadioPower() - Waiting for radio state changed event
09-16 12:59:49.607 1777 2217 I RILR1 : CChannel::SendCommand() - chnl=[0] RILReqID=[23] retries=[0] Timeout=[240000] cmd1=[AT+CFUN=20,0] cmd2=[NULL]
09-16 12:59:49.607 1777 2217 I RILR1 : CChannelBase::WriteToPort() - INFO: chnl=[0] TX [AT+CFUN=20,0]
09-16 12:59:49.624 2771 4805 D SubscriptionController: [getSubId]- numSubIds == 0, return DummySubIds slotIdx=1
09-16 12:59:49.625 2771 2783 D SubscriptionController: [getSubId]- numSubIds == 0, return DummySubIds slotIdx=1
09-16 12:59:49.626 1777 2218 I RILR1 : CChannel::ProcessModemData() - INFO: chnl=[0] size=[6] RX [OK]
09-16 12:59:49.626 1777 2217 I RILR1 : CTE::PostFlightModeCommand() - Enter
09-16 12:59:49.626 1777 2217 I RILR1 : CRequestInfoTable::GetRequestInfo() - RequestID 23: Timeout [240000]
09-16 12:59:49.626 1777 2217 I RILR1 : CTE::PostFlightModeCommand() - Exit
09-16 12:59:49.627 1777 2225 I RILR1 : CTE::PostRadioPower() Enter
09-16 12:59:49.627 1777 2225 I RILR1 : RIL_onUnsolicitedResponse() - RIL_UNSOL_OEM_HOOK_RAW
09-16 12:59:49.627 1777 2225 I RILR1 : RIL_onUnsolicitedResponse() - dataSize=8
09-16 12:59:49.627 1777 2225 D RILC : [UNSL]< UNSOL_OEM_HOOK_RAW
09-16 12:59:49.627 1777 2225 I RILR1 : CRequestInfoTable::GetRequestInfo() - RequestID 61: Timeout [20000]
09-16 12:59:49.627 1777 2225 I RILR1 : CRequestInfoTable::GetRequestInfo() - RequestID 23: Timeout [240000]
09-16 12:59:49.627 1777 2225 I RILR1 : RIL_onUnsolicitedResponse() - RIL_UNSOL_RESPONSE_RADIO_STATE_CHANGED
09-16 12:59:49.627 1777 2225 I RILR1 : RIL_onUnsolicitedResponse() - pData is NULL! id=1000
09-16 12:59:49.627 1777 2217 I RILR1 : CChannel::SendCommand() - chnl=[0] RILReqID=[23] retries=[0] Timeout=[240000] cmd1=[at@sec:state_info()] cmd2=[NULL]
09-16 12:59:49.627 1777 2225 D RILC : [UNSL]< UNSOL_RESPONSE_RADIO_STATE_CHANGED {RADIO_ON}
09-16 12:59:49.627 1777 2217 I RILR1 : CChannelBase::WriteToPort() - INFO: chnl=[0] TX [at@sec:state_info()]
09-16 12:59:49.627 1777 2225 I RILR1 : CRadioState::SetRadioStateAndNotify() - RADIO STATE = RADIO_STATE_ON
09-16 12:59:49.627 1777 2225 I RILR1 : CChannel::SendCommand() - chnl=[4] RILReqID=[61] retries=[1] Timeout=[20000] cmd1=[AT+CREG=2;+XCSQ=1] cmd2=[NULL]
09-16 12:59:49.627 1777 1791 I RILR1 : RIL_onUnsolicitedResponse() - RIL_UNSOL_RESTRICTED_STATE_CHANGED
09-16 12:59:49.627 1777 2225 I RILR1 : CChannelBase::WriteToPort() - INFO: chnl=[4] TX [AT+CREG=2;+XCSQ=1]
09-16 12:59:49.627 1777 1791 I RILR1 : RIL_onUnsolicitedResponse() - RIL_RESTRICTED_STATE_* bitmask=0x00000000
09-16 12:59:49.627 1777 1791 D RILC : [UNSL]< UNSOL_RESTRICTED_STATE_CHANGED {0}
09-16 12:59:49.627 1777 1791 I RILC : Localy enabling NETWORK_SELECTION_AUTOMATIC
09-16 12:59:49.627 1777 1791 D RILC : C[locl]> SET_NETWORK_SELECTION_AUTOMATIC
09-16 12:59:49.627 1777 1791 I RILR1 : onRequest() - id=46 token: 0xf69441a0
09-16 12:59:49.627 1777 1791 I RILR1 : CTE::HandleRequest() - id=46 token: 0xf69441a0
09-16 12:59:49.627 1777 1791 E RILR1 : CTE::RequestSetNetworkSelectionAutomatic() - Passed data pointer was NULL
09-16 12:59:49.627 1777 1791 E RILR1 : m_NetworkSelectionModeParams.mode=-1,m_bSIMRemoved=1
09-16 12:59:49.627 2771 2862 V RILJ : [UNSL]< UNSOL_OEM_HOOK_RAW d300000001000000 [SUB1]
09-16 12:59:49.627 1777 1791 I RILR1 : CRequestInfoTable::GetRequestInfo() - RequestID 46: Timeout [600000]
09-16 12:59:49.627 1777 1791 D RILC : [31262]< RADIO_POWER
09-16 12:59:49.627 1777 1791 I RILR1 : After OnRequestComplete(): token=0xf6944180, eErrNo=0, pResponse=[0x00000000], len=[0]
09-16 12:59:49.627 2771 2862 D RILJ : [UNSL]< UNSOL_RESPONSE_RADIO_STATE_CHANGED RADIO_ON [SUB1]
09-16 12:59:49.627 1777 2229 I RILR1 : CChannel::SendCommand() - chnl=[6] RILReqID=[46] retries=[0] Timeout=[600000] cmd1=[AT+COPS=0] cmd2=[NULL]
09-16 12:59:49.627 1777 2229 I RILR1 : CChannelBase::WriteToPort() - INFO: chnl=[6] TX [AT+COPS=0]
09-16 12:59:49.627 2771 2862 V RILJ : [UNSL]< UNSOL_RESTRICTED_STATE_CHANGED {0} [SUB1]
09-16 12:59:49.628 2771 2862 D RILJ : [4910]< RADIO_POWER [SUB1]
09-16 12:59:49.628 2771 2771 D PhoneBase: EVENT_UNSOL_OEM_HOOK_RAW data=d300000001000000
09-16 12:59:49.628 2771 2771 D SubscriptionController: [getSubId]- numSubIds == 0, return DummySubIds slotIdx=1
09-16 12:59:49.628 1777 2226 I RILR1 : CChannel::ProcessModemData() - INFO: chnl=[4] size=[21] RX [+CGEV: ME CLASS B]
09-16 12:59:49.628 1777 2226 I RILR1 : CSilo_Network::ParseCGEV() - Enter
09-16 12:59:49.628 1777 2226 I RILR1 : CSilo_Network::ParseCGEV() - NW CLASS/ME CLASS
09-16 12:59:49.628 1777 2226 I RILR1 : CSilo_Network::ParseCGEV() - Exit
09-16 12:59:49.628 1777 2226 I RILR1 : CChannel::ProcessResponse : chnl=[4] unsolicited notification resultcode=[1028]
09-16 12:59:49.628 1777 2226 I RILR1 : RIL_onUnsolicitedResponse() - RIL_UNSOL_OEM_HOOK_RAW
09-16 12:59:49.628 2771 2771 D GsmSST : [GsmSST] mDeviceShuttingDown = false
09-16 12:59:49.628 1777 2226 I RILR1 : RIL_onUnsolicitedResponse() - dataSize=8
09-16 12:59:49.628 2771 2771 D GsmSST : [GsmSST] mDesiredPowerState = true
09-16 12:59:49.628 1777 2226 D RILC : [UNSL]< UNSOL_OEM_HOOK_RAW
09-16 12:59:49.628 2771 2771 D GsmSST : [GsmSST] getRadioState = RADIO_ON
09-16 12:59:49.628 2771 2771 D GsmSST : [GsmSST] mPowerOffDelayNeed = true
09-16 12:59:49.628 2771 2771 D GsmSST : [GsmSST] mAlarmSwitch = false
09-16 12:59:49.629 2771 2771 D RILJ : [4911]> OPERATOR [SUB1]
09-16 12:59:49.629 2771 2862 V RILJ : [UNSL]< UNSOL_OEM_HOOK_RAW d400000002000000 [SUB1]
09-16 12:59:49.629 2771 2771 D RILJ : [4912]> DATA_REGISTRATION_STATE [SUB1]
09-16 12:59:49.630 1777 1791 D RILC : [31263]> OPERATOR
09-16 12:59:49.630 1777 1791 I RILR1 : onRequest() - id=22 token: 0xf6944180
09-16 12:59:49.630 1777 1791 I RILR1 : CTE::HandleRequest() - id=22 token: 0xf6944180
09-16 12:59:49.630 1777 1791 I RILR1 : CTE::HandleRequestWhenNotRegistered - REQID=22, token=0xf6944180
09-16 12:59:49.630 1777 1791 D RILC : [31263]< OPERATOR fails by E_OP_NOT_ALLOWED_BEFORE_REG_TO_NW
09-16 12:59:49.630 1777 1791 I RILR1 : After OnRequestComplete(): token=0xf6944180, eErrNo=9, pResponse=[0x00000000], len=[0]
09-16 12:59:49.630 2771 2771 D RILJ : [4913]> VOICE_REGISTRATION_STATE [SUB1]
09-16 12:59:49.630 2771 2862 D RilRequest: [4911]< OPERATOR error: com.android.internal.telephony.CommandException: OP_NOT_ALLOWED_BEFORE_REG_NW ret=
09-16 12:59:49.630 1777 1791 D RILC : [31264]> DATA_REGISTRATION_STATE
09-16 12:59:49.630 1777 1791 I RILR1 : onRequest() - id=21 token: 0xf6944180
09-16 12:59:49.630 1777 1791 I RILR1 : CTE::HandleRequest() - id=21 token: 0xf6944180
09-16 12:59:49.630 1777 1791 D RILC : [31264]< DATA_REGISTRATION_STATE fails by E_REQUEST_NOT_SUPPORTED
09-16 12:59:49.630 1777 1791 I RILR1 : After OnRequestComplete(): token=0xf6944180, eErrNo=6, pResponse=[0x00000000], len=[0]
09-16 12:59:49.631 2771 2771 D RILJ : [4914]> QUERY_NETWORK_SELECTION_MODE [SUB1]
09-16 12:59:49.631 1777 1791 D RILC : [31265]> VOICE_REGISTRATION_STATE
09-16 12:59:49.631 1777 1791 I RILR1 : onRequest() - id=20 token: 0xf6944180
09-16 12:59:49.631 1777 1791 I RILR1 : CTE::HandleRequest() - id=20 token: 0xf6944180
09-16 12:59:49.631 1777 1791 I RILR1 : CRequestInfoTable::GetRequestInfo() - RequestID 20: Timeout [20000]
09-16 12:59:49.631 1777 2219 I RILR1 : CChannel::SendCommand() - chnl=[1] RILReqID=[20] retries=[1] Timeout=[20000] cmd1=[AT+CREG=2;+CREG?;+CREG=0] cmd2=[NULL]
09-16 12:59:49.631 2771 2771 D RILJ : [4915]> GET_CURRENT_CALLS [SUB1]
09-16 12:59:49.631 1777 2219 I RILR1 : CChannelBase::WriteToPort() - INFO: chnl=[1] TX [AT+CREG=2;+CREG?;+CREG=0]
09-16 12:59:49.632 2771 2862 D RilRequest: [4912]< DATA_REGISTRATION_STATE error: com.android.internal.telephony.CommandException: REQUEST_NOT_SUPPORTED ret=
09-16 12:59:49.632 1777 1791 D RILC : [31266]> QUERY_NETWORK_SELECTION_MODE
09-16 12:59:49.632 1777 1791 I RILR1 : onRequest() - id=45 token: 0xf69442a0
09-16 12:59:49.632 1777 1791 I RILR1 : CTE::HandleRequest() - id=45 token: 0xf69442a0
09-16 12:59:49.632 1777 1791 I RILR1 : CRequestInfoTable::GetRequestInfo() - RequestID 45: Timeout [200000]
09-16 12:59:49.632 2771 2771 D SubscriptionController: [getSubId]- numSubIds == 0, return DummySubIds slotIdx=1
09-16 12:59:49.632 2771 2771 D RILJ : [4916]> RIL_REQUEST_VOICE_RADIO_TECH [SUB1]
09-16 12:59:49.632 2771 2771 D RILJ : [4917]> RIL_REQUEST_IMS_REGISTRATION_STATE [SUB1]
09-16 12:59:49.633 2771 2771 D GsmSST : [GsmSST] EVENT_RESTRICTED_STATE_CHANGED
09-16 12:59:49.633 2771 2771 D GsmSST : [GsmSST] onRestrictedStateChanged: E rs Restricted State CS: none PS:false
09-16 12:59:49.633 2771 2771 D GsmSST : [GsmSST] onRestrictedStateChanged: new rs Restricted State CS: none PS:false
09-16 12:59:49.633 1777 2226 I RILR1 : CChannel::ProcessModemData() - INFO: chnl=[4] size=[6] RX [OK]
09-16 12:59:49.633 2771 2771 D GsmSST : [GsmSST] onRestrictedStateChanged: X rs Restricted State CS: none PS:false
09-16 12:59:49.633 2771 2771 D PhoneBase: EVENT_UNSOL_OEM_HOOK_RAW data=d400000002000000
09-16 12:59:49.633 2771 2771 D SubscriptionController: [getSubId]- numSubIds == 0, return DummySubIds slotIdx=1
09-16 12:59:49.633 1777 2225 I RILR1 : CRequestInfoTable::GetRequestInfo() - RequestID 19: Timeout [20000]
09-16 12:59:49.633 1777 2225 I RILR1 : RIL_onUnsolicitedResponse() - RIL_UNSOL_RESPONSE_VOICE_NETWORK_STATE_CHANGED
09-16 12:59:49.633 1777 2225 I RILR1 : RIL_onUnsolicitedResponse() - pData is NULL! id=1002
09-16 12:59:49.633 1777 2225 D RILC : [UNSL]< UNSOL_RESPONSE_VOICE_NETWORK_STATE_CHANGED
09-16 12:59:49.633 1777 2225 I RILR1 : CTE::PostCmdHandlerCompleteRequest() RilToken NULL - May be internal request, RequestID: 61
09-16 12:59:49.634 2771 2862 D RILJ : [UNSL]< UNSOL_RESPONSE_VOICE_NETWORK_STATE_CHANGED [SUB1]
09-16 12:59:49.634 1777 1791 D RILC : [31267]> GET_CURRENT_CALLS
09-16 12:59:49.634 1777 1791 I RILR1 : onRequest() - id=9 token: 0xf6944740
09-16 12:59:49.634 1777 1791 I RILR1 : CTE::HandleRequest() - id=9 token: 0xf6944740
09-16 12:59:49.634 1777 1791 I RILR1 : CRequestInfoTable::GetRequestInfo() - RequestID 9: Timeout [20000]
09-16 12:59:49.634 1777 1791 D RILC : [31268]> VOICE_RADIO_TECH
09-16 12:59:49.634 1777 1791 I RILR1 : onRequest() - id=108 token: 0xf6944760
09-16 12:59:49.634 2771 2771 E GsmSST : [GsmSST] RIL implementation has returned an error where it must succeedcom.android.internal.telephony.CommandException: REQUEST_NOT_SUPPORTED
09-16 12:59:49.635 1777 1791 I RILR1 : CTE::HandleRequest() - id=108 token: 0xf6944760
09-16 12:59:49.635 1777 1791 D RILC : [31268]< VOICE_RADIO_TECH {16}
09-16 12:59:49.636 1777 1791 I RILR1 : After OnRequestComplete(): token=0xf6944760, eErrNo=0, pResponse=[0xf6c7adac], len=[4]
09-16 12:59:49.636 1777 1791 D RILC : [31269]> IMS_REGISTRATION_STATE
09-16 12:59:49.636 1777 1791 I RILR1 : onRequest() - id=112 token: 0xf6944760
09-16 12:59:49.636 1777 1791 I RILR1 : CTE::HandleRequest() - id=112 token: 0xf6944760
09-16 12:59:49.636 1777 1791 D RILC : [31269]< IMS_REGISTRATION_STATE fails by E_REQUEST_NOT_SUPPORTED
09-16 12:59:49.636 2771 2862 D RILJ : [4916]< RIL_REQUEST_VOICE_RADIO_TECH {16} [SUB1]
09-16 12:59:49.636 1777 1791 I RILR1 : After OnRequestComplete(): token=0xf6944760, eErrNo=6, pResponse=[0x00000000], len=[0]
09-16 12:59:49.636 2771 2862 D RilRequest: [4917]< RIL_REQUEST_IMS_REGISTRATION_STATE error: com.android.internal.telephony.CommandException: REQUEST_NOT_SUPPORTED ret=
09-16 12:59:49.636 2771 2771 D RILJ : [4918]> OPERATOR [SUB1]
09-16 12:59:49.637 1777 2230 I RILR1 : CChannel::ProcessModemData() - INFO: chnl=[6] size=[18] RX [+CME ERROR: 10]
09-16 12:59:49.637 1777 2230 I RILR1 : chnl=[6] Got +CME ERROR: response
09-16 12:59:49.637 1777 2230 I RILR1 : CResponse::RetrieveErrorCode() : Result: 0x2 +CME ERROR: 10
09-16 12:59:49.637 1777 2226 I RILR1 : CChannel::ProcessModemData() - INFO: chnl=[4] size=[22] RX [+CGEV: NW CLASS CC]
09-16 12:59:49.637 1777 2226 I RILR1 : CSilo_Network::ParseCGEV() - Enter
09-16 12:59:49.637 1777 2226 I RILR1 : CSilo_Network::ParseCGEV() - NW CLASS/ME CLASS
09-16 12:59:49.637 1777 2226 I RILR1 : CSilo_Network::ParseCGEV() - Exit
09-16 12:59:49.637 1777 2226 I RILR1 : CChannel::ProcessResponse : chnl=[4] unsolicited notification resultcode=[1028]
09-16 12:59:49.637 1777 2226 I RILR1 : RIL_onUnsolicitedResponse() - RIL_UNSOL_OEM_HOOK_RAW
09-16 12:59:49.637 1777 2229 D RILC : C[locl]< SET_NETWORK_SELECTION_AUTOMATIC
09-16 12:59:49.637 1777 2226 I RILR1 : RIL_onUnsolicitedResponse() - dataSize=8
09-16 12:59:49.637 1777 2229 I RILR1 : After OnRequestComplete(): token=0xf69441a0, eErrNo=2, pResponse=[0x00000000], len=[0]
09-16 12:59:49.637 1777 2226 D RILC : [UNSL]< UNSOL_OEM_HOOK_RAW
09-16 12:59:49.637 2771 2771 D RILJ : [4919]> DATA_REGISTRATION_STATE [SUB1]
09-16 12:59:49.637 2771 2862 V RILJ : [UNSL]< UNSOL_OEM_HOOK_RAW d400000004000000 [SUB1]
09-16 12:59:49.637 1777 1791 D RILC : [31270]> OPERATOR
09-16 12:59:49.637 1777 1791 I RILR1 : onRequest() - id=22 token: 0xf6944760
09-16 12:59:49.637 1777 1791 I RILR1 : CTE::HandleRequest() - id=22 token: 0xf6944760
09-16 12:59:49.638 1777 1791 I RILR1 : CTE::HandleRequestWhenNotRegistered - REQID=22, token=0xf6944760
09-16 12:59:49.638 1777 1791 D RILC : [31270]< OPERATOR fails by E_OP_NOT_ALLOWED_BEFORE_REG_TO_NW
09-16 12:59:49.638 1777 1791 I RILR1 : After OnRequestComplete(): token=0xf6944760, eErrNo=9, pResponse=[0x00000000], len=[0]
09-16 12:59:49.638 2771 2771 D RILJ : [4920]> VOICE_REGISTRATION_STATE [SUB1]
09-16 12:59:49.638 1777 1791 D RILC : [31271]> DATA_REGISTRATION_STATE
09-16 12:59:49.638 1777 2226 I RILR1 : CChannel::ProcessModemData() - INFO: chnl=[4] size=[12] RX [+CREG: 3]
09-16 12:59:49.638 1777 1791 I RILR1 : onRequest() - id=21 token: 0xf6944760
09-16 12:59:49.638 1777 1791 I RILR1 : CTE::HandleRequest() - id=21 token: 0xf6944760
09-16 12:59:49.638 1777 2226 E RILR1 : CSilo_Network::ParseRegistrationStatus() - command has only one param => URC
09-16 12:59:49.638 1777 1791 D RILC : [31271]< DATA_REGISTRATION_STATE fails by E_REQUEST_NOT_SUPPORTED
09-16 12:59:49.638 1777 2226 I RILR1 : CSilo_Network::ParseRegistrationStatus() - CREG paramcount=1 fUnsolicited=1
09-16 12:59:49.638 1777 1791 I RILR1 : After OnRequestComplete(): token=0xf6944760, eErrNo=6, pResponse=[0x00000000], len=[0]
09-16 12:59:49.638 1777 2226 I RILR1 : [RIL STATE] REG STATUS = REGISTRATION DENIED RAT = RADIO_TECH_UNKNOWN
09-16 12:59:49.638 1777 2226 I RILR1 : IsLTENetworkType() networkType=0()
09-16 12:59:49.638 1777 2226 I RILR1 : CChannel::ProcessResponse : chnl=[4] unsolicited notification resultcode=[1002]
09-16 12:59:49.638 1777 2226 I RILR1 : RIL_onUnsolicitedResponse() - RIL_UNSOL_RESPONSE_VOICE_NETWORK_STATE_CHANGED
09-16 12:59:49.638 1777 2226 I RILR1 : RIL_onUnsolicitedResponse() - pData is NULL! id=1002
09-16 12:59:49.638 2771 2771 D RILJ : [4921]> QUERY_NETWORK_SELECTION_MODE [SUB1]
09-16 12:59:49.638 1777 2226 D RILC : [UNSL]< UNSOL_RESPONSE_VOICE_NETWORK_STATE_CHANGED
09-16 12:59:49.639 1777 1791 D RILC : [31272]> VOICE_REGISTRATION_STATE
09-16 12:59:49.639 1777 1791 I RILR1 : onRequest() - id=20 token: 0xf6944760
09-16 12:59:49.639 1777 1791 I RILR1 : CTE::HandleRequest() - id=20 token: 0xf6944760
09-16 12:59:49.639 1777 1791 I RILR1 : CRequestInfoTable::GetRequestInfo() - RequestID 20: Timeout [20000]
09-16 12:59:49.639 2771 2862 D RilRequest: [4918]< OPERATOR error: com.android.internal.telephony.CommandException: OP_NOT_ALLOWED_BEFORE_REG_NW ret=
09-16 12:59:49.639 2771 2771 D PhoneProxy: [PhoneProxy] EVENT_REQUEST_VOICE_RADIO_TECH_DONE: newVoiceTech=16
09-16 12:59:49.639 2771 2771 D PhoneProxy: [PhoneProxy] phoneObjectUpdater: newVoiceRadioTech=16
09-16 12:59:49.639 2771 2771 D PhoneProxy: [PhoneProxy] phoneObjectUpdater: No change ignore, newVoiceRadioTech=16 mActivePhone=GSM
09-16 12:59:49.639 2771 2771 E RIL_ImsSms: IMS State query failed with exp com.android.internal.telephony.CommandException: REQUEST_NOT_SUPPORTED
09-16 12:59:49.639 2771 2771 D PhoneBase: EVENT_UNSOL_OEM_HOOK_RAW data=d400000004000000
09-16 12:59:49.639 2771 2771 D SubscriptionController: [getSubId]- numSubIds == 0, return DummySubIds slotIdx=1
09-16 12:59:49.639 1777 1791 D RILC : [31273]> QUERY_NETWORK_SELECTION_MODE
09-16 12:59:49.639 1777 1791 I RILR1 : onRequest() - id=45 token: 0xf69447e0
09-16 12:59:49.639 1777 1791 I RILR1 : CTE::HandleRequest() - id=45 token: 0xf69447e0
09-16 12:59:49.639 1777 1791 I RILR1 : CRequestInfoTable::GetRequestInfo() - RequestID 45: Timeout [200000]
09-16 12:59:49.640 2771 2862 D RilRequest: [4919]< DATA_REGISTRATION_STATE error: com.android.internal.telephony.CommandException: REQUEST_NOT_SUPPORTED ret=
09-16 12:59:49.640 2771 2862 D RILJ : [UNSL]< UNSOL_RESPONSE_VOICE_NETWORK_STATE_CHANGED [SUB1]
09-16 12:59:49.640 2771 2771 E GsmSST : [GsmSST] RIL implementation has returned an error where it must succeedcom.android.internal.telephony.CommandException: REQUEST_NOT_SUPPORTED
09-16 12:59:49.640 2771 2771 D RILJ : [4922]> OPERATOR [SUB1]
09-16 12:59:49.640 1777 2220 I RILR1 : CChannel::ProcessModemData() - INFO: chnl=[1] size=[20] RX [+CREG: 2,3OK]
09-16 12:59:49.640 1777 2220 I RILR1 : CSilo_Network::ParseRegistrationStatus() - CREG paramcount=2 fUnsolicited=0
09-16 12:59:49.640 1777 2219 I RILR1 : [RIL STATE] REG STATUS = REGISTRATION DENIED RAT = RADIO_TECH_UNKNOWN
09-16 12:59:49.640 1777 2219 I RILR1 : IsLTENetworkType() networkType=0()
09-16 12:59:49.640 2771 2771 D RILJ : [4923]> DATA_REGISTRATION_STATE [SUB1]
09-16 12:59:49.640 1777 2219 D RILC : [31265]< VOICE_REGISTRATION_STATE {13,,,0,(null),(null),(null),(null),(null),(null),(null),(null),(null),-1,(null),(null)}
09-16 12:59:49.640 1777 2219 I RILR1 : After OnRequestComplete(): token=0xf6944180, eErrNo=0, pResponse=[0xf54df000], len=[64]
09-16 12:59:49.641 1777 2219 D RILC : [31272]< VOICE_REGISTRATION_STATE {13,,,0,(null),(null),(null),(null),(null),(null),(null),(null),(null),-1,(null),(null)}
09-16 12:59:49.641 1777 2219 I RILR1 : After OnRequestComplete(): token=0xf6944760, eErrNo=0, pResponse=[0xf54df000], len=[64]
09-16 12:59:49.641 1777 2219 I RILR1 : CChannel::SendCommand() - chnl=[1] RILReqID=[45] retries=[0] Timeout=[200000] cmd1=[AT+COPS?] cmd2=[NULL]
09-16 12:59:49.641 1777 2219 I RILR1 : CChannelBase::WriteToPort() - INFO: chnl=[1] TX [AT+COPS?]
09-16 12:59:49.641 1777 1791 D RILC : [31274]> OPERATOR
09-16 12:59:49.641 1777 1791 I RILR1 : onRequest() - id=22 token: 0xf69440a0
09-16 12:59:49.641 1777 1791 I RILR1 : CTE::HandleRequest() - id=22 token: 0xf69440a0
09-16 12:59:49.641 1777 1791 I RILR1 : CTE::HandleRequestWhenNotRegistered - REQID=22, token=0xf69440a0
09-16 12:59:49.641 1777 1791 D RILC : [31274]< OPERATOR fails by E_OP_NOT_ALLOWED_BEFORE_REG_TO_NW
09-16 12:59:49.641 1777 1791 I RILR1 : After OnRequestComplete(): token=0xf69440a0, eErrNo=9, pResponse=[0x00000000], len=[0]
09-16 12:59:49.641 2771 2862 D RILJ : [4913]< VOICE_REGISTRATION_STATE {13, , , 0, null, null, null, null, null, null, null, null, null, -1, null, null} [SUB1]
09-16 12:59:49.641 2771 2771 D RILJ : [4924]> VOICE_REGISTRATION_STATE [SUB1]
09-16 12:59:49.641 2771 2862 D RILJ : [4920]< VOICE_REGISTRATION_STATE {13, , , 0, null, null, null, null, null, null, null, null, null, -1, null, null} [SUB1]
09-16 12:59:49.641 1777 1791 D RILC : [31275]> DATA_REGISTRATION_STATE
09-16 12:59:49.641 1777 1791 I RILR1 : onRequest() - id=21 token: 0xf69440a0
09-16 12:59:49.641 1777 1791 I RILR1 : CTE::HandleRequest() - id=21 token: 0xf69440a0
09-16 12:59:49.642 1777 1791 D RILC : [31275]< DATA_REGISTRATION_STATE fails by E_REQUEST_NOT_SUPPORTED
09-16 12:59:49.642 1777 1791 I RILR1 : After OnRequestComplete(): token=0xf69440a0, eErrNo=6, pResponse=[0x00000000], len=[0]
09-16 12:59:49.642 2771 2771 D RILJ : [4925]> QUERY_NETWORK_SELECTION_MODE [SUB1]
09-16 12:59:49.642 1777 1791 D RILC : [31276]> VOICE_REGISTRATION_STATE
09-16 12:59:49.642 1777 1791 I RILR1 : onRequest() - id=20 token: 0xf69440a0
09-16 12:59:49.642 1777 1791 I RILR1 : CTE::HandleRequest() - id=20 token: 0xf69440a0
09-16 12:59:49.642 1777 1791 I RILR1 : CRequestInfoTable::GetRequestInfo() - RequestID 20: Timeout [20000]
09-16 12:59:49.643 1777 1791 D RILC : [31277]> QUERY_NETWORK_SELECTION_MODE
09-16 12:59:49.643 1777 1791 I RILR1 : onRequest() - id=45 token: 0xf6944660
09-16 12:59:49.643 1777 1791 I RILR1 : CTE::HandleRequest() - id=45 token: 0xf6944660
09-16 12:59:49.643 1777 1791 I RILR1 : CRequestInfoTable::GetRequestInfo() - RequestID 45: Timeout [200000]
09-16 12:59:49.643 2771 2862 D RilRequest: [4922]< OPERATOR error: com.android.internal.telephony.CommandException: OP_NOT_ALLOWED_BEFORE_REG_NW ret=
09-16 12:59:49.643 2771 2862 D RilRequest: [4923]< DATA_REGISTRATION_STATE error: com.android.internal.telephony.CommandException: REQUEST_NOT_SUPPORTED ret=
09-16 12:59:49.643 2771 2771 E GsmSST : [GsmSST] RIL implementation has returned an error where it must succeedcom.android.internal.telephony.CommandException: REQUEST_NOT_SUPPORTED
09-16 12:59:49.645 1777 2220 I RILR1 : CChannel::ProcessModemData() - INFO: chnl=[1] size=[12] RX [+COPS: 0]
09-16 12:59:49.647 1777 2220 I RILR1 : CChannel::ProcessModemData() - INFO: chnl=[1] size=[6] RX [OK]
09-16 12:59:49.647 1777 2219 D RILC : [31266]< QUERY_NETWORK_SELECTION_MODE {0}
09-16 12:59:49.647 1777 2218 I RILR1 : CChannel::ProcessModemData() - INFO: chnl=[0] size=[322] RX [b_sys_tkt_testif = 0x0000b_sys_tkt_bootcore = 0x0000b_sys_tkt_secmodule = 0x0000b_imei_data = 0x0000b_sim_tkt_no = 0x0000b_sim_tkt_ns = 0x0000b_sim_tkt_sp = 0x0000b_sim_tkt_cp = 0x0000b_sim_tkt_sm = 0x0000b_simlock_data = 0x0000s_valid_system_ticket = 0x0000s_virgin_mode = 0x0001result_cause = 0]
09-16 12:59:49.647 1777 2219 I RILR1 : After OnRequestComplete(): token=0xf69442a0, eErrNo=0, pResponse=[0xf6942068], len=[4]
09-16 12:59:49.647 1777 2219 D RILC : [31273]< QUERY_NETWORK_SELECTION_MODE {0}
09-16 12:59:49.647 1777 2219 I RILR1 : After OnRequestComplete(): token=0xf69447e0, eErrNo=0, pResponse=[0xf6942068], len=[4]
09-16 12:59:49.647 1777 2219 D RILC : [31277]< QUERY_NETWORK_SELECTION_MODE {0}
09-16 12:59:49.647 1777 2219 I RILR1 : After OnRequestComplete(): token=0xf6944660, eErrNo=0, pResponse=[0xf6942068], len=[4]
09-16 12:59:49.647 2771 2862 D RILJ : [4914]< QUERY_NETWORK_SELECTION_MODE {0} [SUB1]
09-16 12:59:49.647 1777 2219 I RILR1 : CChannel::SendCommand() - chnl=[1] RILReqID=[19] retries=[1] Timeout=[20000] cmd1=[AT+CSQ] cmd2=[NULL]
09-16 12:59:49.647 1777 2219 I RILR1 : CChannelBase::WriteToPort() - INFO: chnl=[1] TX [AT+CSQ]
09-16 12:59:49.647 2771 2862 D RILJ : [4921]< QUERY_NETWORK_SELECTION_MODE {0} [SUB1]
09-16 12:59:49.647 2771 2862 D RILJ : [4925]< QUERY_NETWORK_SELECTION_MODE {0} [SUB1]
09-16 12:59:49.649 1777 2218 I RILR1 : CChannel::ProcessModemData() - INFO: chnl=[0] size=[6] RX [OK]
09-16 12:59:49.649 1777 2217 I RILR1 : CTE::ParseAtSecStateInfoRequest() - b_sys_tkt_testif = True/Valid/Enabled
09-16 12:59:49.649 1777 2217 I RILR1 : CTE::ParseAtSecStateInfoRequest() - b_sys_tkt_bootcore = True/Valid/Enabled
09-16 12:59:49.649 1777 2217 I RILR1 : CTE::ParseAtSecStateInfoRequest() - b_sys_tkt_secmodule = True/Valid/Enabled
09-16 12:59:49.649 1777 2217 I RILR1 : CTE::ParseAtSecStateInfoRequest() - b_imei_data = True/Valid/Enabled
09-16 12:59:49.649 1777 2217 I RILR1 : CTE::ParseAtSecStateInfoRequest() - b_sim_tkt_no = True/Valid/Enabled
09-16 12:59:49.649 1777 2217 I RILR1 : CTE::ParseAtSecStateInfoRequest() - b_sim_tkt_ns = True/Valid/Enabled
09-16 12:59:49.649 1777 2217 I RILR1 : CTE::ParseAtSecStateInfoRequest() - b_sim_tkt_sp = True/Valid/Enabled
09-16 12:59:49.649 1777 2217 I RILR1 : CTE::ParseAtSecStateInfoRequest() - b_sim_tkt_cp = True/Valid/Enabled
09-16 12:59:49.649 1777 2217 I RILR1 : CTE::ParseAtSecStateInfoRequest() - b_sim_tkt_sm = True/Valid/Enabled
09-16 12:59:49.649 1777 2217 I RILR1 : CTE::ParseAtSecStateInfoRequest() - b_simlock_data = True/Valid/Enabled
09-16 12:59:49.649 1777 2217 W RILR1 : CTE::ParseAtSecStateInfoRequest()- Missing parameter b_mid_certificate =
09-16 12:59:49.649 1777 2217 W RILR1 : CTE::ParseAtSecStateInfoRequest()- Missing parameter b_rnd_certificate =
09-16 12:59:49.649 1777 2217 I RILR1 : CTE::ParseAtSecStateInfoRequest() - s_valid_system_ticket = True/Valid/Enabled
09-16 12:59:49.649 1777 2217 I RILR1 : CTE::ParseAtSecStateInfoRequest() - s_virgin_mode = False/Disabled
09-16 12:59:49.649 1777 2217 W RILR1 : CTE::ParseAtSecStateInfoRequest()- Missing parameter s_restricted_mode =
09-16 12:59:49.649 1777 2217 W RILR1 : CTE::ParseAtSecStateInfoRequest()- Missing parameter s_legacy_imei_support =
09-16 12:59:49.649 1777 2217 I RILR1 : CTE::ParseAtSecStateInfoRequest() - result_cause = True/Valid/Enabled
09-16 12:59:49.649 1777 2217 I RILR1 : CTE::PostCmdHandlerCompleteRequest() RilToken NULL - May be internal request, RequestID: 23
09-16 12:59:49.649 1777 2217 I RILR1 : CChannel::SendCommand() - chnl=[0] RILReqID=[9] retries=[1] Timeout=[20000] cmd1=[AT+CLCC] cmd2=[NULL]
09-16 12:59:49.649 1777 2217 I RILR1 : CChannelBase::WriteToPort() - INFO: chnl=[0] TX [AT+CLCC]
09-16 12:59:49.654 1777 2220 I RILR1 : CChannel::ProcessModemData() - INFO: chnl=[1] size=[20] RX [+CSQ: 99,0OK]
09-16 12:59:49.654 1777 2219 D RILC : [UNSL]< UNSOL_SIGNAL_STRENGTH {[signalStrength=99,bitErrorRate=0, CDMA_SS.dbm=-1,CDMA_SSecio=-1, EVDO_SS.dbm=-1,EVDO_SS.ecio=-1, EVDO_SS.signalNoiseRatio=-1, LTE_SS.signalStrength=-1,LTE_SS.rsrp=2147483647,LTE_SS.rsrq=2147483647, LTE_SS.rssnr=2147483647,LTE_SS.cqi=2147483647,TDSCDMA_SS.rscp=0]}
09-16 12:59:49.654 1777 2219 I RILR1 : CTE::PostCmdHandlerCompleteRequest() RilToken NULL - May be internal request, RequestID: 19
