09-16 12:59:49.654 1777 2219 I RILR1 : CChannel::SendCommand() - chnl=[1] RILReqID=[20] retries=[1] Timeout=[20000] cmd1=[AT+CREG=2;+CREG?;+CREG=0] cmd2=[NULL]
09-16 12:59:49.654 1777 2219 I RILR1 : CChannelBase::WriteToPort() - INFO: chnl=[1] TX [AT+CREG=2;+CREG?;+CREG=0]
09-16 12:59:49.654 2771 2771 D SubscriptionController: [getSubId]- numSubIds == 0, return DummySubIds slotIdx=1
09-16 12:59:49.654 2771 2771 D DefaultPhoneNotifier: notifySignalStrength: mRegistry=com.android.internal.telephony.ITelephonyRegistry$Stub$Proxy@e7e294a ss=SignalStrength: 99 0 -120 -160 -120 -1 -1 99 2147483647 2147483647 2147483647 2147483647 2147483647 gsm|lte sender=Handler (com.android.internal.telephony.gsm.GSMPhone) {536cdf2}
09-16 12:59:49.654 2089 2378 D TelephonyRegistry: notifySignalStrengthForSubscriber: invalid phoneId=-1
09-16 12:59:49.656 1777 2218 I RILR1 : CChannel::ProcessModemData() - INFO: chnl=[0] size=[6] RX [OK]
09-16 12:59:49.656 1777 2217 D RILC : [31267]< GET_CURRENT_CALLS
09-16 12:59:49.656 1777 2217 I RILR1 : After OnRequestComplete(): token=0xf6944740, eErrNo=0, pResponse=[0x00000000], len=[0]
09-16 12:59:49.656 2771 2862 D RILJ : [4915]< GET_CURRENT_CALLS {} [SUB1]
09-16 12:59:49.660 1777 2220 I RILR1 : CChannel::ProcessModemData() - INFO: chnl=[1] size=[14] RX [+CREG: 2,3]
09-16 12:59:49.660 1777 2220 I RILR1 : CSilo_Network::ParseRegistrationStatus() - CREG paramcount=2 fUnsolicited=0
09-16 12:59:49.662 1777 2220 I RILR1 : CChannel::ProcessModemData() - INFO: chnl=[1] size=[6] RX [OK]
09-16 12:59:49.662 1777 2220 I RILR1 : CSilo_Network::ParseRegistrationStatus() - CREG paramcount=2 fUnsolicited=0
09-16 12:59:49.662 1777 2219 I RILR1 : [RIL STATE] REG STATUS = REGISTRATION DENIED RAT = RADIO_TECH_UNKNOWN
09-16 12:59:49.662 1777 2219 I RILR1 : IsLTENetworkType() networkType=0()
09-16 12:59:49.662 1777 2219 D RILC : [31276]< VOICE_REGISTRATION_STATE {13,,,0,(null),(null),(null),(null),(null),(null),(null),(null),(null),-1,(null),(null)}
09-16 12:59:49.662 1777 2219 I RILR1 : After OnRequestComplete(): token=0xf69440a0, eErrNo=0, pResponse=[0xf54df000], len=[64]
09-16 12:59:49.662 2771 2862 D RILJ : [4924]< VOICE_REGISTRATION_STATE {13, , , 0, null, null, null, null, null, null, null, null, null, -1, null, null} [SUB1]
09-16 12:59:49.662 2771 2771 D PHONE : [ServiceState] setVoiceRegState=1
09-16 12:59:49.662 2771 2771 E PHONE : [ServiceState] setState deprecated use setVoiceRegState()
09-16 12:59:49.663 2771 2771 D SubscriptionController: [getSubId]- numSubIds == 0, return DummySubIds slotIdx=1
09-16 12:59:49.664 2771 2771 D GsmSST : [GsmSST] Poll ServiceState done: oldSS=[3 3 voice home data home null null null null null null Unknown Unknown CSS not supported -1 -1 RoamInd=-1 DefRoamInd=-1 EmergOnly=false IsDataRoamingFromRegistration=false] newSS=[1 1 voice home data home null null null null null null Unknown Unknown CSS not supported -1 -1 RoamInd=-1 DefRoamInd=-1 EmergOnly=true IsDataRoamingFromRegistration=false] oldMaxDataCalls=1 mNewMaxDataCalls=1 oldReasonDataDenied=-1 mNewReasonDataDenied=-1
09-16 12:59:49.664 2771 2771 D PHONE : [ServiceState] setNullState=1
09-16 12:59:49.664 2771 2771 D GsmSST : [GsmSST] updateSpnDisplay: radio is on but out of service, set plmn='Nur Notrufe'
09-16 12:59:49.665 2771 2771 D SubscriptionController: [getSubId]- numSubIds == 0, return DummySubIds slotIdx=1
09-16 12:59:49.666 2771 2771 D GsmSST : [GsmSST] updateSpnDisplay: changed sending intent rule=0 showPlmn='true' plmn='Nur Notrufe' showSpn='false' spn='' dataSpn='' subId='-3'
09-16 12:59:49.666 2771 2771 D SubscriptionController: [getSubId]- numSubIds == 0, return DummySubIds slotIdx=1
09-16 12:59:49.667 2771 2771 D SubscriptionController: [getSubId]- numSubIds == 0, return DummySubIds slotIdx=1
09-16 12:59:49.667 2771 2771 D SubscriptionController: [setPlmnSpn] No valid subscription to store info
09-16 12:59:49.667 2771 2771 D SubscriptionController: notifySubscriptionInfoChanged:
09-16 12:59:49.671 2771 3107 D SubscriptionController: [getActiveSubInfoList]+
09-16 12:59:49.671 2771 3295 D SubscriptionController: [getActiveSubInfoList]+
09-16 12:59:49.672 2771 3107 D SubscriptionController: selection:sim_id>=0 null
09-16 12:59:49.672 2771 2771 D TelephonyManager: setTelephonyProperty: success phoneId=1 property=gsm.operator.alpha value: propVal=,
09-16 12:59:49.673 2771 2771 D TelephonyManager: setTelephonyProperty: success phoneId=1 property=gsm.operator.numeric value: propVal=,
09-16 12:59:49.673 2771 2771 D GsmSST : [GsmSST] operatorNumeric is null
09-16 12:59:49.673 2771 2771 D TelephonyManager: setTelephonyProperty: success phoneId=1 property=gsm.operator.iso-country value: propVal=,
09-16 12:59:49.674 2771 2771 D TelephonyManager: setTelephonyProperty: success phoneId=1 property=gsm.operator.isroaming value: false propVal=false,false
09-16 12:59:49.674 2771 2771 D GsmSST : [GsmSST] Broadcasting ServiceState : 1 1 voice home data home null null null null null null Unknown Unknown CSS not supported -1 -1 RoamInd=-1 DefRoamInd=-1 EmergOnly=true IsDataRoamingFromRegistration=false
09-16 12:59:49.674 2771 2771 D SubscriptionController: [getSubId]- numSubIds == 0, return DummySubIds slotIdx=1
09-16 12:59:49.674 2771 2771 D DefaultPhoneNotifier: nofityServiceState: mRegistry=com.android.internal.telephony.ITelephonyRegistry$Stub$Proxy@e7e294a ss=1 1 voice home data home null null null null null null Unknown Unknown CSS not supported -1 -1 RoamInd=-1 DefRoamInd=-1 EmergOnly=true IsDataRoamingFromRegistration=false sender=Handler (com.android.internal.telephony.gsm.GSMPhone) {536cdf2} phondId=1 subId=-3
09-16 12:59:49.677 2771 3107 D SubscriptionController: [getSubInfoRecord] id:1 iccid:894921004XXXXXXXXXXX simSlotIndex:0 displayName:MEDIONmobile nameSource:2 iconTint:-16746133 dataRoaming:0 mcc:262 mnc:3 countIso:de userNwMode:9
09-16 12:59:49.680 2771 2771 D SubscriptionController: getSimStateForSlotIdx: simState=READY ordinal=5
09-16 12:59:49.680 2089 2100 D SubscriptionManager: getSimStateForSubscriber: simState=5 slotIdx=0
09-16 12:59:49.681 2771 2771 D GsmSST : [GsmSST] notifyDataRegStateRilRadioTechnologyChanged: drs=1 rat=0
09-16 12:59:49.681 2771 2771 D TelephonyManager: setTelephonyProperty: success phoneId=1 property=gsm.network.type value: Unknown propVal=Unknown,Unknown
09-16 12:59:49.681 2771 3107 D SubscriptionController: [getActiveSubInfoList]- 1 infos return
09-16 12:59:49.682 2771 2771 D DCT : [1]get all active apn types
09-16 12:59:49.682 2771 2771 D GsmSST : [GsmSST] SubscriptionListener.onSubscriptionInfoChanged
09-16 12:59:49.682 2771 2771 D DCT : [0]SubscriptionListener.onSubscriptionInfoChanged
09-16 12:59:49.682 2771 3295 D SubscriptionController: selection:sim_id>=0 null
09-16 12:59:49.688 2771 2771 D GsmSST : [GsmSST] SubscriptionListener.onSubscriptionInfoChanged
09-16 12:59:49.688 2771 2771 D SubscriptionController: [getSubId]- numSubIds == 0, return DummySubIds slotIdx=1
09-16 12:59:49.688 2771 2771 D DCT : [1]SubscriptionListener.onSubscriptionInfoChanged
09-16 12:59:49.688 2771 2771 D SubscriptionController: [getSubId]- numSubIds == 0, return DummySubIds slotIdx=1
09-16 12:59:49.689 2771 2771 D SubscriptionController: [getActiveSubInfoList]+
09-16 12:59:49.690 2771 2771 D SubscriptionController: selection:sim_id>=0 null
09-16 12:59:49.693 2771 3295 D SubscriptionController: [getSubInfoRecord] id:1 iccid:894921004XXXXXXXXXXX simSlotIndex:0 displayName:MEDIONmobile nameSource:2 iconTint:-16746133 dataRoaming:0 mcc:262 mnc:3 countIso:de userNwMode:9
09-16 12:59:49.696 2771 2771 D SubscriptionController: [getSubInfoRecord] id:1 iccid:894921004XXXXXXXXXXX simSlotIndex:0 displayName:MEDIONmobile nameSource:2 iconTint:-16746133 dataRoaming:0 mcc:262 mnc:3 countIso:de userNwMode:9
09-16 12:59:49.699 2771 2771 D SubscriptionController: [getActiveSubInfoList]- 1 infos return
09-16 12:59:49.700 2771 2771 E PhoneBase: Error! unregisterForCallWaiting() in PhoneBase should not be called, CDMAPhone inactive.
09-16 12:59:49.700 2771 3295 D SubscriptionController: [getActiveSubInfoList]- 1 infos return
09-16 12:59:49.704 2771 2771 D SubscriptionController: [getActiveSubInfoList]+
09-16 12:59:49.707 2771 2771 D SubscriptionController: selection:sim_id>=0 null
09-16 12:59:49.712 2771 2771 D SubscriptionController: [getSubInfoRecord] id:1 iccid:894921004XXXXXXXXXXX simSlotIndex:0 displayName:MEDIONmobile nameSource:2 iconTint:-16746133 dataRoaming:0 mcc:262 mnc:3 countIso:de userNwMode:9
09-16 12:59:49.714 2771 2771 D SubscriptionController: [getActiveSubInfoList]- 1 infos return
09-16 12:59:49.714 2771 2771 D SubscriptionController: [getActiveSubInfoForSubscriber]+ subId=1 subInfo={id=1, iccId=894921004XXXXXXXXXXX simSlotIndex=0 displayName=MEDIONmobile carrierName=Kein Dienst nameSource=2 iconTint=-16746133 dataRoaming=0 iconBitmap=android.graphics.Bitmap@a61d404 mcc 262 mnc 3 mUserNwMode=9}
09-16 12:59:49.717 2771 2771 D SubscriptionController: [getActiveSubInfoList]+
09-16 12:59:49.718 2771 2771 D SubscriptionController: selection:sim_id>=0 null
09-16 12:59:49.723 2771 9576 D SubscriptionController: [getActiveSubInfoList]+
09-16 12:59:49.724 2771 9576 D SubscriptionController: selection:sim_id>=0 null
09-16 12:59:49.725 2771 2771 D SubscriptionController: [getSubInfoRecord] id:1 iccid:894921004XXXXXXXXXXX simSlotIndex:0 displayName:MEDIONmobile nameSource:2 iconTint:-16746133 dataRoaming:0 mcc:262 mnc:3 countIso:de userNwMode:9
09-16 12:59:49.727 2771 9576 D SubscriptionController: [getSubInfoRecord] id:1 iccid:894921004XXXXXXXXXXX simSlotIndex:0 displayName:MEDIONmobile nameSource:2 iconTint:-16746133 dataRoaming:0 mcc:262 mnc:3 countIso:de userNwMode:9
09-16 12:59:49.728 1771 8980 I RILR : CChannel::ProcessModemData() - INFO: chnl=[4] size=[21] RX [+CGEV: ME CLASS B]
09-16 12:59:49.729 1771 8980 I RILR : CSilo_Network::ParseCGEV() - Enter
09-16 12:59:49.729 1771 8980 I RILR : CSilo_Network::ParseCGEV() - NW CLASS/ME CLASS
09-16 12:59:49.729 1771 8980 I RILR : CSilo_Network::ParseCGEV() - Exit
09-16 12:59:49.729 1771 8980 I RILR : CChannel::ProcessResponse : chnl=[4] unsolicited notification resultcode=[1028]
09-16 12:59:49.729 1771 8980 I RILR : RIL_onUnsolicitedResponse() - RIL_UNSOL_OEM_HOOK_RAW
09-16 12:59:49.729 1771 8980 I RILR : RIL_onUnsolicitedResponse() - dataSize=8
09-16 12:59:49.729 1771 8980 D RILC : [UNSL]< UNSOL_OEM_HOOK_RAW
09-16 12:59:49.729 1771 8972 I RILR : CChannel::ProcessModemData() - INFO: chnl=[0] size=[6] RX [OK]
09-16 12:59:49.729 2771 2848 V RILJ : [UNSL]< UNSOL_OEM_HOOK_RAW d400000002000000 [SUB0]
09-16 12:59:49.729 1771 8971 I RILR : CTE::PostFlightModeCommand() - Enter
09-16 12:59:49.729 1771 8971 I RILR : CRequestInfoTable::GetRequestInfo() - RequestID 23: Timeout [120000]
09-16 12:59:49.729 1771 8971 I RILR : CTE::PostFlightModeCommand() - Exit
09-16 12:59:49.729 1771 8979 I RILR : CChannel::SendCommand() - chnl=[4] RILReqID=[23] retries=[0] Timeout=[120000] cmd1=[AT+XCESQ=1] cmd2=[NULL]
09-16 12:59:49.729 1771 8979 I RILR : CChannelBase::WriteToPort() - INFO: chnl=[4] TX [AT+XCESQ=1]
09-16 12:59:49.731 1771 8980 I RILR : CChannel::ProcessModemData() - INFO: chnl=[4] size=[6] RX [OK]
09-16 12:59:49.731 1771 8979 I RILR : CTE::PostRadioPower() Enter
09-16 12:59:49.731 1771 8979 I RILR : RIL_onUnsolicitedResponse() - RIL_UNSOL_OEM_HOOK_RAW
09-16 12:59:49.731 1771 8979 I RILR : RIL_onUnsolicitedResponse() - dataSize=8
09-16 12:59:49.731 1771 8979 D RILC : [UNSL]< UNSOL_OEM_HOOK_RAW
09-16 12:59:49.731 1771 8979 I RILR : CRequestInfoTable::GetRequestInfo() - RequestID 61: Timeout [10000]
09-16 12:59:49.731 1771 8979 I RILR : CRequestInfoTable::GetRequestInfo() - RequestID 23: Timeout [120000]
09-16 12:59:49.731 1771 8979 I RILR : RIL_onUnsolicitedResponse() - RIL_UNSOL_RESPONSE_RADIO_STATE_CHANGED
09-16 12:59:49.731 1771 8979 I RILR : RIL_onUnsolicitedResponse() - pData is NULL! id=1000
09-16 12:59:49.731 1771 8979 D RILC : [UNSL]< UNSOL_RESPONSE_RADIO_STATE_CHANGED {RADIO_ON}
09-16 12:59:49.731 1771 8979 I RILR : CRadioState::SetRadioStateAndNotify() - RADIO STATE = RADIO_STATE_ON
09-16 12:59:49.731 1771 8979 I RILR : CTEBase::SetInitialAttachApn() - initial attach apn not set
09-16 12:59:49.732 1771 8979 I RILR : CChannel::SendCommand() - chnl=[4] RILReqID=[61] retries=[1] Timeout=[10000] cmd1=[AT+CREG=3;+CGREG=0;+XREG=3;+CEREG=3;+XCESQ=1] cmd2=[AT+XFDOR=2,4,5]
09-16 12:59:49.732 1771 1789 I RILR : RIL_onUnsolicitedResponse() - RIL_UNSOL_RESTRICTED_STATE_CHANGED
09-16 12:59:49.732 1771 8979 I RILR : CChannelBase::WriteToPort() - INFO: chnl=[4] TX [AT+CREG=3;+CGREG=0;+XREG=3;+CEREG=3;+XCESQ=1]
09-16 12:59:49.732 1771 1789 I RILR : RIL_onUnsolicitedResponse() - RIL_RESTRICTED_STATE_* bitmask=0x00000000
09-16 12:59:49.732 1771 1789 D RILC : [UNSL]< UNSOL_RESTRICTED_STATE_CHANGED {0}
09-16 12:59:49.732 1771 8971 I RILR : CChannel::SendCommand() - chnl=[0] RILReqID=[23] retries=[0] Timeout=[120000] cmd1=[at@sec:state_info()] cmd2=[NULL]
09-16 12:59:49.732 1771 1789 I RILC : Localy enabling NETWORK_SELECTION_AUTOMATIC
09-16 12:59:49.732 1771 1789 D RILC : C[locl]> SET_NETWORK_SELECTION_AUTOMATIC
09-16 12:59:49.732 1771 8971 I RILR : CChannelBase::WriteToPort() - INFO: chnl=[0] TX [at@sec:state_info()]
09-16 12:59:49.732 1771 1789 I RILR : onRequest() - id=46 token: 0xf69c48e0
09-16 12:59:49.732 1771 1789 I RILR : CTE::HandleRequest() - id=46 token: 0xf69c48e0
09-16 12:59:49.732 1771 1789 E RILR : CTE::RequestSetNetworkSelectionAutomatic() - Passed data pointer was NULL
09-16 12:59:49.732 1771 1789 E RILR : m_NetworkSelectionModeParams.mode=0,m_bSIMRemoved=0
09-16 12:59:49.732 1771 1789 I RILR : CRequestInfoTable::GetRequestInfo() - RequestID 46: Timeout [300000]
09-16 12:59:49.732 1771 1789 D RILC : [31261]< RADIO_POWER
09-16 12:59:49.732 1771 1789 I RILR : After OnRequestComplete(): token=0xf69c48c0, eErrNo=0, pResponse=[0x00000000], len=[0]
09-16 12:59:49.732 1771 8983 I RILR : CChannel::SendCommand() - chnl=[6] RILReqID=[46] retries=[0] Timeout=[300000] cmd1=[AT+COPS=0] cmd2=[NULL]
09-16 12:59:49.732 1771 8983 I RILR : CChannelBase::WriteToPort() - INFO: chnl=[6] TX [AT+COPS=0]
09-16 12:59:49.732 2771 2848 V RILJ : [UNSL]< UNSOL_OEM_HOOK_RAW d300000001000000 [SUB0]
09-16 12:59:49.732 2771 2848 D RILJ : [UNSL]< UNSOL_RESPONSE_RADIO_STATE_CHANGED RADIO_ON [SUB0]
09-16 12:59:49.732 2771 2848 V RILJ : [UNSL]< UNSOL_RESTRICTED_STATE_CHANGED {0} [SUB0]
09-16 12:59:49.732 2771 2848 D RILJ : [4909]< RADIO_POWER [SUB0]
09-16 12:59:49.733 2771 2771 D SubscriptionController: [getActiveSubInfoList]- 1 infos return
09-16 12:59:49.733 2771 2771 D SubscriptionController: [getActiveSubInfoForSubscriber]+ subId=1 subInfo={id=1, iccId=894921004XXXXXXXXXXX simSlotIndex=0 displayName=MEDIONmobile carrierName=Kein Dienst nameSource=2 iconTint=-16746133 dataRoaming=0 iconBitmap=android.graphics.Bitmap@bd5feb3 mcc 262 mnc 3 mUserNwMode=9}
09-16 12:59:49.734 1771 8980 I RILR : CChannel::ProcessModemData() - INFO: chnl=[4] size=[6] RX [OK]
09-16 12:59:49.735 1771 8979 I RILR : CChannelBase::WriteToPort() - INFO: chnl=[4] TX [AT+XFDOR=2,4,5]
09-16 12:59:49.737 1771 8980 I RILR : CChannel::ProcessModemData() - INFO: chnl=[4] size=[6] RX [OK]
09-16 12:59:49.737 1771 8979 I RILR : CRequestInfoTable::GetRequestInfo() - RequestID 19: Timeout [10000]
09-16 12:59:49.737 1771 8979 I RILR : RIL_onUnsolicitedResponse() - RIL_UNSOL_RESPONSE_VOICE_NETWORK_STATE_CHANGED
09-16 12:59:49.737 1771 8979 I RILR : RIL_onUnsolicitedResponse() - pData is NULL! id=1002
09-16 12:59:49.737 1771 8973 I RILR : CChannel::SendCommand() - chnl=[1] RILReqID=[19] retries=[1] Timeout=[10000] cmd1=[AT+XCESQ?] cmd2=[NULL]
09-16 12:59:49.737 1771 8973 I RILR : CChannelBase::WriteToPort() - INFO: chnl=[1] TX [AT+XCESQ?]
09-16 12:59:49.737 1771 8979 D RILC : [UNSL]< UNSOL_RESPONSE_VOICE_NETWORK_STATE_CHANGED
09-16 12:59:49.738 1771 8979 I RILR : CTE::PostCmdHandlerCompleteRequest() RilToken NULL - May be internal request, RequestID: 61
09-16 12:59:49.738 2771 2848 D RILJ : [UNSL]< UNSOL_RESPONSE_VOICE_NETWORK_STATE_CHANGED [SUB0]
09-16 12:59:49.738 2771 9576 D SubscriptionController: [getActiveSubInfoList]- 1 infos return
09-16 12:59:49.739 1771 8974 I RILR : CChannel::ProcessModemData() - INFO: chnl=[1] size=[44] RX [+XCESQ: 0,30,0,255,255,255,255,255OK]
09-16 12:59:49.739 1771 8973 D RILC : [UNSL]< UNSOL_SIGNAL_STRENGTH {[signalStrength=17,bitErrorRate=0, CDMA_SS.dbm=-1,CDMA_SSecio=-1, EVDO_SS.dbm=-1,EVDO_SS.ecio=-1, EVDO_SS.signalNoiseRatio=-1, LTE_SS.signalStrength=99,LTE_SS.rsrp=2147483647,LTE_SS.rsrq=2147483647, LTE_SS.rssnr=2147483647,LTE_SS.cqi=2147483647,TDSCDMA_SS.rscp=-189511680]}
09-16 12:59:49.739 1771 8973 I RILR : CTE::PostCmdHandlerCompleteRequest() RilToken NULL - May be internal request, RequestID: 19
09-16 12:59:49.741 2771 9482 D SubscriptionController: getSimStateForSlotIdx: simState=READY ordinal=5
09-16 12:59:49.741 2324 2324 D SubscriptionManager: getSimStateForSubscriber: simState=5 slotIdx=0
09-16 12:59:49.742 2771 2786 D SubscriptionController: [getSubId]- numSubIds == 0, return DummySubIds slotIdx=1
09-16 12:59:49.744 2771 20292 D SubscriptionController: [getSubId]- numSubIds == 0, return DummySubIds slotIdx=1
09-16 12:59:49.745 1771 8972 I RILR : CChannel::ProcessModemData() - INFO: chnl=[0] size=[444] RX [b_sys_tkt_testif = 0x0000b_sys_tkt_bootcore = 0x0000b_sys_tkt_secmodule = 0x0000b_imei_data = 0x0002b_sim_tkt_no = 0x0000b_sim_tkt_ns = 0x0000b_sim_tkt_sp = 0x0000b_sim_tkt_cp = 0x0000b_sim_tkt_sm = 0x0000b_simlock_data = 0x0000b_mid_certificate = 0x0000b_rnd_certificate = 0x0002s_valid_system_ticket = 0x0000s_virgin_mode = 0x0001s_restricted_mode = 0x0001s_legacy_imei_support = 0x0000result_cause = 0OK]
09-16 12:59:49.746 1771 8971 I RILR : CTE::ParseAtSecStateInfoRequest() - b_sys_tkt_testif = True/Valid/Enabled
09-16 12:59:49.746 1771 8971 I RILR : CTE::ParseAtSecStateInfoRequest() - b_sys_tkt_bootcore = True/Valid/Enabled
09-16 12:59:49.746 1771 8971 I RILR : CTE::ParseAtSecStateInfoRequest() - b_sys_tkt_secmodule = True/Valid/Enabled
09-16 12:59:49.746 1771 8971 I RILR : CTE::ParseAtSecStateInfoRequest() - b_imei_data = Invalid signature
09-16 12:59:49.746 1771 8971 I RILR : CTE::ParseAtSecStateInfoRequest() - b_sim_tkt_no = True/Valid/Enabled
09-16 12:59:49.746 1771 8971 I RILR : CTE::ParseAtSecStateInfoRequest() - b_sim_tkt_ns = True/Valid/Enabled
09-16 12:59:49.746 1771 8971 I RILR : CTE::ParseAtSecStateInfoRequest() - b_sim_tkt_sp = True/Valid/Enabled
09-16 12:59:49.746 1771 8971 I RILR : CTE::ParseAtSecStateInfoRequest() - b_sim_tkt_cp = True/Valid/Enabled
09-16 12:59:49.746 1771 8971 I RILR : CTE::ParseAtSecStateInfoRequest() - b_sim_tkt_sm = True/Valid/Enabled
09-16 12:59:49.746 1771 8971 I RILR : CTE::ParseAtSecStateInfoRequest() - b_simlock_data = True/Valid/Enabled
09-16 12:59:49.746 1771 8971 I RILR : CTE::ParseAtSecStateInfoRequest() - b_mid_certificate = True/Valid/Enabled
09-16 12:59:49.746 1771 8971 I RILR : CTE::ParseAtSecStateInfoRequest() - b_rnd_certificate = Invalid signature
09-16 12:59:49.746 1771 8971 I RILR : CTE::ParseAtSecStateInfoRequest() - s_valid_system_ticket = True/Valid/Enabled
09-16 12:59:49.746 1771 8971 I RILR : CTE::ParseAtSecStateInfoRequest() - s_virgin_mode = False/Disabled
09-16 12:59:49.746 1771 8971 I RILR : CTE::ParseAtSecStateInfoRequest() - s_restricted_mode = False/Disabled
09-16 12:59:49.746 1771 8971 I RILR : CTE::ParseAtSecStateInfoRequest() - s_legacy_imei_support = True/Valid/Enabled
09-16 12:59:49.746 1771 8971 I RILR : CTE::ParseAtSecStateInfoRequest() - result_cause = True/Valid/Enabled
09-16 12:59:49.746 1771 8971 I RILR : CTE::PostCmdHandlerCompleteRequest() RilToken NULL - May be internal request, RequestID: 23
09-16 12:59:49.771 2771 2771 E PhoneBase: Error! registerForCallWaiting() in PhoneBase should not be called, CDMAPhone inactive.
09-16 12:59:49.778 2771 2771 D SubscriptionController: [getSubId]- numSubIds == 0, return DummySubIds slotIdx=1
09-16 12:59:49.788 2771 2771 D DCT : [1]handleMessage msg={ when=-107ms what=270377 obj=android.os.AsyncResult@9c3b06e target=com.android.internal.telephony.dataconnection.DcTracker }
09-16 12:59:49.789 2771 2771 D DCT : [1]onUpdateIcc: newIccRecords null
09-16 12:59:49.789 2771 2771 D DCT : [1]setupDataOnConnectableApns: nwTypeChanged
09-16 12:59:49.789 2771 2771 D DCT : [1]setupDataOnConnectableApns: apnContext {mApnType=dun mState=IDLE mWaitingApns={null} mWaitingApnsPermanentFailureCountDown=0 mApnSetting={null} mReason=radioTurnedOff mDataEnabled=false mDependencyMet=true}
09-16 12:59:49.789 2771 2771 D DCT : [1]setupDataOnConnectableApns: apnContext {mApnType=hipri mState=IDLE mWaitingApns={null} mWaitingApnsPermanentFailureCountDown=0 mApnSetting={null} mReason=radioTurnedOff mDataEnabled=false mDependencyMet=true}
09-16 12:59:49.789 2771 2771 D DCT : [1]setupDataOnConnectableApns: apnContext {mApnType=supl mState=IDLE mWaitingApns={null} mWaitingApnsPermanentFailureCountDown=0 mApnSetting={null} mReason=radioTurnedOff mDataEnabled=false mDependencyMet=true}
09-16 12:59:49.789 2771 2771 D DCT : [1]setupDataOnConnectableApns: apnContext {mApnType=cbs mState=IDLE mWaitingApns={null} mWaitingApnsPermanentFailureCountDown=0 mApnSetting={null} mReason=radioTurnedOff mDataEnabled=false mDependencyMet=true}
09-16 12:59:49.789 2771 2771 D DCT : [1]setupDataOnConnectableApns: apnContext {mApnType=mms mState=IDLE mWaitingApns={null} mWaitingApnsPermanentFailureCountDown=0 mApnSetting={null} mReason=radioTurnedOff mDataEnabled=false mDependencyMet=true}
09-16 12:59:49.789 2771 2771 D DCT : [1]setupDataOnConnectableApns: apnContext {mApnType=fota mState=IDLE mWaitingApns={null} mWaitingApnsPermanentFailureCountDown=0 mApnSetting={null} mReason=radioTurnedOff mDataEnabled=false mDependencyMet=true}
09-16 12:59:49.789 2771 2771 D DCT : [1]setupDataOnConnectableApns: apnContext {mApnType=ims mState=IDLE mWaitingApns={null} mWaitingApnsPermanentFailureCountDown=0 mApnSetting={null} mReason=radioTurnedOff mDataEnabled=false mDependencyMet=true}
09-16 12:59:49.789 2771 2771 D DCT : [1]setupDataOnConnectableApns: apnContext {mApnType=default mState=IDLE mWaitingApns={null} mWaitingApnsPermanentFailureCountDown=0 mApnSetting={null} mReason=radioTurnedOff mDataEnabled=false mDependencyMet=true}
09-16 12:59:49.789 2771 2771 D DCT : [1]setupDataOnConnectableApns: apnContext {mApnType=ia mState=IDLE mWaitingApns={null} mWaitingApnsPermanentFailureCountDown=0 mApnSetting={null} mReason=radioTurnedOff mDataEnabled=false mDependencyMet=true}
09-16 12:59:49.789 2771 2771 D DCT : [1]setupDataOnConnectableApns: apnContext {mApnType=emergency mState=IDLE mWaitingApns={null} mWaitingApnsPermanentFailureCountDown=0 mApnSetting={null} mReason=radioTurnedOff mDataEnabled=false mDependencyMet=true}
09-16 12:59:49.789 2771 2771 D DctController: handleMessage msg={ when=-101ms what=107 target=com.android.internal.telephony.dataconnection.DctController }
09-16 12:59:49.789 2771 2771 D DctController: onSubInfoReady mPhoneNum=2
09-16 12:59:49.789 2771 2771 D DctController: onSubInfoReady handle pending requests subId=1
09-16 12:59:49.789 2771 2771 D DctController: [TNF 1]evalPendingRequest, pending request size is 0
09-16 12:59:49.789 2771 2771 D SubscriptionController: [getSubId]- numSubIds == 0, return DummySubIds slotIdx=1
09-16 12:59:49.789 2771 2771 D DctController: onSubInfoReady handle pending requests subId=-3
09-16 12:59:49.789 2771 2771 D DctController: onSubInfoReady: SIM card absent on phoneId = 1
09-16 12:59:49.789 2771 2771 D SubscriptionController: [getSubId]- numSubIds == 0, return DummySubIds slotIdx=1
09-16 12:59:49.789 2771 2771 D DctController: [TNF -3]evalPendingRequest, pending request size is 1
09-16 12:59:49.789 2771 2771 D SubscriptionController: [getSubId]- numSubIds == 0, return DummySubIds slotIdx=1
09-16 12:59:49.789 2771 2771 D DctController: [TNF -3]evalPendingRequest: request = NetworkRequest [ id=1, legacyType=-1, [ Capabilities: INTERNET&NOT_RESTRICTED&TRUSTED&NOT_VPN] ]
09-16 12:59:49.789 2771 2771 D SubscriptionController: [getSubId]- numSubIds == 0, return DummySubIds slotIdx=1
09-16 12:59:49.789 2771 2771 D DctController: [TNF -3]Cellular needs Network for NetworkRequest [ id=1, legacyType=-1, [ Capabilities: INTERNET&NOT_RESTRICTED&TRUSTED&NOT_VPN] ]
09-16 12:59:49.789 2771 2771 D SubscriptionController: [getSubId]- numSubIds == 0, return DummySubIds slotIdx=1
09-16 12:59:49.789 2771 2771 D SubscriptionController: [getSubId]- numSubIds == 0, return DummySubIds slotIdx=1
09-16 12:59:49.789 2771 2771 D DctController: [TNF -3]Request not useable, pending request.
09-16 12:59:49.790 2771 2771 D DctController: processRequests
09-16 12:59:49.790 2771 2771 D PhoneBase: EVENT_UNSOL_OEM_HOOK_RAW data=d400000002000000
09-16 12:59:49.790 2771 2771 D PhoneBase: EVENT_UNSOL_OEM_HOOK_RAW data=d300000001000000
09-16 12:59:49.790 2771 2771 D GsmSST : [GsmSST] mDeviceShuttingDown = false
09-16 12:59:49.791 2771 2771 D GsmSST : [GsmSST] mDesiredPowerState = true
09-16 12:59:49.791 2771 2771 D GsmSST : [GsmSST] getRadioState = RADIO_ON
09-16 12:59:49.791 2771 2771 D GsmSST : [GsmSST] mPowerOffDelayNeed = true
09-16 12:59:49.791 2771 2771 D GsmSST : [GsmSST] mAlarmSwitch = false
09-16 12:59:49.791 2771 2771 D RILJ : [4926]> OPERATOR [SUB0]
09-16 12:59:49.791 2771 2771 D RILJ : [4927]> DATA_REGISTRATION_STATE [SUB0]
09-16 12:59:49.791 1771 1789 D RILC : [31278]> OPERATOR
09-16 12:59:49.791 1771 1789 I RILR : onRequest() - id=22 token: 0xf69c48c0
09-16 12:59:49.791 1771 1789 I RILR : CTE::HandleRequest() - id=22 token: 0xf69c48c0
09-16 12:59:49.791 1771 1789 I RILR : CTE::HandleRequestWhenNotRegistered - REQID=22, token=0xf69c48c0
09-16 12:59:49.791 1771 1789 D RILC : [31278]< OPERATOR fails by E_OP_NOT_ALLOWED_BEFORE_REG_TO_NW
09-16 12:59:49.791 1771 1789 I RILR : After OnRequestComplete(): token=0xf69c48c0, eErrNo=9, pResponse=[0x00000000], len=[0]
09-16 12:59:49.792 2771 2848 D RilRequest: [4926]< OPERATOR error: com.android.internal.telephony.CommandException: OP_NOT_ALLOWED_BEFORE_REG_NW ret=
09-16 12:59:49.792 2771 2771 D RILJ : [4928]> VOICE_REGISTRATION_STATE [SUB0]
09-16 12:59:49.792 1771 1789 D RILC : [31279]> DATA_REGISTRATION_STATE
09-16 12:59:49.792 1771 1789 I RILR : onRequest() - id=21 token: 0xf69c48c0
09-16 12:59:49.792 1771 1789 I RILR : CTE::HandleRequest() - id=21 token: 0xf69c48c0
09-16 12:59:49.792 1771 1789 I RILR : CRequestInfoTable::GetRequestInfo() - RequestID 21: Timeout [10000]
09-16 12:59:49.792 1771 8973 I RILR : CChannel::SendCommand() - chnl=[1] RILReqID=[21] retries=[1] Timeout=[10000] cmd1=[AT+CEREG=3;+XREG=3;+CEREG?;+XREG?;+CEREG=0;+XREG=0;] cmd2=[NULL]
09-16 12:59:49.792 1771 8973 I RILR : CChannelBase::WriteToPort() - INFO: chnl=[1] TX [AT+CEREG=3;+XREG=3;+CEREG?;+XREG?;+CEREG=0;+XREG=0;]
09-16 12:59:49.792 2771 2771 D RILJ : [4929]> QUERY_NETWORK_SELECTION_MODE [SUB0]
09-16 12:59:49.793 1771 1789 D RILC : [31280]> VOICE_REGISTRATION_STATE
09-16 12:59:49.793 1771 1789 I RILR : onRequest() - id=20 token: 0xf69c4900
09-16 12:59:49.793 1771 1789 I RILR : CTE::HandleRequest() - id=20 token: 0xf69c4900
09-16 12:59:49.793 1771 1789 I RILR : CRequestInfoTable::GetRequestInfo() - RequestID 20: Timeout [10000]
09-16 12:59:49.795 2771 2771 D RILJ : [4930]> GET_CURRENT_CALLS [SUB0]
09-16 12:59:49.795 1771 1789 D RILC : [31281]> QUERY_NETWORK_SELECTION_MODE
09-16 12:59:49.795 1771 1789 I RILR : onRequest() - id=45 token: 0xf69c4800
09-16 12:59:49.795 1771 1789 I RILR : CTE::HandleRequest() - id=45 token: 0xf69c4800
09-16 12:59:49.795 1771 1789 I RILR : CRequestInfoTable::GetRequestInfo() - RequestID 45: Timeout [100000]
09-16 12:59:49.796 2771 9569 D SubscriptionController: [getActiveSubInfoList]+
09-16 12:59:49.796 1771 8974 I RILR : CChannel::ProcessModemData() - INFO: chnl=[1] size=[53] RX [+CEREG: 3,0,,,,1,17+XREG: 3,0,,,,,,1,17OK]
09-16 12:59:49.796 1771 8974 I RILR : CSilo_Network::ParseRegistrationStatus() - CEREG paramcount=7 fUnsolicited=0
09-16 12:59:49.796 1771 8973 I RILR : CTE::ParseCEREG() - Cound not extract
09-16 12:59:49.796 1771 8973 I RILR : [RIL STATE] EPS REG STATUS = NOT REGISTERED, HOME NETWORK RAT = RADIO_TECH_UNKNOWN
09-16 12:59:49.796 1771 8973 I RILR : IsLTENetworkType() networkType=0()
09-16 12:59:49.796 1771 8973 I RILR : [RIL STATE] GPRS REG STATUS = NOT REGISTERED, HOME NETWORK RAT = RADIO_TECH_UNKNOWN
09-16 12:59:49.796 1771 8973 I RILR : IsLTENetworkType() networkType=0(0)
09-16 12:59:49.796 1771 8973 I RILR : CTE::CopyCachedRegistrationInfo() - Copy XREG data
09-16 12:59:49.796 1771 8973 D RILC : [31279]< DATA_REGISTRATION_STATE {0,,,0,-1,5,0}
09-16 12:59:49.796 1771 8973 I RILR : After OnRequestComplete(): token=0xf69c48c0, eErrNo=0, pResponse=[0xf7319600], len=[28]
09-16 12:59:49.796 1771 8973 I RILR : CChannel::SendCommand() - chnl=[1] RILReqID=[20] retries=[1] Timeout=[10000] cmd1=[AT+CREG=3;+CREG?;+CREG=0] cmd2=[NULL]
09-16 12:59:49.796 1771 8973 I RILR : CChannelBase::WriteToPort() - INFO: chnl=[1] TX [AT+CREG=3;+CREG?;+CREG=0]
09-16 12:59:49.797 2771 2848 D RILJ : [4927]< DATA_REGISTRATION_STATE {0, , , 0, -1, 5, 0} [SUB0]
09-16 12:59:49.798 1771 1789 D RILC : [31282]> GET_CURRENT_CALLS
09-16 12:59:49.798 1771 1789 I RILR : onRequest() - id=9 token: 0xf69c4820
09-16 12:59:49.798 1771 1789 I RILR : CTE::HandleRequest() - id=9 token: 0xf69c4820
09-16 12:59:49.798 1771 1789 I RILR : CRequestInfoTable::GetRequestInfo() - RequestID 9: Timeout [10000]
09-16 12:59:49.798 1771 8971 I RILR : CChannel::SendCommand() - chnl=[0] RILReqID=[9] retries=[1] Timeout=[10000] cmd1=[AT+CLCC] cmd2=[NULL]
09-16 12:59:49.798 1771 8971 I RILR : CChannelBase::WriteToPort() - INFO: chnl=[0] TX [AT+CLCC]
09-16 12:59:49.800 2771 9569 D SubscriptionController: selection:sim_id>=0 null
09-16 12:59:49.803 2771 2771 D PhoneFactory: calculatePreferredNetworkType: phoneId = 0 phoneIdNetworkType = 9
09-16 12:59:49.804 1771 8972 I RILR : CChannel::ProcessModemData() - INFO: chnl=[0] size=[6] RX [OK]
09-16 12:59:49.804 1771 8974 I RILR : CChannel::ProcessModemData() - INFO: chnl=[1] size=[28] RX [+CREG: 3,0,,,,1,17OK]
09-16 12:59:49.804 1771 8974 I RILR : CSilo_Network::ParseRegistrationStatus() - CREG paramcount=7 fUnsolicited=0
09-16 12:59:49.805 1771 8973 I RILR : CTE::ParseCREG() - Could not extract .
09-16 12:59:49.805 1771 8971 D RILC : [31282]< GET_CURRENT_CALLS
09-16 12:59:49.805 1771 8973 I RILR : [RIL STATE] REG STATUS = NOT REGISTERED, NOT SEARCHING RAT = RADIO_TECH_UNKNOWN
09-16 12:59:49.805 1771 8973 I RILR : IsLTENetworkType() networkType=0(0)
09-16 12:59:49.805 1771 8971 I RILR : After OnRequestComplete(): token=0xf69c4820, eErrNo=0, pResponse=[0x00000000], len=[0]
09-16 12:59:49.805 1771 8973 D RILC : [31280]< VOICE_REGISTRATION_STATE {0,,,0,(null),(null),(null),(null),(null),(null),(null),(null),(null),0,(null),(null)}
09-16 12:59:49.805 1771 8973 I RILR : After OnRequestComplete(): token=0xf69c4900, eErrNo=0, pResponse=[0xf6b31600], len=[64]
09-16 12:59:49.805 1771 8973 I RILR : CChannel::SendCommand() - chnl=[1] RILReqID=[45] retries=[0] Timeout=[100000] cmd1=[AT+COPS?] cmd2=[NULL]
09-16 12:59:49.805 1771 8973 I RILR : CChannelBase::WriteToPort() - INFO: chnl=[1] TX [AT+COPS?]
09-16 12:59:49.805 2771 2848 D RILJ : [4930]< GET_CURRENT_CALLS {} [SUB0]
09-16 12:59:49.805 2771 2848 D RILJ : [4928]< VOICE_REGISTRATION_STATE {0, , , 0, null, null, null, null, null, null, null, null, null, 0, null, null} [SUB0]
09-16 12:59:49.806 1771 8974 I RILR : CChannel::ProcessModemData() - INFO: chnl=[1] size=[18] RX [+COPS: 0OK]
09-16 12:59:49.806 1771 8973 D RILC : [31281]< QUERY_NETWORK_SELECTION_MODE {0}
09-16 12:59:49.806 1771 8973 I RILR : After OnRequestComplete(): token=0xf69c4800, eErrNo=0, pResponse=[0xf730e5b0], len=[4]
09-16 12:59:49.806 2771 2848 D RILJ : [4929]< QUERY_NETWORK_SELECTION_MODE {0} [SUB0]
09-16 12:59:49.817 2771 2771 D SubscriptionController: [getActiveSubInfoList]+
09-16 12:59:49.819 2771 2780 D CAT : CatService: Service finalized
09-16 12:59:49.819 2771 9569 D SubscriptionController: [getSubInfoRecord] id:1 iccid:894921004XXXXXXXXXXX simSlotIndex:0 displayName:MEDIONmobile nameSource:2 iconTint:-16746133 dataRoaming:0 mcc:262 mnc:3 countIso:de userNwMode:9
09-16 12:59:49.820 2771 2771 D SubscriptionController: selection:sim_id>=0 null
09-16 12:59:49.828 2771 2771 D SubscriptionController: [getSubInfoRecord] id:1 iccid:894921004XXXXXXXXXXX simSlotIndex:0 displayName:MEDIONmobile nameSource:2 iconTint:-16746133 dataRoaming:0 mcc:262 mnc:3 countIso:de userNwMode:9
09-16 12:59:49.829 2771 9569 D SubscriptionController: [getActiveSubInfoList]- 1 infos return
09-16 12:59:49.832 2771 2771 D SubscriptionController: [getActiveSubInfoList]- 1 infos return
09-16 12:59:49.832 2771 2771 D SubscriptionController: [getActiveSubInfoForSubscriber]+ subId=1 subInfo={id=1, iccId=894921004XXXXXXXXXXX simSlotIndex=0 displayName=MEDIONmobile carrierName=Kein Dienst nameSource=2 iconTint=-16746133 dataRoaming=0 iconBitmap=android.graphics.Bitmap@9a6ada5 mcc 262 mnc 3 mUserNwMode=9}
09-16 12:59:49.832 2771 2771 D PhoneFactory: calculatePreferredNetworkType: phoneSubId = 1 networkType = 9
09-16 12:59:49.832 2771 2771 D PhoneBase: setPreferredNetworkType: networkType = 9 modemRaf = 249358 rafFromType = 642574 filteredType = 9
09-16 12:59:49.832 2771 2771 D RILJ : [4931]> REQUEST_SET_PREFERRED_NETWORK_TYPE : 9 [SUB0]
09-16 12:59:49.833 2771 2771 D RILJ : [4932]> RIL_REQUEST_VOICE_RADIO_TECH [SUB0]
09-16 12:59:49.833 1771 1789 D RILC : [31283]> SET_PREFERRED_NETWORK_TYPE (9)
09-16 12:59:49.833 1771 1789 I RILR : onRequest() - id=73 token: 0xf69c4880
09-16 12:59:49.833 1771 1789 I RILR : CTE::HandleRequest() - id=73 token: 0xf69c4880
09-16 12:59:49.833 1771 1789 I RILR : CTE_XMM7160::CoreSetPreferredNetworkType() - Network type {9} from framework.
09-16 12:59:49.833 1771 1789 I RILR : CTE_XMM7160::CoreSetPreferredNetworkType() - Network type {9} already set.
09-16 12:59:49.833 1771 1789 D RILC : [31283]< SET_PREFERRED_NETWORK_TYPE
09-16 12:59:49.833 1771 1789 I RILR : After OnRequestComplete(): token=0xf69c4880, eErrNo=0, pResponse=[0x00000000], len=[0]
09-16 12:59:49.833 2771 2771 D RILJ : [4933]> RIL_REQUEST_IMS_REGISTRATION_STATE [SUB0]
09-16 12:59:49.833 2771 2848 D RILJ : [4931]< REQUEST_SET_PREFERRED_NETWORK_TYPE [SUB0]
09-16 12:59:49.833 1771 1789 D RILC : [31284]> VOICE_RADIO_TECH
09-16 12:59:49.833 1771 1789 I RILR : onRequest() - id=108 token: 0xf69c4880
09-16 12:59:49.833 1771 1789 I RILR : CTE::HandleRequest() - id=108 token: 0xf69c4880
09-16 12:59:49.833 1771 1789 D RILC : [31284]< VOICE_RADIO_TECH {16}
09-16 12:59:49.833 1771 1789 I RILR : After OnRequestComplete(): token=0xf69c4880, eErrNo=0, pResponse=[0xf6cf5dac], len=[4]
09-16 12:59:49.833 2771 2771 D RILJ : [4934]> RIL_REQUEST_CDMA_GET_SUBSCRIPTION_SOURCE [SUB0]
09-16 12:59:49.834 1771 1789 D RILC : [31285]> IMS_REGISTRATION_STATE
09-16 12:59:49.834 1771 1789 I RILR : onRequest() - id=112 token: 0xf69c4880
09-16 12:59:49.834 1771 1789 I RILR : CTE::HandleRequest() - id=112 token: 0xf69c4880
09-16 12:59:49.834 1771 1789 D RILC : [31285]< IMS_REGISTRATION_STATE fails by E_REQUEST_NOT_SUPPORTED
09-16 12:59:49.834 1771 1789 I RILR : After OnRequestComplete(): token=0xf69c4880, eErrNo=6, pResponse=[0x00000000], len=[0]
09-16 12:59:49.834 2771 2771 D GsmSST : [GsmSST] EVENT_RESTRICTED_STATE_CHANGED
09-16 12:59:49.834 2771 2771 D GsmSST : [GsmSST] onRestrictedStateChanged: E rs Restricted State CS: none PS:false
09-16 12:59:49.834 2771 2771 D GsmSST : [GsmSST] onRestrictedStateChanged: new rs Restricted State CS: none PS:false
09-16 12:59:49.834 2771 2771 D GsmSST : [GsmSST] onRestrictedStateChanged: X rs Restricted State CS: none PS:false
09-16 12:59:49.834 2771 2771 D RILJ : [4935]> OPERATOR [SUB0]
09-16 12:59:49.834 2771 2848 D RILJ : [4932]< RIL_REQUEST_VOICE_RADIO_TECH {16} [SUB0]
09-16 12:59:49.834 1771 1789 D RILC : [31286]> CDMA_GET_SUBSCRIPTION_SOURCE
09-16 12:59:49.834 1771 1789 I RILR : onRequest() - id=104 token: 0xf69c4880
09-16 12:59:49.834 1771 1789 I RILR : CTE::HandleRequest() - id=104 token: 0xf69c4880
09-16 12:59:49.834 1771 1789 D RILC : [31286]< CDMA_GET_SUBSCRIPTION_SOURCE fails by E_REQUEST_NOT_SUPPORTED
09-16 12:59:49.834 1771 1789 I RILR : After OnRequestComplete(): token=0xf69c4880, eErrNo=6, pResponse=[0x00000000], len=[0]
09-16 12:59:49.835 2771 2771 D RILJ : [4936]> DATA_REGISTRATION_STATE [SUB0]
09-16 12:59:49.835 1771 1789 D RILC : [31287]> OPERATOR
09-16 12:59:49.835 1771 1789 I RILR : onRequest() - id=22 token: 0xf69c4880
09-16 12:59:49.835 1771 1789 I RILR : CTE::HandleRequest() - id=22 token: 0xf69c4880
09-16 12:59:49.835 1771 1789 I RILR : CTE::HandleRequestWhenNotRegistered - REQID=22, token=0xf69c4880
09-16 12:59:49.835 1771 1789 D RILC : [31287]< OPERATOR fails by E_OP_NOT_ALLOWED_BEFORE_REG_TO_NW
09-16 12:59:49.835 1771 1789 I RILR : After OnRequestComplete(): token=0xf69c4880, eErrNo=9, pResponse=[0x00000000], len=[0]
09-16 12:59:49.835 2771 2771 D RILJ : [4937]> VOICE_REGISTRATION_STATE [SUB0]
09-16 12:59:49.835 1771 1789 D RILC : [31288]> DATA_REGISTRATION_STATE
09-16 12:59:49.835 1771 1789 I RILR : onRequest() - id=21 token: 0xf69c4880
09-16 12:59:49.835 1771 1789 I RILR : CTE::HandleRequest() - id=21 token: 0xf69c4880
09-16 12:59:49.835 1771 1789 I RILR : IsLTENetworkType() networkType=0(0)
09-16 12:59:49.835 1771 1789 I RILR : CTE::CopyCachedRegistrationInfo() - Copy XREG data
09-16 12:59:49.835 1771 1789 D RILC : [31288]< DATA_REGISTRATION_STATE {0,,,0,-1,5,0}
09-16 12:59:49.835 1771 1789 I RILR : After OnRequestComplete(): token=0xf69c4880, eErrNo=0, pResponse=[0xf6cf5dc0], len=[28]
09-16 12:59:49.836 2771 2771 D RILJ : [4938]> QUERY_NETWORK_SELECTION_MODE [SUB0]
09-16 12:59:49.837 1771 1789 D RILC : [31289]> VOICE_REGISTRATION_STATE
09-16 12:59:49.837 1771 1789 I RILR : onRequest() - id=20 token: 0xf69c4880
09-16 12:59:49.837 1771 1789 I RILR : CTE::HandleRequest() - id=20 token: 0xf69c4880
09-16 12:59:49.837 1771 1789 D RILC : [31289]< VOICE_REGISTRATION_STATE {0,,,0,(null),(null),(null),(null),(null),(null),(null),(null),(null),0,(null),(null)}
09-16 12:59:49.837 1771 1789 I RILR : After OnRequestComplete(): token=0xf69c4880, eErrNo=0, pResponse=[0xf6cf5dc0], len=[64]
09-16 12:59:49.838 2771 2771 D DefaultPhoneNotifier: notifySignalStrength: mRegistry=com.android.internal.telephony.ITelephonyRegistry$Stub$Proxy@e7e294a ss=SignalStrength: 17 0 -120 -160 -120 -1 -1 99 2147483647 2147483647 2147483647 2147483647 2147483647 gsm|lte sender=Handler (com.android.internal.telephony.gsm.GSMPhone) {79c0554}
09-16 12:59:49.839 2771 2848 D RilRequest: [4933]< RIL_REQUEST_IMS_REGISTRATION_STATE error: com.android.internal.telephony.CommandException: REQUEST_NOT_SUPPORTED ret=
09-16 12:59:49.839 2771 2848 D RilRequest: [4934]< RIL_REQUEST_CDMA_GET_SUBSCRIPTION_SOURCE error: com.android.internal.telephony.CommandException: REQUEST_NOT_SUPPORTED ret=
09-16 12:59:49.839 2771 2848 D RilRequest: [4935]< OPERATOR error: com.android.internal.telephony.CommandException: OP_NOT_ALLOWED_BEFORE_REG_NW ret=
09-16 12:59:49.839 2771 2848 D RILJ : [4936]< DATA_REGISTRATION_STATE {0, , , 0, -1, 5, 0} [SUB0]
09-16 12:59:49.839 2771 2848 D RILJ : [4937]< VOICE_REGISTRATION_STATE {0, , , 0, null, null, null, null, null, null, null, null, null, 0, null, null} [SUB0]
09-16 12:59:49.839 1771 1789 D RILC : [31290]> QUERY_NETWORK_SELECTION_MODE
09-16 12:59:49.839 1771 1789 I RILR : onRequest() - id=45 token: 0xf69c4880
09-16 12:59:49.839 1771 1789 I RILR : CTE::HandleRequest() - id=45 token: 0xf69c4880
09-16 12:59:49.839 1771 1789 I RILR : CRequestInfoTable::GetRequestInfo() - RequestID 45: Timeout [100000]
09-16 12:59:49.840 1771 8973 I RILR : CChannel::SendCommand() - chnl=[1] RILReqID=[45] retries=[0] Timeout=[100000] cmd1=[AT+COPS?] cmd2=[NULL]
09-16 12:59:49.840 1771 8973 I RILR : CChannelBase::WriteToPort() - INFO: chnl=[1] TX [AT+COPS?]
09-16 12:59:49.844 1771 8974 I RILR : CChannel::ProcessModemData() - INFO: chnl=[1] size=[18] RX [+COPS: 0OK]
09-16 12:59:49.844 1771 8973 D RILC : [31290]< QUERY_NETWORK_SELECTION_MODE {0}
09-16 12:59:49.844 1771 8973 I RILR : After OnRequestComplete(): token=0xf69c4880, eErrNo=0, pResponse=[0xf730e5b0], len=[4]
09-16 12:59:49.844 2771 2848 D RILJ : [4938]< QUERY_NETWORK_SELECTION_MODE {0} [SUB0]
09-16 12:59:49.870 2771 2771 D DctController: handleMessage msg={ when=-81ms what=100 target=com.android.internal.telephony.dataconnection.DctController }
09-16 12:59:49.871 2771 2771 D DcSwitchAsyncChannel: [DcSwitchAsyncChannel-0]: rspIsIdle=false
09-16 12:59:49.871 2771 2771 D DctController: getTopPriorityRequestPhoneId requestInfo=[ request=NetworkRequest [ id=1, legacyType=-1, [ Capabilities: INTERNET&NOT_RESTRICTED&TRUSTED&NOT_VPN] ], executedPhoneId=-1, priority=0]
09-16 12:59:49.871 2771 2771 D DcSwitchAsyncChannel: [DcSwitchAsyncChannel-0]: rspIsIdle=false
09-16 12:59:49.871 2771 2771 D DctController: onProcessRequest requestedPhoneId=0, activePhoneId=0
09-16 12:59:49.871 2771 2771 D PhoneProxy: [PhoneProxy] EVENT_REQUEST_VOICE_RADIO_TECH_DONE: newVoiceTech=16
09-16 12:59:49.871 2771 2771 D PhoneProxy: [PhoneProxy] phoneObjectUpdater: newVoiceRadioTech=16
09-16 12:59:49.871 2771 2771 D PhoneProxy: [PhoneProxy] phoneObjectUpdater: No change ignore, newVoiceRadioTech=16 mActivePhone=GSM
09-16 12:59:49.871 2771 2979 D DcSwitchSM: [DcSwitchStateMachine-0] AttachingState: REQ_CONNECT, apnRequest=[ request=NetworkRequest [ id=1, legacyType=-1, [ Capabilities: INTERNET&NOT_RESTRICTED&TRUSTED&NOT_VPN] ], executedPhoneId=-1, priority=0]
09-16 12:59:49.871 2771 2771 E RIL_ImsSms: IMS State query failed with exp com.android.internal.telephony.CommandException: REQUEST_NOT_SUPPORTED
09-16 12:59:49.871 2771 2771 D CdmaSSM : CDMA_SUBSCRIPTION_SOURCE event = 2
09-16 12:59:49.871 2771 2771 W CdmaSSM : Unable to get CDMA Subscription Source, Exception: com.android.internal.telephony.CommandException: REQUEST_NOT_SUPPORTED, result: null
09-16 12:59:49.871 2771 2771 D PHONE : [ServiceState] setDataRegState=1
09-16 12:59:49.872 2771 2771 D PHONE : [ServiceState] setDataRadioTechnology=0
09-16 12:59:49.872 2771 2771 D GsmSST : [GsmSST] handlPollStateResultMessage: GsmSST setDataRegState=1 regState=0 dataRadioTechnology=0
09-16 12:59:49.872 2771 2771 D PHONE : [ServiceState] setVoiceRegState=1
09-16 12:59:49.872 2771 2771 E PHONE : [ServiceState] setState deprecated use setVoiceRegState()
09-16 12:59:49.876 2771 2771 D GsmSST : [GsmSST] Poll ServiceState done: oldSS=[3 3 voice home data home null null null null null null Unknown Unknown CSS not supported -1 -1 RoamInd=-1 DefRoamInd=-1 EmergOnly=false IsDataRoamingFromRegistration=false] newSS=[1 1 voice home data home null null null null null null Unknown Unknown CSS not supported -1 -1 RoamInd=-1 DefRoamInd=-1 EmergOnly=false IsDataRoamingFromRegistration=false] oldMaxDataCalls=5 mNewMaxDataCalls=5 oldReasonDataDenied=-1 mNewReasonDataDenied=-1
09-16 12:59:49.876 2771 2771 D PHONE : [ServiceState] setNullState=1
09-16 12:59:49.877 2771 2771 D SIMRecords: [SIMRecords] getServiceProviderName: no brandOverride
09-16 12:59:49.877 2771 2771 D SIMRecords: [SIMRecords] getServiceProviderName: providerName=MEDIONmobile
09-16 12:59:49.877 2771 2771 D GsmSST : [GsmSST] updateSpnDisplay: radio is on but out of service, set plmn='Kein Dienst'
09-16 12:59:49.877 2771 2771 D SIMRecords: [SIMRecords] getServiceProviderName: no brandOverride
09-16 12:59:49.877 2771 2771 D SIMRecords: [SIMRecords] getServiceProviderName: providerName=MEDIONmobile
09-16 12:59:49.883 2771 2771 D GsmSST : [GsmSST] updateSpnDisplay: changed sending intent rule=3 showPlmn='true' plmn='Kein Dienst' showSpn='true' spn='MEDIONmobile' dataSpn='MEDIONmobile' subId='1'
09-16 12:59:49.884 2771 2771 D SubscriptionController: [setCarrierText]+ text:Kein Dienst – MEDIONmobile subId:1
09-16 12:59:49.927 2771 2771 D SubscriptionController: notifySubscriptionInfoChanged:
09-16 12:59:49.932 2771 20292 D SubscriptionController: [getActiveSubInfoList]+
09-16 12:59:49.932 2771 20292 D SubscriptionController: selection:sim_id>=0 null
09-16 12:59:49.932 2771 2771 D TelephonyManager: setTelephonyProperty: success phoneId=0 property=gsm.operator.alpha value: propVal=
09-16 12:59:49.933 2771 2771 D TelephonyManager: setTelephonyProperty: success phoneId=0 property=gsm.operator.numeric value: propVal=
09-16 12:59:49.934 2771 2771 D GsmSST : [GsmSST] operatorNumeric is null
09-16 12:59:49.934 2771 2771 D TelephonyManager: setTelephonyProperty: success phoneId=0 property=gsm.operator.iso-country value: propVal=
09-16 12:59:49.934 2771 2771 D TelephonyManager: setTelephonyProperty: success phoneId=0 property=gsm.operator.isroaming value: false propVal=false,false
09-16 12:59:49.935 2771 2771 D GsmSST : [GsmSST] Broadcasting ServiceState : 1 1 voice home data home null null null null null null Unknown Unknown CSS not supported -1 -1 RoamInd=-1 DefRoamInd=-1 EmergOnly=false IsDataRoamingFromRegistration=false
09-16 12:59:49.935 2771 2771 D DefaultPhoneNotifier: nofityServiceState: mRegistry=com.android.internal.telephony.ITelephonyRegistry$Stub$Proxy@e7e294a ss=1 1 voice home data home null null null null null null Unknown Unknown CSS not supported -1 -1 RoamInd=-1 DefRoamInd=-1 EmergOnly=false IsDataRoamingFromRegistration=false sender=Handler (com.android.internal.telephony.gsm.GSMPhone) {79c0554} phondId=0 subId=1
09-16 12:59:49.938 2771 20292 D SubscriptionController: [getSubInfoRecord] id:1 iccid:894921004XXXXXXXXXXX simSlotIndex:0 displayName:MEDIONmobile nameSource:2 iconTint:-16746133 dataRoaming:0 mcc:262 mnc:3 countIso:de userNwMode:9
09-16 12:59:49.941 2771 20292 D SubscriptionController: [getActiveSubInfoList]- 1 infos return
09-16 12:59:49.942 2771 2771 D SubscriptionController: getSimStateForSlotIdx: simState=READY ordinal=5
09-16 12:59:49.942 2089 2692 D SubscriptionManager: getSimStateForSubscriber: simState=5 slotIdx=0
09-16 12:59:49.945 2771 2771 D GsmSST : [GsmSST] notifyDataRegStateRilRadioTechnologyChanged: drs=1 rat=0
09-16 12:59:49.945 2771 2771 D TelephonyManager: setTelephonyProperty: success phoneId=0 property=gsm.network.type value: Unknown propVal=Unknown,Unknown
09-16 12:59:49.946 2771 2771 D DCT : [0]get all active apn types
09-16 12:59:49.946 2771 2771 D GsmSST : [GsmSST] SubscriptionListener.onSubscriptionInfoChanged
09-16 12:59:49.946 2771 2771 D DCT : [0]SubscriptionListener.onSubscriptionInfoChanged
09-16 12:59:49.946 2771 2900 D DC-1 : DcInactiveState nothandled msg.what=EVENT_DATA_CONNECTION_DRS_OR_RAT_CHANGED
09-16 12:59:49.946 2771 2900 D DC-1 : DcDefault msg=EVENT_DATA_CONNECTION_DRS_OR_RAT_CHANGED RefCount=0
09-16 12:59:49.947 2771 2900 D DC-1 : DcDefaultState: EVENT_DATA_CONNECTION_DRS_OR_RAT_CHANGED drs=1 mRilRat=0
09-16 12:59:49.947 2771 2783 D SubscriptionController: [getActiveSubInfoList]+
09-16 12:59:49.947 2771 9806 D SubscriptionController: [getActiveSubInfoList]+
09-16 12:59:49.947 2771 2783 D SubscriptionController: selection:sim_id>=0 null
09-16 12:59:49.952 2771 2771 D GsmSST : [GsmSST] SubscriptionListener.onSubscriptionInfoChanged
09-16 12:59:49.952 2771 2771 D SubscriptionController: [getSubId]- numSubIds == 0, return DummySubIds slotIdx=1
09-16 12:59:49.952 2771 2771 D DCT : [1]SubscriptionListener.onSubscriptionInfoChanged
09-16 12:59:49.953 2771 2771 D SubscriptionController: [getSubId]- numSubIds == 0, return DummySubIds slotIdx=1
09-16 12:59:49.953 2771 2771 E PhoneBase: Error! unregisterForCallWaiting() in PhoneBase should not be called, CDMAPhone inactive.
09-16 12:59:49.953 2771 9806 D SubscriptionController: selection:sim_id>=0 null
09-16 12:59:49.956 2771 2783 D SubscriptionController: [getSubInfoRecord] id:1 iccid:894921004XXXXXXXXXXX simSlotIndex:0 displayName:MEDIONmobile nameSource:2 iconTint:-16746133 dataRoaming:0 mcc:262 mnc:3 countIso:de userNwMode:9
09-16 12:59:49.958 2771 2771 D SubscriptionController: [getActiveSubInfoList]+
09-16 12:59:49.959 2771 2771 D SubscriptionController: selection:sim_id>=0 null
09-16 12:59:49.961 2771 2783 D SubscriptionController: [getActiveSubInfoList]- 1 infos return
09-16 12:59:49.961 2771 2783 D SubscriptionController: [getActiveSubInfoForSubscriber]+ subId=1 subInfo={id=1, iccId=894921004XXXXXXXXXXX simSlotIndex=0 displayName=MEDIONmobile carrierName=Kein Dienst – MEDIONmobile nameSource=2 iconTint=-16746133 dataRoaming=0 iconBitmap=android.graphics.Bitmap@af31988 mcc 262 mnc 3 mUserNwMode=9}
09-16 12:59:49.964 2771 9806 D SubscriptionController: [getSubInfoRecord] id:1 iccid:894921004XXXXXXXXXXX simSlotIndex:0 displayName:MEDIONmobile nameSource:2 iconTint:-16746133 dataRoaming:0 mcc:262 mnc:3 countIso:de userNwMode:9
09-16 12:59:49.969 2771 2771 D SubscriptionController: [getSubInfoRecord] id:1 iccid:894921004XXXXXXXXXXX simSlotIndex:0 displayName:MEDIONmobile nameSource:2 iconTint:-16746133 dataRoaming:0 mcc:262 mnc:3 countIso:de userNwMode:9
09-16 12:59:49.970 2771 9806 D SubscriptionController: [getActiveSubInfoList]- 1 infos return
09-16 12:59:49.973 2771 2771 D SubscriptionController: [getActiveSubInfoList]- 1 infos return
09-16 12:59:49.973 2771 2771 D SubscriptionController: [getActiveSubInfoForSubscriber]+ subId=1 subInfo={id=1, iccId=894921004XXXXXXXXXXX simSlotIndex=0 displayName=MEDIONmobile carrierName=Kein Dienst – MEDIONmobile nameSource=2 iconTint=-16746133 dataRoaming=0 iconBitmap=android.graphics.Bitmap@30d1507 mcc 262 mnc 3 mUserNwMode=9}
09-16 12:59:49.974 2771 9576 D SubscriptionController: [getActiveSubInfoList]+
09-16 12:59:49.974 2771 9576 D SubscriptionController: selection:sim_id>=0 null
09-16 12:59:49.978 2771 9576 D SubscriptionController: [getSubInfoRecord] id:1 iccid:894921004XXXXXXXXXXX simSlotIndex:0 displayName:MEDIONmobile nameSource:2 iconTint:-16746133 dataRoaming:0 mcc:262 mnc:3 countIso:de userNwMode:9
09-16 12:59:49.980 2771 2771 D SubscriptionController: [getActiveSubInfoList]+
09-16 12:59:49.981 2771 2771 D SubscriptionController: selection:sim_id>=0 null
09-16 12:59:49.984 2771 9576 D SubscriptionController: [getActiveSubInfoList]- 1 infos return
