09-16 12:59:49.986 2771 2771 D SubscriptionController: [getSubInfoRecord] id:1 iccid:894921004XXXXXXXXXXX simSlotIndex:0 displayName:MEDIONmobile nameSource:2 iconTint:-16746133 dataRoaming:0 mcc:262 mnc:3 countIso:de userNwMode:9
09-16 12:59:49.988 2771 3295 D SubscriptionController: getSimStateForSlotIdx: simState=READY ordinal=5
09-16 12:59:49.989 2324 2324 D SubscriptionManager: getSimStateForSubscriber: simState=5 slotIdx=0
09-16 12:59:49.990 2771 4805 D SubscriptionController: [getSubId]- numSubIds == 0, return DummySubIds slotIdx=1
09-16 12:59:49.991 2771 2771 D SubscriptionController: [getActiveSubInfoList]- 1 infos return
09-16 12:59:49.991 2771 2771 D SubscriptionController: [getActiveSubInfoForSubscriber]+ subId=1 subInfo={id=1, iccId=894921004XXXXXXXXXXX simSlotIndex=0 displayName=MEDIONmobile carrierName=Kein Dienst – MEDIONmobile nameSource=2 iconTint=-16746133 dataRoaming=0 iconBitmap=android.graphics.Bitmap@f2029d2 mcc 262 mnc 3 mUserNwMode=9}
09-16 12:59:49.992 2771 26948 D SubscriptionController: [getSubId]- numSubIds == 0, return DummySubIds slotIdx=1
09-16 12:59:50.006 2771 9482 D SubscriptionController: [getSubId]- numSubIds == 0, return DummySubIds slotIdx=1
09-16 12:59:50.008 2771 3107 D SubscriptionController: [getSubId]- numSubIds == 0, return DummySubIds slotIdx=1
09-16 12:59:50.025 2771 2771 E PhoneBase: Error! registerForCallWaiting() in PhoneBase should not be called, CDMAPhone inactive.
09-16 12:59:50.032 2771 2771 D SubscriptionController: [getSubId]- numSubIds == 0, return DummySubIds slotIdx=1
09-16 12:59:50.039 2771 2771 D SubscriptionController: [getActiveSubInfoList]+
09-16 12:59:50.040 2771 2771 D SubscriptionController: selection:sim_id>=0 null
09-16 12:59:50.044 2771 2771 D SubscriptionController: [getSubInfoRecord] id:1 iccid:894921004XXXXXXXXXXX simSlotIndex:0 displayName:MEDIONmobile nameSource:2 iconTint:-16746133 dataRoaming:0 mcc:262 mnc:3 countIso:de userNwMode:9
09-16 12:59:50.046 2771 2771 D SubscriptionController: [getActiveSubInfoList]- 1 infos return
09-16 12:59:50.047 2771 2771 D DCT : [0]handleMessage msg={ when=-101ms what=270377 obj=android.os.AsyncResult@333111e target=com.android.internal.telephony.dataconnection.DcTracker }
09-16 12:59:50.047 2771 2771 D DCT : [0]onUpdateIcc: newIccRecords null
09-16 12:59:50.047 2771 2771 D DCT : [0]setupDataOnConnectableApns: nwTypeChanged
09-16 12:59:50.047 2771 2771 D DCT : [0]setupDataOnConnectableApns: apnContext {mApnType=dun mState=IDLE mWaitingApns={null} mWaitingApnsPermanentFailureCountDown=0 mApnSetting={null} mReason=radioTurnedOff mDataEnabled=false mDependencyMet=true}
09-16 12:59:50.047 2771 2771 D DCT : [0]setupDataOnConnectableApns: apnContext {mApnType=hipri mState=IDLE mWaitingApns={null} mWaitingApnsPermanentFailureCountDown=0 mApnSetting={null} mReason=radioTurnedOff mDataEnabled=false mDependencyMet=true}
09-16 12:59:50.047 2771 2771 D DCT : [0]setupDataOnConnectableApns: apnContext {mApnType=supl mState=IDLE mWaitingApns={null} mWaitingApnsPermanentFailureCountDown=0 mApnSetting={null} mReason=radioTurnedOff mDataEnabled=false mDependencyMet=true}
09-16 12:59:50.047 2771 2771 D DCT : [0]setupDataOnConnectableApns: apnContext {mApnType=cbs mState=IDLE mWaitingApns={null} mWaitingApnsPermanentFailureCountDown=0 mApnSetting={null} mReason=radioTurnedOff mDataEnabled=false mDependencyMet=true}
09-16 12:59:50.047 2771 2771 D DCT : [0]setupDataOnConnectableApns: apnContext {mApnType=mms mState=IDLE mWaitingApns={null} mWaitingApnsPermanentFailureCountDown=0 mApnSetting={null} mReason=radioTurnedOff mDataEnabled=false mDependencyMet=true}
09-16 12:59:50.047 2771 2771 D DCT : [0]setupDataOnConnectableApns: apnContext {mApnType=fota mState=IDLE mWaitingApns={null} mWaitingApnsPermanentFailureCountDown=0 mApnSetting={null} mReason=radioTurnedOff mDataEnabled=false mDependencyMet=true}
09-16 12:59:50.047 2771 2771 D DCT : [0]setupDataOnConnectableApns: apnContext {mApnType=ims mState=IDLE mWaitingApns={null} mWaitingApnsPermanentFailureCountDown=0 mApnSetting={null} mReason=radioTurnedOff mDataEnabled=false mDependencyMet=true}
09-16 12:59:50.048 2771 2771 D DCT : [0]setupDataOnConnectableApns: apnContext {mApnType=default mState=IDLE mWaitingApns={[[ApnSettingV3] E-Plus Internet, 955, 26203, internet.eplus.de, , , , , , 3, default | supl, IP, IP, true, 0, 0, 0, false, 0, 0, 0, 0, , ]} mWaitingApnsPermanentFailureCountDown=1 mApnSetting={null} mReason=radioTurnedOff mDataEnabled=false mDependencyMet=true}
09-16 12:59:50.048 2771 2771 D DCT : [0]setupDataOnConnectableApns: apnContext {mApnType=ia mState=IDLE mWaitingApns={null} mWaitingApnsPermanentFailureCountDown=0 mApnSetting={null} mReason=radioTurnedOff mDataEnabled=false mDependencyMet=true}
09-16 12:59:50.048 2771 9578 D SubscriptionController: [getActiveSubInfoList]+
09-16 12:59:50.048 2771 2771 D DCT : [0]setupDataOnConnectableApns: apnContext {mApnType=emergency mState=IDLE mWaitingApns={null} mWaitingApnsPermanentFailureCountDown=0 mApnSetting={null} mReason=radioTurnedOff mDataEnabled=false mDependencyMet=true}
09-16 12:59:50.049 2771 9578 D SubscriptionController: selection:sim_id>=0 null
09-16 12:59:50.049 2771 2771 D DctController: handleMessage msg={ when=-96ms what=107 target=com.android.internal.telephony.dataconnection.DctController }
09-16 12:59:50.049 2771 2771 D DctController: onSubInfoReady mPhoneNum=2
09-16 12:59:50.049 2771 2771 D DctController: onSubInfoReady handle pending requests subId=1
09-16 12:59:50.049 2771 2771 D DctController: [TNF 1]evalPendingRequest, pending request size is 0
09-16 12:59:50.049 2771 2771 D SubscriptionController: [getSubId]- numSubIds == 0, return DummySubIds slotIdx=1
09-16 12:59:50.049 2771 2771 D DctController: onSubInfoReady handle pending requests subId=-3
09-16 12:59:50.049 2771 2771 D DctController: onSubInfoReady: SIM card absent on phoneId = 1
09-16 12:59:50.049 2771 2771 D SubscriptionController: [getSubId]- numSubIds == 0, return DummySubIds slotIdx=1
09-16 12:59:50.049 2771 2771 D DctController: [TNF -3]evalPendingRequest, pending request size is 1
09-16 12:59:50.049 2771 2771 D SubscriptionController: [getSubId]- numSubIds == 0, return DummySubIds slotIdx=1
09-16 12:59:50.049 2771 2771 D DctController: [TNF -3]evalPendingRequest: request = NetworkRequest [ id=1, legacyType=-1, [ Capabilities: INTERNET&NOT_RESTRICTED&TRUSTED&NOT_VPN] ]
09-16 12:59:50.049 2771 2771 D SubscriptionController: [getSubId]- numSubIds == 0, return DummySubIds slotIdx=1
09-16 12:59:50.049 2771 2771 D DctController: [TNF -3]Cellular needs Network for NetworkRequest [ id=1, legacyType=-1, [ Capabilities: INTERNET&NOT_RESTRICTED&TRUSTED&NOT_VPN] ]
09-16 12:59:50.049 2771 2771 D SubscriptionController: [getSubId]- numSubIds == 0, return DummySubIds slotIdx=1
09-16 12:59:50.049 2771 2771 D SubscriptionController: [getSubId]- numSubIds == 0, return DummySubIds slotIdx=1
09-16 12:59:50.049 2771 2771 D DctController: [TNF -3]Request not useable, pending request.
09-16 12:59:50.050 2771 2771 D DctController: processRequests
09-16 12:59:50.052 2771 9578 D SubscriptionController: [getSubInfoRecord] id:1 iccid:894921004XXXXXXXXXXX simSlotIndex:0 displayName:MEDIONmobile nameSource:2 iconTint:-16746133 dataRoaming:0 mcc:262 mnc:3 countIso:de userNwMode:9
09-16 12:59:50.062 2771 9578 D SubscriptionController: [getActiveSubInfoList]- 1 infos return
09-16 12:59:50.079 2771 2771 D DctController: handleMessage msg={ when=-30ms what=100 target=com.android.internal.telephony.dataconnection.DctController }
09-16 12:59:50.080 2771 2771 D DcSwitchAsyncChannel: [DcSwitchAsyncChannel-0]: rspIsIdle=false
09-16 12:59:50.080 2771 2771 D DctController: getTopPriorityRequestPhoneId requestInfo=[ request=NetworkRequest [ id=1, legacyType=-1, [ Capabilities: INTERNET&NOT_RESTRICTED&TRUSTED&NOT_VPN] ], executedPhoneId=-1, priority=0]
09-16 12:59:50.080 2771 2771 D DcSwitchAsyncChannel: [DcSwitchAsyncChannel-0]: rspIsIdle=false
09-16 12:59:50.080 2771 2771 D DctController: onProcessRequest requestedPhoneId=0, activePhoneId=0
09-16 12:59:50.080 2771 2979 D DcSwitchSM: [DcSwitchStateMachine-0] AttachingState: REQ_CONNECT, apnRequest=[ request=NetworkRequest [ id=1, legacyType=-1, [ Capabilities: INTERNET&NOT_RESTRICTED&TRUSTED&NOT_VPN] ], executedPhoneId=-1, priority=0]
09-16 12:59:50.583 2771 2771 D DCT : [0]onReceive: action=android.net.wifi.WIFI_STATE_CHANGED
09-16 12:59:50.583 2771 2771 D DCT : [0]WIFI_STATE_CHANGED_ACTION: enabled=false mIsWifiConnected=false
09-16 12:59:50.583 2771 2771 D DCT : [1]onReceive: action=android.net.wifi.WIFI_STATE_CHANGED
09-16 12:59:50.583 2771 2771 D DCT : [1]WIFI_STATE_CHANGED_ACTION: enabled=false mIsWifiConnected=false
09-16 12:59:50.736 2771 2771 D DCT : [0]onReceive: action=android.net.wifi.WIFI_STATE_CHANGED
09-16 12:59:50.736 2771 2771 D DCT : [0]WIFI_STATE_CHANGED_ACTION: enabled=true mIsWifiConnected=false
09-16 12:59:50.736 2771 2771 D DCT : [1]onReceive: action=android.net.wifi.WIFI_STATE_CHANGED
09-16 12:59:50.736 2771 2771 D DCT : [1]WIFI_STATE_CHANGED_ACTION: enabled=true mIsWifiConnected=false
09-16 12:59:50.738 2771 2783 D DCT : [0]hasMatchedTetherApnSetting: APN=null
09-16 12:59:50.749 2771 3295 D SubscriptionController: [getActiveSubIdList] simInfoSet=[0=1]
09-16 12:59:50.749 2771 3295 D SubscriptionController: [getActiveSubIdList] X subIdArr.length=1
09-16 12:59:50.755 2771 4805 D SubscriptionController: [getActiveSubIdList] simInfoSet=[0=1]
09-16 12:59:50.755 2771 4805 D SubscriptionController: [getActiveSubIdList] X subIdArr.length=1
09-16 12:59:50.971 2771 2771 D DCT : [0]onReceive: action=android.net.wifi.STATE_CHANGE
09-16 12:59:50.971 2771 2771 D DCT : [0]NETWORK_STATE_CHANGED_ACTION: mIsWifiConnected=false
09-16 12:59:50.971 2771 2771 D DCT : [1]onReceive: action=android.net.wifi.STATE_CHANGE
09-16 12:59:50.971 2771 2771 D DCT : [1]NETWORK_STATE_CHANGED_ACTION: mIsWifiConnected=false
09-16 12:59:50.972 2771 2771 D DCT : [0]onReceive: action=android.net.wifi.STATE_CHANGE
09-16 12:59:50.972 2771 2771 D DCT : [0]NETWORK_STATE_CHANGED_ACTION: mIsWifiConnected=false
09-16 12:59:50.972 2771 2771 D DCT : [1]onReceive: action=android.net.wifi.STATE_CHANGE
09-16 12:59:50.972 2771 2771 D DCT : [1]NETWORK_STATE_CHANGED_ACTION: mIsWifiConnected=false
09-16 12:59:52.830 1771 8980 I RILR : CChannel::ProcessModemData() - INFO: chnl=[4] size=[37] RX [+XCESQI: 33,0,255,255,255,255,255]
09-16 12:59:52.830 1771 8980 I RILR : CChannel::ProcessResponse : chnl=[4] unsolicited notification resultcode=[1009]
09-16 12:59:52.830 1771 8980 D RILC : [UNSL]< UNSOL_SIGNAL_STRENGTH {[signalStrength=18,bitErrorRate=0, CDMA_SS.dbm=-1,CDMA_SSecio=-1, EVDO_SS.dbm=-1,EVDO_SS.ecio=-1, EVDO_SS.signalNoiseRatio=-1, LTE_SS.signalStrength=99,LTE_SS.rsrp=2147483647,LTE_SS.rsrq=2147483647, LTE_SS.rssnr=2147483647,LTE_SS.cqi=2147483647,TDSCDMA_SS.rscp=0]}
09-16 12:59:52.831 2771 2771 D DefaultPhoneNotifier: notifySignalStrength: mRegistry=com.android.internal.telephony.ITelephonyRegistry$Stub$Proxy@e7e294a ss=SignalStrength: 18 0 -120 -160 -120 -1 -1 99 2147483647 2147483647 2147483647 2147483647 2147483647 gsm|lte sender=Handler (com.android.internal.telephony.gsm.GSMPhone) {79c0554}
09-16 12:59:53.072 2771 3107 D DCT : [0]hasMatchedTetherApnSetting: APN=null
09-16 12:59:53.091 2771 2771 D DCT : [0]onReceive: action=android.net.wifi.STATE_CHANGE
09-16 12:59:53.091 2771 2771 D DCT : [0]NETWORK_STATE_CHANGED_ACTION: mIsWifiConnected=false
09-16 12:59:53.091 2771 2771 D DCT : [1]onReceive: action=android.net.wifi.STATE_CHANGE
09-16 12:59:53.091 2771 2771 D DCT : [1]NETWORK_STATE_CHANGED_ACTION: mIsWifiConnected=false
09-16 12:59:53.251 2771 2771 D DCT : [0]onReceive: action=android.net.wifi.STATE_CHANGE
09-16 12:59:53.251 2771 2771 D DCT : [0]NETWORK_STATE_CHANGED_ACTION: mIsWifiConnected=false
09-16 12:59:53.252 2771 2771 D DCT : [1]onReceive: action=android.net.wifi.STATE_CHANGE
09-16 12:59:53.252 2771 2771 D DCT : [1]NETWORK_STATE_CHANGED_ACTION: mIsWifiConnected=false
09-16 12:59:53.256 2771 2771 D DCT : [0]onReceive: action=android.net.wifi.STATE_CHANGE
09-16 12:59:53.257 2771 2771 D DCT : [0]NETWORK_STATE_CHANGED_ACTION: mIsWifiConnected=false
09-16 12:59:53.257 2771 2771 D DCT : [1]onReceive: action=android.net.wifi.STATE_CHANGE
09-16 12:59:53.257 2771 2771 D DCT : [1]NETWORK_STATE_CHANGED_ACTION: mIsWifiConnected=false
09-16 12:59:53.284 2771 2771 D DCT : [0]onReceive: action=android.net.wifi.STATE_CHANGE
09-16 12:59:53.284 2771 2771 D DCT : [0]NETWORK_STATE_CHANGED_ACTION: mIsWifiConnected=false
09-16 12:59:53.284 2771 2771 D DCT : [1]onReceive: action=android.net.wifi.STATE_CHANGE
09-16 12:59:53.284 2771 2771 D DCT : [1]NETWORK_STATE_CHANGED_ACTION: mIsWifiConnected=false
09-16 12:59:53.289 2771 2771 D DCT : [0]onReceive: action=android.net.wifi.STATE_CHANGE
09-16 12:59:53.289 2771 2771 D DCT : [0]NETWORK_STATE_CHANGED_ACTION: mIsWifiConnected=false
09-16 12:59:53.290 2771 2771 D DCT : [1]onReceive: action=android.net.wifi.STATE_CHANGE
09-16 12:59:53.290 2771 2771 D DCT : [1]NETWORK_STATE_CHANGED_ACTION: mIsWifiConnected=false
09-16 12:59:53.310 2771 2771 D DCT : [0]onReceive: action=android.net.wifi.STATE_CHANGE
09-16 12:59:53.310 2771 2771 D DCT : [0]NETWORK_STATE_CHANGED_ACTION: mIsWifiConnected=false
09-16 12:59:53.310 2771 2771 D DCT : [1]onReceive: action=android.net.wifi.STATE_CHANGE
09-16 12:59:53.310 2771 2771 D DCT : [1]NETWORK_STATE_CHANGED_ACTION: mIsWifiConnected=false
09-16 12:59:54.511 2771 2771 D DCT : [0]onReceive: action=android.net.wifi.STATE_CHANGE
09-16 12:59:54.512 2771 2771 D DCT : [0]NETWORK_STATE_CHANGED_ACTION: mIsWifiConnected=true
09-16 12:59:54.512 2771 2771 D DCT : [1]onReceive: action=android.net.wifi.STATE_CHANGE
09-16 12:59:54.512 2771 2771 D DCT : [1]NETWORK_STATE_CHANGED_ACTION: mIsWifiConnected=true
09-16 12:59:54.528 2771 2771 D DCT : [0]onReceive: action=android.net.wifi.STATE_CHANGE
09-16 12:59:54.529 2771 2771 D DCT : [0]NETWORK_STATE_CHANGED_ACTION: mIsWifiConnected=true
09-16 12:59:54.531 2771 2771 D DCT : [1]onReceive: action=android.net.wifi.STATE_CHANGE
09-16 12:59:54.531 2771 2771 D DCT : [1]NETWORK_STATE_CHANGED_ACTION: mIsWifiConnected=true
09-16 12:59:54.559 2771 9482 D SubscriptionController: [getActiveSubIdList] simInfoSet=[0=1]
09-16 12:59:54.559 2771 9482 D SubscriptionController: [getActiveSubIdList] X subIdArr.length=1
09-16 12:59:54.581 2771 3295 D SubscriptionController: [getActiveSubIdList] simInfoSet=[0=1]
09-16 12:59:54.581 2771 3295 D SubscriptionController: [getActiveSubIdList] X subIdArr.length=1
09-16 12:59:54.600 2771 4805 D SubscriptionController: [getActiveSubIdList] simInfoSet=[0=1]
09-16 12:59:54.600 2771 4805 D SubscriptionController: [getActiveSubIdList] X subIdArr.length=1
09-16 12:59:54.616 2771 26948 D SubscriptionController: [getActiveSubIdList] simInfoSet=[0=1]
09-16 12:59:54.616 2771 26948 D SubscriptionController: [getActiveSubIdList] X subIdArr.length=1
09-16 12:59:54.633 2771 3107 D SubscriptionController: [getActiveSubIdList] simInfoSet=[0=1]
09-16 12:59:54.633 2771 3107 D SubscriptionController: [getActiveSubIdList] X subIdArr.length=1
09-16 12:59:54.636 2771 9576 D DCT : [0]getDataEnabled: getIntWithSubId retVal=true
09-16 12:59:54.653 2771 3295 D SubscriptionController: [getActiveSubIdList] simInfoSet=[0=1]
09-16 12:59:54.653 2771 3295 D SubscriptionController: [getActiveSubIdList] X subIdArr.length=1
09-16 12:59:54.670 2771 3222 D SubscriptionController: [getActiveSubIdList] simInfoSet=[0=1]
09-16 12:59:54.670 2771 3222 D SubscriptionController: [getActiveSubIdList] X subIdArr.length=1
09-16 12:59:54.686 2771 2786 D SubscriptionController: [getActiveSubIdList] simInfoSet=[0=1]
09-16 12:59:54.686 2771 2786 D SubscriptionController: [getActiveSubIdList] X subIdArr.length=1
09-16 12:59:54.743 2771 3107 D DCT : [0]getDataEnabled: getIntWithSubId retVal=true
09-16 12:59:56.800 1771 8980 I RILR : CChannel::ProcessModemData() - INFO: chnl=[4] size=[91] RX [+XREG: 4, , , , , ,1,19+CREG: 1,"C6FE","00004C85",3,1,17+XREG: 4, , , , , ,1,19]
09-16 12:59:56.800 1771 8984 I RILR : CChannel::ProcessModemData() - INFO: chnl=[6] size=[6] RX [OK]
09-16 12:59:56.800 1771 8980 E RILR : CSilo_Network::ParseRegistrationStatus() - Second param is not an integer => URC
09-16 12:59:56.800 1771 8980 I RILR : CSilo_Network::ParseRegistrationStatus() - XREG paramcount=8 fUnsolicited=1
09-16 12:59:56.800 1771 8980 I RILR : [RIL STATE] GPRS REG STATUS = UNKNOWN RAT = RADIO_TECH_UNKNOWN
09-16 12:59:56.800 1771 8983 D RILC : C[locl]< SET_NETWORK_SELECTION_AUTOMATIC
09-16 12:59:56.800 1771 8980 I RILR : CChannel::ProcessResponse : chnl=[4] unsolicited notification resultcode=[1002]
09-16 12:59:56.800 1771 8983 I RILR : After OnRequestComplete(): token=0xf69c48e0, eErrNo=0, pResponse=[0x00000000], len=[0]
09-16 12:59:56.800 1771 8980 I RILR : RIL_onUnsolicitedResponse() - RIL_UNSOL_RESPONSE_VOICE_NETWORK_STATE_CHANGED
09-16 12:59:56.800 1771 8980 I RILR : RIL_onUnsolicitedResponse() - pData is NULL! id=1002
09-16 12:59:56.800 1771 8980 D RILC : [UNSL]< UNSOL_RESPONSE_VOICE_NETWORK_STATE_CHANGED
09-16 12:59:56.800 1771 8980 E RILR : CSilo_Network::ParseRegistrationStatus() - Second param is not an integer => URC
09-16 12:59:56.800 1771 8980 I RILR : CSilo_Network::ParseRegistrationStatus() - CREG paramcount=6 fUnsolicited=1
09-16 12:59:56.800 1771 8980 I RILR : [RIL STATE] REG STATUS = REGISTERED, HOME NETWORK RAT = RADIO_TECH_GSM
09-16 12:59:56.800 2771 2848 D RILJ : [UNSL]< UNSOL_RESPONSE_VOICE_NETWORK_STATE_CHANGED [SUB0]
09-16 12:59:56.800 1771 8980 I RILR : IsLTENetworkType() networkType=0(0)
09-16 12:59:56.800 1771 8980 I RILR : Calling gs_pRilEnv->RequestTimedCallback() sec=[1] usec=[0]
09-16 12:59:56.800 1771 8980 E RILR : CSilo_Network::ParseRegistrationStatus() - Second param is not an integer => URC
09-16 12:59:56.801 1771 8980 I RILR : CSilo_Network::ParseRegistrationStatus() - XREG paramcount=8 fUnsolicited=1
09-16 12:59:56.801 2771 2771 D RILJ : [4939]> OPERATOR [SUB0]
09-16 12:59:56.801 1771 8980 I RILR : CChannel::ProcessResponse : chnl=[4] Ignoring +XREG: 4, , , , , ,1,19
09-16 12:59:56.801 2771 2771 D RILJ : [4940]> DATA_REGISTRATION_STATE [SUB0]
09-16 12:59:56.802 1771 1789 D RILC : [31291]> OPERATOR
09-16 12:59:56.802 1771 1789 I RILR : onRequest() - id=22 token: 0xf69c4160
09-16 12:59:56.802 1771 1789 I RILR : CTE::HandleRequest() - id=22 token: 0xf69c4160
09-16 12:59:56.802 1771 1789 I RILR : CRequestInfoTable::GetRequestInfo() - RequestID 22: Timeout [100000]
09-16 12:59:56.802 1771 8977 I RILR : CChannel::SendCommand() - chnl=[3] RILReqID=[22] retries=[0] Timeout=[100000] cmd1=[AT+XCOPS=12;+XCOPS=11;+XCOPS=13;+XCOPS=9;+XCOPS=8] cmd2=[NULL]
09-16 12:59:56.802 1771 8977 I RILR : CChannelBase::WriteToPort() - INFO: chnl=[3] TX [AT+XCOPS=12;+XCOPS=11;+XCOPS=13;+XCOPS=9;+XCOPS=8]
09-16 12:59:56.803 2771 2771 D RILJ : [4941]> VOICE_REGISTRATION_STATE [SUB0]
09-16 12:59:56.803 1771 1789 D RILC : [31292]> DATA_REGISTRATION_STATE
09-16 12:59:56.803 1771 1789 I RILR : onRequest() - id=21 token: 0xf69c4860
09-16 12:59:56.803 1771 1789 I RILR : CTE::HandleRequest() - id=21 token: 0xf69c4860
09-16 12:59:56.803 1771 1789 I RILR : IsLTENetworkType() networkType=0(0)
09-16 12:59:56.803 1771 1789 I RILR : CTE::CopyCachedRegistrationInfo() - Copy XREG data
09-16 12:59:56.803 1771 1789 D RILC : [31292]< DATA_REGISTRATION_STATE {4,,,0,-1,5,0}
09-16 12:59:56.803 1771 1789 I RILR : After OnRequestComplete(): token=0xf69c4860, eErrNo=0, pResponse=[0xf6cf5dc0], len=[28]
09-16 12:59:56.803 2771 2771 D RILJ : [4942]> QUERY_NETWORK_SELECTION_MODE [SUB0]
09-16 12:59:56.804 1771 1789 D RILC : [31293]> VOICE_REGISTRATION_STATE
09-16 12:59:56.804 2771 2848 D RILJ : [4940]< DATA_REGISTRATION_STATE {4, , , 0, -1, 5, 0} [SUB0]
09-16 12:59:56.804 1771 1789 I RILR : onRequest() - id=20 token: 0xf69c4860
09-16 12:59:56.804 1771 1789 I RILR : CTE::HandleRequest() - id=20 token: 0xf69c4860
09-16 12:59:56.804 1771 1789 D RILC : [31293]< VOICE_REGISTRATION_STATE {1,c6fe,4c85,16,(null),(null),(null),(null),(null),(null),(null),(null),(null),0,(null),(null)}
09-16 12:59:56.804 1771 1789 I RILR : After OnRequestComplete(): token=0xf69c4860, eErrNo=0, pResponse=[0xf6cf5dc0], len=[64]
09-16 12:59:56.804 2771 2771 D PHONE : [ServiceState] setDataRegState=1
09-16 12:59:56.804 2771 2771 D PHONE : [ServiceState] setDataRadioTechnology=0
09-16 12:59:56.805 2771 2771 D GsmSST : [GsmSST] handlPollStateResultMessage: GsmSST setDataRegState=1 regState=4 dataRadioTechnology=0
09-16 12:59:56.805 2771 2848 D RILJ : [4941]< VOICE_REGISTRATION_STATE {1, c6fe, 4c85, 16, null, null, null, null, null, null, null, null, null, 0, null, null} [SUB0]
09-16 12:59:56.805 1771 1789 D RILC : [31294]> QUERY_NETWORK_SELECTION_MODE
09-16 12:59:56.805 1771 1789 I RILR : onRequest() - id=45 token: 0xf69c4860
09-16 12:59:56.805 1771 1789 I RILR : CTE::HandleRequest() - id=45 token: 0xf69c4860
09-16 12:59:56.805 2771 2771 D PHONE : [ServiceState] setVoiceRegState=0
09-16 12:59:56.805 1771 1789 I RILR : CRequestInfoTable::GetRequestInfo() - RequestID 45: Timeout [100000]
09-16 12:59:56.805 2771 2771 E PHONE : [ServiceState] setState deprecated use setVoiceRegState()
09-16 12:59:56.805 1771 8973 I RILR : CChannel::SendCommand() - chnl=[1] RILReqID=[45] retries=[0] Timeout=[100000] cmd1=[AT+COPS?] cmd2=[NULL]
09-16 12:59:56.805 1771 8973 I RILR : CChannelBase::WriteToPort() - INFO: chnl=[1] TX [AT+COPS?]
09-16 12:59:56.806 1771 8978 I RILR : CChannel::ProcessModemData() - INFO: chnl=[3] size=[70] RX [+XCOPS: 12,"o2 - de"+XCOPS: 11,"o2 - de"+XCOPS: 13,"26207"]
09-16 12:59:56.807 1771 8974 I RILR : CChannel::ProcessModemData() - INFO: chnl=[1] size=[32] RX [+COPS: 0,0,"o2 - de",0OK]
09-16 12:59:56.808 1771 8973 D RILC : [31294]< QUERY_NETWORK_SELECTION_MODE {0}
09-16 12:59:56.808 1771 8973 I RILR : After OnRequestComplete(): token=0xf69c4860, eErrNo=0, pResponse=[0xf730e5b0], len=[4]
09-16 12:59:56.808 2771 2848 D RILJ : [4942]< QUERY_NETWORK_SELECTION_MODE {0} [SUB0]
09-16 12:59:56.864 1771 8978 I RILR : CChannel::ProcessModemData() - INFO: chnl=[3] size=[28] RX [+XCOPS: 9,"MEDIONmobile"]
09-16 12:59:56.920 1771 8978 I RILR : CChannel::ProcessModemData() - INFO: chnl=[3] size=[29] RX [+XCOPS: 8,"o2 - de"OK]
09-16 12:59:56.920 1771 8977 D RILC : [31291]< OPERATOR {MEDIONmobile,o2 - de,26207}
09-16 12:59:56.920 1771 8977 I RILR : After OnRequestComplete(): token=0xf69c4160, eErrNo=0, pResponse=[0xf69dda00], len=[12]
09-16 12:59:56.921 2771 2848 D RILJ : [4939]< OPERATOR {MEDIONmobile, o2 - de, 26207} [SUB0]
09-16 12:59:56.924 2771 2771 D GsmSST : [GsmSST] Poll ServiceState done: oldSS=[1 1 voice home data home null null null null null null Unknown Unknown CSS not supported -1 -1 RoamInd=-1 DefRoamInd=-1 EmergOnly=false IsDataRoamingFromRegistration=false] newSS=[0 1 voice home data home MEDIONmobile o2 - de 26207 MEDIONmobile o2 - de 26207 GSM Unknown CSS not supported -1 -1 RoamInd=-1 DefRoamInd=-1 EmergOnly=false IsDataRoamingFromRegistration=false] oldMaxDataCalls=5 mNewMaxDataCalls=5 oldReasonDataDenied=-1 mNewReasonDataDenied=-1
09-16 12:59:56.924 2771 2771 D GsmSST : [GsmSST] RAT switched Unknown -> GSM at cell 19589
09-16 12:59:56.924 2771 2771 D PHONE : [ServiceState] setNullState=1
09-16 12:59:56.924 2771 2771 D PhoneProxy: [PhoneProxy] updatePhoneObject: radioTechnology=16
09-16 12:59:56.924 2771 2771 D GsmSST : [GsmSST] pollStateDone: registering current mNitzUpdatedTime=false changing to false
09-16 12:59:56.924 2771 2771 D SIMRecords: [SIMRecords] getServiceProviderName: no brandOverride
09-16 12:59:56.924 2771 2771 D SIMRecords: [SIMRecords] getServiceProviderName: providerName=MEDIONmobile
09-16 12:59:56.924 2771 2771 D SIMRecords: [SIMRecords] getServiceProviderName: no brandOverride
09-16 12:59:56.925 2771 2771 D SIMRecords: [SIMRecords] getServiceProviderName: providerName=MEDIONmobile
09-16 12:59:56.926 2771 2771 D GsmSST : [GsmSST] updateSpnDisplay: changed sending intent rule=1 showPlmn='false' plmn='MEDIONmobile' showSpn='true' spn='MEDIONmobile' dataSpn='MEDIONmobile' subId='1'
09-16 12:59:56.930 2771 2771 D SubscriptionController: [setCarrierText]+ text:MEDIONmobile subId:1
09-16 12:59:56.956 2771 2771 D SubscriptionController: notifySubscriptionInfoChanged:
09-16 12:59:56.958 2771 4805 D SubscriptionController: [getActiveSubInfoList]+
09-16 12:59:56.960 2771 4805 D SubscriptionController: selection:sim_id>=0 null
09-16 12:59:56.961 2771 26948 D SubscriptionController: [getActiveSubInfoList]+
09-16 12:59:56.962 2771 26948 D SubscriptionController: selection:sim_id>=0 null
09-16 12:59:56.963 2771 2771 D TelephonyManager: setTelephonyProperty: success phoneId=0 property=gsm.operator.alpha value: MEDIONmobile propVal=MEDIONmobile
09-16 12:59:56.964 2771 2771 D TelephonyManager: setTelephonyProperty: success phoneId=0 property=gsm.operator.numeric value: 26207 propVal=26207
09-16 12:59:56.965 2771 2771 D GsmSST : [GsmSST] update mccmnc=26207 fromServiceState=true
09-16 12:59:56.965 2771 3089 D SubscriptionController: [getActiveSubInfoList]+
09-16 12:59:56.967 2771 4805 D SubscriptionController: [getSubInfoRecord] id:1 iccid:894921004XXXXXXXXXXX simSlotIndex:0 displayName:MEDIONmobile nameSource:2 iconTint:-16746133 dataRoaming:0 mcc:262 mnc:3 countIso:de userNwMode:9
09-16 12:59:56.968 2771 26948 D SubscriptionController: [getSubInfoRecord] id:1 iccid:894921004XXXXXXXXXXX simSlotIndex:0 displayName:MEDIONmobile nameSource:2 iconTint:-16746133 dataRoaming:0 mcc:262 mnc:3 countIso:de userNwMode:9
09-16 12:59:56.968 2771 3089 D SubscriptionController: selection:sim_id>=0 null
09-16 12:59:56.969 2771 2771 D TelephonyManager: setTelephonyProperty: success phoneId=0 property=gsm.operator.iso-country value: de propVal=de
09-16 12:59:56.971 2771 2771 D GsmSST : [GsmSST] pollStateDone: no nitz but one TZ for iso-cc=de with zone.getID=Europe/Berlin testOneUniqueOffsetPath=false
09-16 12:59:56.971 2771 2771 D GsmSST : [GsmSST] setAndBroadcastNetworkSetTimeZone: setTimeZone=Europe/Berlin
09-16 12:59:56.974 2771 4805 D SubscriptionController: [getActiveSubInfoList]- 1 infos return
09-16 12:59:56.975 2771 2771 D GsmSST : [GsmSST] setAndBroadcastNetworkSetTimeZone: call alarm.setTimeZone and broadcast zoneId=Europe/Berlin
09-16 12:59:56.975 2771 2771 D GsmSST : [GsmSST] shouldFixTimeZoneNow: retVal=true iccCardExist=true operatorNumeric=26207 mcc=262 prevOperatorNumeric= prevMcc=263 needToFixTimeZone=false ltod=09-16 12:59:56.975
09-16 12:59:56.975 2771 2771 D GsmSST : [GsmSST] pollStateDone: fix time zone zoneName='Europe/Berlin' mZoneOffset=7200000 mZoneDst=true iso-cc='de' iso-cc-idx=-3
09-16 12:59:56.975 2771 2771 D GsmSST : [GsmSST] pollStateDone: using getTimeZone(off, dst, time, iso)
09-16 12:59:56.975 2771 2771 D GsmSST : [GsmSST] pollStateDone: zone != null zone.getID=Europe/Berlin
09-16 12:59:56.976 2771 2771 D GsmSST : [GsmSST] setAndBroadcastNetworkSetTimeZone: setTimeZone=Europe/Berlin
09-16 12:59:56.977 2771 26948 D SubscriptionController: [getActiveSubInfoList]- 1 infos return
09-16 12:59:56.978 2771 2783 D SubscriptionController: getSimStateForSlotIdx: simState=READY ordinal=5
09-16 12:59:56.978 2324 2324 D SubscriptionManager: getSimStateForSubscriber: simState=5 slotIdx=0
09-16 12:59:56.979 2771 2771 D GsmSST : [GsmSST] setAndBroadcastNetworkSetTimeZone: call alarm.setTimeZone and broadcast zoneId=Europe/Berlin
09-16 12:59:56.979 2771 2771 D TelephonyManager: setTelephonyProperty: success phoneId=0 property=gsm.operator.isroaming value: false propVal=false,false
09-16 12:59:56.980 2771 2771 D GsmSST : [GsmSST] Broadcasting ServiceState : 0 1 voice home data home MEDIONmobile o2 - de 26207 MEDIONmobile o2 - de 26207 GSM Unknown CSS not supported -1 -1 RoamInd=-1 DefRoamInd=-1 EmergOnly=false IsDataRoamingFromRegistration=false
09-16 12:59:56.980 2771 2771 D DefaultPhoneNotifier: nofityServiceState: mRegistry=com.android.internal.telephony.ITelephonyRegistry$Stub$Proxy@e7e294a ss=0 1 voice home data home MEDIONmobile o2 - de 26207 MEDIONmobile o2 - de 26207 GSM Unknown CSS not supported -1 -1 RoamInd=-1 DefRoamInd=-1 EmergOnly=false IsDataRoamingFromRegistration=false sender=Handler (com.android.internal.telephony.gsm.GSMPhone) {79c0554} phondId=0 subId=1
09-16 12:59:56.982 2771 3222 D SubscriptionController: [getSubId]- numSubIds == 0, return DummySubIds slotIdx=1
09-16 12:59:56.984 2771 2771 D SubscriptionController: getSimStateForSlotIdx: simState=READY ordinal=5
09-16 12:59:56.984 2089 2765 D SubscriptionManager: getSimStateForSubscriber: simState=5 slotIdx=0
09-16 12:59:56.984 2771 2771 D GsmSST : [GsmSST] getCellLocation(): X good mCellLoc=[50942,19589,-1]
09-16 12:59:56.984 2771 3089 D SubscriptionController: [getSubInfoRecord] id:1 iccid:894921004XXXXXXXXXXX simSlotIndex:0 displayName:MEDIONmobile nameSource:2 iconTint:-16746133 dataRoaming:0 mcc:262 mnc:3 countIso:de userNwMode:9
09-16 12:59:56.985 2089 2788 D TelephonyRegistry: notifyCellLocationForSubscriber: subId=1 cellLocation=Bundle[mParcelledData.dataSize=64]
09-16 12:59:56.990 2771 2771 D PhoneProxy: [PhoneProxy] phoneObjectUpdater: newVoiceRadioTech=16
09-16 12:59:56.990 2771 2771 D PhoneProxy: [PhoneProxy] phoneObjectUpdater: No change ignore, newVoiceRadioTech=16 mActivePhone=GSM
09-16 12:59:56.990 2771 2771 D GsmSST : [GsmSST] SubscriptionListener.onSubscriptionInfoChanged
09-16 12:59:56.990 2771 2771 D DCT : [0]SubscriptionListener.onSubscriptionInfoChanged
09-16 12:59:56.993 2771 26948 D SubscriptionController: [getActiveSubInfoList]+
09-16 12:59:56.993 2771 2771 D GsmSST : [GsmSST] SubscriptionListener.onSubscriptionInfoChanged
09-16 12:59:56.993 2771 26948 D SubscriptionController: selection:sim_id>=0 null
09-16 12:59:56.993 2771 2771 D SubscriptionController: [getSubId]- numSubIds == 0, return DummySubIds slotIdx=1
09-16 12:59:56.993 2771 2771 D DCT : [1]SubscriptionListener.onSubscriptionInfoChanged
09-16 12:59:56.993 2771 2771 D SubscriptionController: [getSubId]- numSubIds == 0, return DummySubIds slotIdx=1
09-16 12:59:56.994 2771 2771 D SubscriptionController: [getActiveSubInfoList]+
09-16 12:59:56.994 2771 2771 D SubscriptionController: selection:sim_id>=0 null
09-16 12:59:56.997 2771 26948 D SubscriptionController: [getSubInfoRecord] id:1 iccid:894921004XXXXXXXXXXX simSlotIndex:0 displayName:MEDIONmobile nameSource:2 iconTint:-16746133 dataRoaming:0 mcc:262 mnc:3 countIso:de userNwMode:9
09-16 12:59:57.000 2771 2771 D SubscriptionController: [getSubInfoRecord] id:1 iccid:894921004XXXXXXXXXXX simSlotIndex:0 displayName:MEDIONmobile nameSource:2 iconTint:-16746133 dataRoaming:0 mcc:262 mnc:3 countIso:de userNwMode:9
09-16 12:59:57.002 2771 2771 D SubscriptionController: [getActiveSubInfoList]- 1 infos return
09-16 12:59:57.003 2771 2771 E PhoneBase: Error! unregisterForCallWaiting() in PhoneBase should not be called, CDMAPhone inactive.
09-16 12:59:57.008 2771 26948 D SubscriptionController: [getActiveSubInfoList]- 1 infos return
09-16 12:59:57.008 2771 26948 D SubscriptionController: [getActiveSubInfoForSubscriber]+ subId=1 subInfo={id=1, iccId=894921004XXXXXXXXXXX simSlotIndex=0 displayName=MEDIONmobile carrierName=MEDIONmobile nameSource=2 iconTint=-16746133 dataRoaming=0 iconBitmap=android.graphics.Bitmap@26f7291 mcc 262 mnc 3 mUserNwMode=9}
09-16 12:59:57.009 2771 2771 D SubscriptionController: [getActiveSubInfoList]+
09-16 12:59:57.010 2771 2771 D SubscriptionController: selection:sim_id>=0 null
09-16 12:59:57.015 2771 2771 D SubscriptionController: [getSubInfoRecord] id:1 iccid:894921004XXXXXXXXXXX simSlotIndex:0 displayName:MEDIONmobile nameSource:2 iconTint:-16746133 dataRoaming:0 mcc:262 mnc:3 countIso:de userNwMode:9
09-16 12:59:57.019 2771 3089 D SubscriptionController: [getActiveSubInfoList]- 1 infos return
09-16 12:59:57.019 2771 3107 D SubscriptionController: getSubscriptionProperty Query value = 1
09-16 12:59:57.020 2771 2771 D SubscriptionController: [getActiveSubInfoList]- 1 infos return
09-16 12:59:57.020 2771 2771 D SubscriptionController: [getActiveSubInfoForSubscriber]+ subId=1 subInfo={id=1, iccId=894921004XXXXXXXXXXX simSlotIndex=0 displayName=MEDIONmobile carrierName=MEDIONmobile nameSource=2 iconTint=-16746133 dataRoaming=0 iconBitmap=android.graphics.Bitmap@3f4df7 mcc 262 mnc 3 mUserNwMode=9}
09-16 12:59:57.024 2771 2771 D SubscriptionController: [getActiveSubInfoList]+
09-16 12:59:57.025 2771 2771 D SubscriptionController: selection:sim_id>=0 null
09-16 12:59:57.029 2771 2771 D SubscriptionController: [getSubInfoRecord] id:1 iccid:894921004XXXXXXXXXXX simSlotIndex:0 displayName:MEDIONmobile nameSource:2 iconTint:-16746133 dataRoaming:0 mcc:262 mnc:3 countIso:de userNwMode:9
09-16 12:59:57.032 2771 26948 D SubscriptionController: getSubscriptionProperty Query value = 0
09-16 12:59:57.032 2771 2771 D SubscriptionController: [getActiveSubInfoList]- 1 infos return
09-16 12:59:57.032 2771 2771 D SubscriptionController: [getActiveSubInfoForSubscriber]+ subId=1 subInfo={id=1, iccId=894921004XXXXXXXXXXX simSlotIndex=0 displayName=MEDIONmobile carrierName=MEDIONmobile nameSource=2 iconTint=-16746133 dataRoaming=0 iconBitmap=android.graphics.Bitmap@707a6cd mcc 262 mnc 3 mUserNwMode=9}
09-16 12:59:57.037 2771 9576 D SubscriptionController: getSubscriptionProperty Query value = 1
09-16 12:59:57.043 2771 9806 D SubscriptionController: getSubscriptionProperty Query value = 1
09-16 12:59:57.047 2771 3089 D SubscriptionController: getSubscriptionProperty Query value = 1
09-16 12:59:57.051 2771 3107 D SubscriptionController: getSubscriptionProperty Query value = 0
09-16 12:59:57.073 2771 2771 E PhoneBase: Error! registerForCallWaiting() in PhoneBase should not be called, CDMAPhone inactive.
09-16 12:59:57.077 2771 20292 D PhoneFactory: SMS Prompt option:false
09-16 12:59:57.077 2771 2771 D SubscriptionController: [getSubId]- numSubIds == 0, return DummySubIds slotIdx=1
09-16 12:59:57.078 2771 20292 D SubscriptionController: [getActiveSubInfoList]+
09-16 12:59:57.079 2771 20292 D SubscriptionController: selection:sim_id>=0 null
09-16 12:59:57.083 2771 20292 D SubscriptionController: [getSubInfoRecord] id:1 iccid:894921004XXXXXXXXXXX simSlotIndex:0 displayName:MEDIONmobile nameSource:2 iconTint:-16746133 dataRoaming:0 mcc:262 mnc:3 countIso:de userNwMode:9
09-16 12:59:57.087 2771 20292 D SubscriptionController: [getActiveSubInfoList]- 1 infos return
09-16 12:59:57.089 2771 20292 D RILJ : [4943]> RIL_REQUEST_GSM_BROADCAST_ACTIVATION [SUB0]
09-16 12:59:57.089 2771 2771 E PhoneBase: Error! unregisterForCallWaiting() in PhoneBase should not be called, CDMAPhone inactive.
09-16 12:59:57.090 1771 1789 D RILC : [31295]> RIL_REQUEST_GSM_SMS_BROADCAST_ACTIVATION (0)
09-16 12:59:57.090 1771 1789 I RILR : onRequest() - id=91 token: 0xf69c48a0
09-16 12:59:57.090 1771 1789 I RILR : CTE::HandleRequest() - id=91 token: 0xf69c48a0
09-16 12:59:57.090 1771 1789 I RILR : Calling gs_pRilEnv->RequestTimedCallback() sec=[0] usec=[100000]
09-16 12:59:57.090 1771 1789 D RILC : [31295]< RIL_REQUEST_GSM_SMS_BROADCAST_ACTIVATION
09-16 12:59:57.090 1771 1789 I RILR : After OnRequestComplete(): token=0xf69c48a0, eErrNo=0, pResponse=[0x00000000], len=[0]
09-16 12:59:57.091 2771 2848 D RILJ : [4943]< RIL_REQUEST_GSM_BROADCAST_ACTIVATION [SUB0]
09-16 12:59:57.091 2771 9635 D SubscriptionController: [getActiveSubInfoList]+
09-16 12:59:57.091 2771 9635 D SubscriptionController: selection:sim_id>=0 null
09-16 12:59:57.092 2771 2771 D SubscriptionController: [getActiveSubInfoList]+
09-16 12:59:57.092 2771 2771 D SubscriptionController: selection:sim_id>=0 null
09-16 12:59:57.095 2771 9635 D SubscriptionController: [getSubInfoRecord] id:1 iccid:894921004XXXXXXXXXXX simSlotIndex:0 displayName:MEDIONmobile nameSource:2 iconTint:-16746133 dataRoaming:0 mcc:262 mnc:3 countIso:de userNwMode:9
09-16 12:59:57.096 2771 2771 D SubscriptionController: [getSubInfoRecord] id:1 iccid:894921004XXXXXXXXXXX simSlotIndex:0 displayName:MEDIONmobile nameSource:2 iconTint:-16746133 dataRoaming:0 mcc:262 mnc:3 countIso:de userNwMode:9
09-16 12:59:57.099 2771 9635 D SubscriptionController: [getActiveSubInfoList]- 1 infos return
09-16 12:59:57.099 2771 2771 D SubscriptionController: [getActiveSubInfoList]- 1 infos return
09-16 12:59:57.100 2771 2771 D SubscriptionController: [getActiveSubInfoForSubscriber]+ subId=1 subInfo={id=1, iccId=894921004XXXXXXXXXXX simSlotIndex=0 displayName=MEDIONmobile carrierName=MEDIONmobile nameSource=2 iconTint=-16746133 dataRoaming=0 iconBitmap=android.graphics.Bitmap@16c04ef mcc 262 mnc 3 mUserNwMode=9}
09-16 12:59:57.102 2771 2771 D SubscriptionController: [getActiveSubInfoList]+
09-16 12:59:57.103 2771 2771 D SubscriptionController: selection:sim_id>=0 null
09-16 12:59:57.108 2771 2771 D SubscriptionController: [getSubInfoRecord] id:1 iccid:894921004XXXXXXXXXXX simSlotIndex:0 displayName:MEDIONmobile nameSource:2 iconTint:-16746133 dataRoaming:0 mcc:262 mnc:3 countIso:de userNwMode:9
09-16 12:59:57.111 2771 2771 D SubscriptionController: [getActiveSubInfoList]- 1 infos return
09-16 12:59:57.111 2771 2771 D SubscriptionController: [getActiveSubInfoForSubscriber]+ subId=1 subInfo={id=1, iccId=894921004XXXXXXXXXXX simSlotIndex=0 displayName=MEDIONmobile carrierName=MEDIONmobile nameSource=2 iconTint=-16746133 dataRoaming=0 iconBitmap=android.graphics.Bitmap@15fe285 mcc 262 mnc 3 mUserNwMode=9}
09-16 12:59:57.147 2771 2771 E PhoneBase: Error! registerForCallWaiting() in PhoneBase should not be called, CDMAPhone inactive.
09-16 12:59:57.153 2771 2771 D SubscriptionController: [getSubId]- numSubIds == 0, return DummySubIds slotIdx=1
09-16 12:59:57.163 2771 2771 D DctController: handleMessage msg={ when=-170ms what=107 target=com.android.internal.telephony.dataconnection.DctController }
09-16 12:59:57.163 2771 2771 D DctController: onSubInfoReady mPhoneNum=2
09-16 12:59:57.163 2771 2771 D DctController: onSubInfoReady handle pending requests subId=1
09-16 12:59:57.163 2771 2771 D DctController: [TNF 1]evalPendingRequest, pending request size is 0
09-16 12:59:57.163 2771 2771 D SubscriptionController: [getSubId]- numSubIds == 0, return DummySubIds slotIdx=1
09-16 12:59:57.163 2771 2771 D DctController: onSubInfoReady handle pending requests subId=-3
09-16 12:59:57.163 2771 2771 D DctController: onSubInfoReady: SIM card absent on phoneId = 1
09-16 12:59:57.163 2771 2771 D SubscriptionController: [getSubId]- numSubIds == 0, return DummySubIds slotIdx=1
09-16 12:59:57.163 2771 2771 D DctController: [TNF -3]evalPendingRequest, pending request size is 1
09-16 12:59:57.163 2771 2771 D SubscriptionController: [getSubId]- numSubIds == 0, return DummySubIds slotIdx=1
09-16 12:59:57.163 2771 2771 D DctController: [TNF -3]evalPendingRequest: request = NetworkRequest [ id=1, legacyType=-1, [ Capabilities: INTERNET&NOT_RESTRICTED&TRUSTED&NOT_VPN] ]
09-16 12:59:57.164 2771 2771 D SubscriptionController: [getSubId]- numSubIds == 0, return DummySubIds slotIdx=1
09-16 12:59:57.164 2771 2771 D DctController: [TNF -3]Cellular needs Network for NetworkRequest [ id=1, legacyType=-1, [ Capabilities: INTERNET&NOT_RESTRICTED&TRUSTED&NOT_VPN] ]
09-16 12:59:57.164 2771 2771 D SubscriptionController: [getSubId]- numSubIds == 0, return DummySubIds slotIdx=1
09-16 12:59:57.164 2771 2771 D SubscriptionController: [getSubId]- numSubIds == 0, return DummySubIds slotIdx=1
09-16 12:59:57.164 2771 2771 D DctController: [TNF -3]Request not useable, pending request.
09-16 12:59:57.164 2771 2771 D DctController: processRequests
09-16 12:59:57.191 1771 1789 I RILR : CTE_XMM7160::CoreGsmSmsBroadcastActivation() - fBcActivate=[0]
09-16 12:59:57.191 1771 1789 I RILR : CRequestInfoTable::GetRequestInfo() - RequestID 91: Timeout [10000]
09-16 12:59:57.191 1771 8987 I RILR : CChannel::SendCommand() - chnl=[8] RILReqID=[91] retries=[1] Timeout=[10000] cmd1=[AT+CSCB=0,"4370-4379,4383","0-255,0-255"] cmd2=[NULL]
09-16 12:59:57.191 1771 8987 I RILR : CChannelBase::WriteToPort() - INFO: chnl=[8] TX [AT+CSCB=0,"4370-4379,4383","0-255,0-255"]
09-16 12:59:57.194 1771 8988 I RILR : CChannel::ProcessModemData() - INFO: chnl=[8] size=[6] RX [OK]
09-16 12:59:57.195 1771 8987 I RILR : CTE::PostCmdHandlerCompleteRequest() RilToken NULL - May be internal request, RequestID: 91
09-16 12:59:57.195 2771 9482 D PhoneFactory: SMS Prompt option:false
09-16 12:59:57.195 2771 9482 D SubscriptionController: [getActiveSubInfoList]+
09-16 12:59:57.196 2771 9482 D SubscriptionController: selection:sim_id>=0 null
09-16 12:59:57.199 2771 9482 D SubscriptionController: [getSubInfoRecord] id:1 iccid:894921004XXXXXXXXXXX simSlotIndex:0 displayName:MEDIONmobile nameSource:2 iconTint:-16746133 dataRoaming:0 mcc:262 mnc:3 countIso:de userNwMode:9
09-16 12:59:57.202 2771 9482 D SubscriptionController: [getActiveSubInfoList]- 1 infos return
09-16 12:59:57.203 2771 3295 D RILJ : [4944]> RIL_REQUEST_GSM_BROADCAST_ACTIVATION [SUB0]
09-16 12:59:57.204 1771 1789 D RILC : [31296]> RIL_REQUEST_GSM_SMS_BROADCAST_ACTIVATION (0)
09-16 12:59:57.204 1771 1789 I RILR : onRequest() - id=91 token: 0xf69c48a0
09-16 12:59:57.204 1771 1789 I RILR : CTE::HandleRequest() - id=91 token: 0xf69c48a0
09-16 12:59:57.204 1771 1789 I RILR : Calling gs_pRilEnv->RequestTimedCallback() sec=[0] usec=[100000]
09-16 12:59:57.204 1771 1789 D RILC : [31296]< RIL_REQUEST_GSM_SMS_BROADCAST_ACTIVATION
09-16 12:59:57.204 1771 1789 I RILR : After OnRequestComplete(): token=0xf69c48a0, eErrNo=0, pResponse=[0x00000000], len=[0]
09-16 12:59:57.204 2771 2848 D RILJ : [4944]< RIL_REQUEST_GSM_BROADCAST_ACTIVATION [SUB0]
09-16 12:59:57.231 2771 2771 D DctController: handleMessage msg={ when=-67ms what=100 target=com.android.internal.telephony.dataconnection.DctController }
09-16 12:59:57.232 2771 2771 D DcSwitchAsyncChannel: [DcSwitchAsyncChannel-0]: rspIsIdle=false
09-16 12:59:57.232 2771 2771 D DctController: getTopPriorityRequestPhoneId requestInfo=[ request=NetworkRequest [ id=1, legacyType=-1, [ Capabilities: INTERNET&NOT_RESTRICTED&TRUSTED&NOT_VPN] ], executedPhoneId=-1, priority=0]
09-16 12:59:57.232 2771 2771 D DcSwitchAsyncChannel: [DcSwitchAsyncChannel-0]: rspIsIdle=false
09-16 12:59:57.232 2771 2771 D DctController: onProcessRequest requestedPhoneId=0, activePhoneId=0
09-16 12:59:57.232 2771 2979 D DcSwitchSM: [DcSwitchStateMachine-0] AttachingState: REQ_CONNECT, apnRequest=[ request=NetworkRequest [ id=1, legacyType=-1, [ Capabilities: INTERNET&NOT_RESTRICTED&TRUSTED&NOT_VPN] ], executedPhoneId=-1, priority=0]
09-16 12:59:57.237 2771 4805 D PhoneFactory: SMS Prompt option:false
09-16 12:59:57.237 2771 4805 D SubscriptionController: [getActiveSubInfoList]+
09-16 12:59:57.237 2771 4805 D SubscriptionController: selection:sim_id>=0 null
09-16 12:59:57.240 2771 4805 D SubscriptionController: [getSubInfoRecord] id:1 iccid:894921004XXXXXXXXXXX simSlotIndex:0 displayName:MEDIONmobile nameSource:2 iconTint:-16746133 dataRoaming:0 mcc:262 mnc:3 countIso:de userNwMode:9
09-16 12:59:57.244 2771 4805 D SubscriptionController: [getActiveSubInfoList]- 1 infos return
09-16 12:59:57.245 2771 2783 D RILJ : [4945]> RIL_REQUEST_GSM_BROADCAST_ACTIVATION [SUB0]
09-16 12:59:57.246 1771 1789 D RILC : [31297]> RIL_REQUEST_GSM_SMS_BROADCAST_ACTIVATION (0)
09-16 12:59:57.246 1771 1789 I RILR : onRequest() - id=91 token: 0xf69c48a0
09-16 12:59:57.246 1771 1789 I RILR : CTE::HandleRequest() - id=91 token: 0xf69c48a0
09-16 12:59:57.246 1771 1789 D RILC : [31297]< RIL_REQUEST_GSM_SMS_BROADCAST_ACTIVATION
09-16 12:59:57.246 1771 1789 I RILR : After OnRequestComplete(): token=0xf69c48a0, eErrNo=0, pResponse=[0x00000000], len=[0]
09-16 12:59:57.246 2771 2848 D RILJ : [4945]< RIL_REQUEST_GSM_BROADCAST_ACTIVATION [SUB0]
09-16 12:59:57.250 2771 26948 D PhoneFactory: SMS Prompt option:false
09-16 12:59:57.250 2771 26948 D SubscriptionController: [getActiveSubInfoList]+
09-16 12:59:57.250 2771 26948 D SubscriptionController: selection:sim_id>=0 null
09-16 12:59:57.253 2771 26948 D SubscriptionController: [getSubInfoRecord] id:1 iccid:894921004XXXXXXXXXXX simSlotIndex:0 displayName:MEDIONmobile nameSource:2 iconTint:-16746133 dataRoaming:0 mcc:262 mnc:3 countIso:de userNwMode:9
09-16 12:59:57.255 2771 26948 D SubscriptionController: [getActiveSubInfoList]- 1 infos return
09-16 12:59:57.256 2771 9576 D RILJ : [4946]> RIL_REQUEST_CDMA_SET_BROADCAST_CONFIG with 1 configs : [SUB0]
09-16 12:59:57.256 2771 9576 D RILJ : CdmaSmsBroadcastConfigInfo: Id [4097, 4097] ENABLED [SUB0]
09-16 12:59:57.257 1771 1789 I RILR : onRequest() - id=93 token: 0xf69c4920
09-16 12:59:57.257 1771 1789 I RILR : CTE::HandleRequest() - id=93 token: 0xf69c4920
09-16 12:59:57.257 1771 1789 D RILC : [31298]< CDMA_SET_BROADCAST_SMS_CONFIG fails by E_REQUEST_NOT_SUPPORTED
09-16 12:59:57.257 1771 1789 I RILR : After OnRequestComplete(): token=0xf69c4920, eErrNo=6, pResponse=[0x00000000], len=[0]
09-16 12:59:57.257 2771 2848 D RilRequest: [4946]< RIL_REQUEST_CDMA_SET_BROADCAST_CONFIG error: com.android.internal.telephony.CommandException: REQUEST_NOT_SUPPORTED ret=
09-16 12:59:57.262 2771 9806 D PhoneFactory: SMS Prompt option:false
09-16 12:59:57.262 2771 9806 D SubscriptionController: [getActiveSubInfoList]+
09-16 12:59:57.263 2771 9806 D SubscriptionController: selection:sim_id>=0 null
09-16 12:59:57.266 2771 9806 D SubscriptionController: [getSubInfoRecord] id:1 iccid:894921004XXXXXXXXXXX simSlotIndex:0 displayName:MEDIONmobile nameSource:2 iconTint:-16746133 dataRoaming:0 mcc:262 mnc:3 countIso:de userNwMode:9
09-16 12:59:57.269 2771 9806 D SubscriptionController: [getActiveSubInfoList]- 1 infos return
09-16 12:59:57.270 2771 3089 D RILJ : [4947]> RIL_REQUEST_GSM_BROADCAST_ACTIVATION [SUB0]
09-16 12:59:57.272 1771 1789 D RILC : [31299]> RIL_REQUEST_GSM_SMS_BROADCAST_ACTIVATION (0)
09-16 12:59:57.272 1771 1789 I RILR : onRequest() - id=91 token: 0xf69c48a0
09-16 12:59:57.272 1771 1789 I RILR : CTE::HandleRequest() - id=91 token: 0xf69c48a0
09-16 12:59:57.272 1771 1789 D RILC : [31299]< RIL_REQUEST_GSM_SMS_BROADCAST_ACTIVATION
09-16 12:59:57.272 1771 1789 I RILR : After OnRequestComplete(): token=0xf69c48a0, eErrNo=0, pResponse=[0x00000000], len=[0]
09-16 12:59:57.272 2771 2848 D RILJ : [4947]< RIL_REQUEST_GSM_BROADCAST_ACTIVATION [SUB0]
09-16 12:59:57.277 2771 3107 D PhoneFactory: SMS Prompt option:false
09-16 12:59:57.277 2771 3107 D SubscriptionController: [getActiveSubInfoList]+
09-16 12:59:57.278 2771 3107 D SubscriptionController: selection:sim_id>=0 null
09-16 12:59:57.282 2771 3107 D SubscriptionController: [getSubInfoRecord] id:1 iccid:894921004XXXXXXXXXXX simSlotIndex:0 displayName:MEDIONmobile nameSource:2 iconTint:-16746133 dataRoaming:0 mcc:262 mnc:3 countIso:de userNwMode:9
09-16 12:59:57.284 2771 3107 D SubscriptionController: [getActiveSubInfoList]- 1 infos return
09-16 12:59:57.285 2771 3222 D RILJ : [4948]> RIL_REQUEST_CDMA_SET_BROADCAST_CONFIG with 1 configs : [SUB0]
09-16 12:59:57.285 2771 3222 D RILJ : CdmaSmsBroadcastConfigInfo: Id [4098, 4098] ENABLED [SUB0]
09-16 12:59:57.286 1771 1789 I RILR : onRequest() - id=93 token: 0xf69c4920
09-16 12:59:57.286 1771 1789 I RILR : CTE::HandleRequest() - id=93 token: 0xf69c4920
09-16 12:59:57.286 1771 1789 D RILC : [31300]< CDMA_SET_BROADCAST_SMS_CONFIG fails by E_REQUEST_NOT_SUPPORTED
09-16 12:59:57.286 1771 1789 I RILR : After OnRequestComplete(): token=0xf69c4920, eErrNo=6, pResponse=[0x00000000], len=[0]
09-16 12:59:57.287 2771 2848 D RilRequest: [4948]< RIL_REQUEST_CDMA_SET_BROADCAST_CONFIG error: com.android.internal.telephony.CommandException: REQUEST_NOT_SUPPORTED ret=
09-16 12:59:57.291 2771 2786 D PhoneFactory: SMS Prompt option:false
09-16 12:59:57.291 2771 2786 D SubscriptionController: [getActiveSubInfoList]+
09-16 12:59:57.292 2771 2786 D SubscriptionController: selection:sim_id>=0 null
09-16 12:59:57.295 2771 2786 D SubscriptionController: [getSubInfoRecord] id:1 iccid:894921004XXXXXXXXXXX simSlotIndex:0 displayName:MEDIONmobile nameSource:2 iconTint:-16746133 dataRoaming:0 mcc:262 mnc:3 countIso:de userNwMode:9
09-16 12:59:57.297 2771 2786 D SubscriptionController: [getActiveSubInfoList]- 1 infos return
09-16 12:59:57.299 2771 20292 D RILJ : [4949]> RIL_REQUEST_GSM_BROADCAST_ACTIVATION [SUB0]
09-16 12:59:57.300 1771 1789 D RILC : [31301]> RIL_REQUEST_GSM_SMS_BROADCAST_ACTIVATION (0)
09-16 12:59:57.300 1771 1789 I RILR : onRequest() - id=91 token: 0xf69c48a0
09-16 12:59:57.300 1771 1789 I RILR : CTE::HandleRequest() - id=91 token: 0xf69c48a0
09-16 12:59:57.300 1771 1789 D RILC : [31301]< RIL_REQUEST_GSM_SMS_BROADCAST_ACTIVATION
09-16 12:59:57.301 1771 1789 I RILR : After OnRequestComplete(): token=0xf69c48a0, eErrNo=0, pResponse=[0x00000000], len=[0]
09-16 12:59:57.301 2771 2848 D RILJ : [4949]< RIL_REQUEST_GSM_BROADCAST_ACTIVATION [SUB0]
09-16 12:59:57.304 1771 1789 I RILR : CTE_XMM7160::CoreGsmSmsBroadcastActivation() - fBcActivate=[0]
09-16 12:59:57.304 1771 1789 I RILR : CRequestInfoTable::GetRequestInfo() - RequestID 91: Timeout [10000]
09-16 12:59:57.305 1771 8987 I RILR : CChannel::SendCommand() - chnl=[8] RILReqID=[91] retries=[1] Timeout=[10000] cmd1=[AT+CSCB=0,"4370-4379,4383","0-255,0-255"] cmd2=[NULL]
09-16 12:59:57.305 1771 8987 I RILR : CChannelBase::WriteToPort() - INFO: chnl=[8] TX [AT+CSCB=0,"4370-4379,4383","0-255,0-255"]
09-16 12:59:57.305 2771 9482 D PhoneFactory: SMS Prompt option:false
09-16 12:59:57.306 2771 9482 D SubscriptionController: [getActiveSubInfoList]+
09-16 12:59:57.306 2771 9482 D SubscriptionController: selection:sim_id>=0 null
09-16 12:59:57.308 1771 8988 I RILR : CChannel::ProcessModemData() - INFO: chnl=[8] size=[6] RX [OK]
09-16 12:59:57.309 1771 8987 I RILR : CTE::PostCmdHandlerCompleteRequest() RilToken NULL - May be internal request, RequestID: 91
09-16 12:59:57.310 2771 9482 D SubscriptionController: [getSubInfoRecord] id:1 iccid:894921004XXXXXXXXXXX simSlotIndex:0 displayName:MEDIONmobile nameSource:2 iconTint:-16746133 dataRoaming:0 mcc:262 mnc:3 countIso:de userNwMode:9
09-16 12:59:57.314 2771 9482 D SubscriptionController: [getActiveSubInfoList]- 1 infos return
